{"id":5405,"date":"2021-08-05T10:23:20","date_gmt":"2021-08-05T10:23:20","guid":{"rendered":"https:\/\/dibenedettoproductions.com\/?page_id=5405"},"modified":"2021-08-31T14:22:02","modified_gmt":"2021-08-31T14:22:02","slug":"nuestra-historia","status":"publish","type":"page","link":"https:\/\/dibenedettoproductions.com\/?page_id=5405&lang=es","title":{"rendered":"Nuestra historia"},"content":{"rendered":"\t\t<div data-elementor-type=\"wp-page\" data-elementor-id=\"5405\" class=\"elementor elementor-5405\" data-elementor-settings=\"[]\">\n\t\t\t\t\t\t<div class=\"elementor-inner\">\n\t\t\t\t\t\t\t<div class=\"elementor-section-wrap\">\n\t\t\t\t\t\t\t<section class=\"elementor-section elementor-top-section elementor-element elementor-element-a85469f elementor-section-boxed elementor-section-height-default elementor-section-height-default\" data-id=\"a85469f\" data-element_type=\"section\">\n\t\t\t\t\t\t<div class=\"elementor-container elementor-column-gap-default\">\n\t\t\t\t\t\t\t<div class=\"elementor-row\">\n\t\t\t\t\t<div class=\"elementor-column elementor-col-100 elementor-top-column elementor-element elementor-element-5016779\" data-id=\"5016779\" data-element_type=\"column\">\n\t\t\t<div class=\"elementor-column-wrap elementor-element-populated\">\n\t\t\t\t\t\t\t<div class=\"elementor-widget-wrap\">\n\t\t\t\t\t\t<div class=\"elementor-element elementor-element-cfe45c9 elementor-widget elementor-widget-text-editor\" data-id=\"cfe45c9\" data-element_type=\"widget\" data-widget_type=\"text-editor.default\">\n\t\t\t\t<div class=\"elementor-widget-container\">\n\t\t\t\t\t\t\t\t<div class=\"elementor-text-editor elementor-clearfix\">\n\t\t\t\t<p>DI BENEDETTO PRODUCTIONS fue creada en 2015 por el productor VITTORIO DI BENEDETTO, y en poco tiempo se ha convertido en un punto de referencia para muchos artistas centroamericanos. Di Benedetto Productions est\u00e1 presente actualmente en La Habana (Cuba) con una sucursal. El se\u00f1or Jorge Luis Su\u00e1rez V\u00e1squez (Pipo) es el representante designado por el mismo. Tambi\u00e9n contamos con una oficina en M\u00e9xico precisamente en CANCUN, cuyo gerente en todo el territorio es el Sr. OMAR NAVARRETE. Persona de extrema confianza decisiva para las relaciones p\u00fablicas y las relaciones directas entre artistas, productores y promotores locales. DBP es una compa\u00f1\u00eda discogr\u00e1fica con oficinas y \/ u operadores en Bari, La Habana (Cuba), Miami (Florida) en continua expansi\u00f3n. La compa\u00f1\u00eda discogr\u00e1fica utiliza una red de distribuci\u00f3n digital mundial. Cuenta con colaboraciones con los productores m\u00e1s relevantes del g\u00e9nero urbano cubano, nombres como DJ UNIC, DJ CONDS, OSMANI ESPINOSA. El Productor, con una fuerte pasi\u00f3n por Cuba y la cultura cubana, se acerca al mundo de la m\u00fasica urbana cubana, y en 2015 crea las PRODUCCIONES DI BENEDETTO, comenzando a invitar a artistas cubanos de considerable profundidad a Europa, organizando conciertos y reportando resultados notables. Esto le permiti\u00f3 al mencionado adentrarse en el mundo de la m\u00fasica urbana cubana y profundizar sus estudios en el sector. Impulsado y motivado por la primera artista contratada AMILKELE EL MINISTRO, (mayo de 2017) decide enfocarse en la producci\u00f3n, nuevamente disfrutando de cierto \u00e9xito, especialmente con la canci\u00f3n \u201cLa pasion\u201d que en poco tiempo alcanza casi un mill\u00f3n de visitas en YouTube. . La pasion, es una canci\u00f3n cantada y escrita por varios artistas, entre los que el productor carlos manuel broche, alias \u201cENZO LA MELODIA SECRETA\u201d, que firma con el DBP 28\/08\/2107, despierta un gran inter\u00e9s por su asombrosa capacidad de canto. la carrera de este \u00faltimo comienza con el pie en el acelerador, la primera canci\u00f3n supera el mill\u00f3n de reproducciones y actualmente est\u00e1 cerca de 2, siguiendo esto muchos cantantes del g\u00e9nero de primera l\u00ednea, muestran inter\u00e9s en querer grabar canciones en colaboraci\u00f3n con \u00e9l, entre ellos, el cantante de renombre internacional OSMANI GARCIA, con quien el DBP lanza la canci\u00f3n \u201cpor tu life remix\u201d remix de una versi\u00f3n lanzada previamente por ENZO, tambi\u00e9n un gran \u00e9xito. Actualmente, despu\u00e9s de solo dos a\u00f1os, Enzo tiene m\u00e1s de 100 producciones de audio y 50 videoclips.<\/p><p>Vittorio, entusiasmado con el resultado obtenido y obligado por el aumento de trabajo, comenz\u00f3 a ampliar su plantilla con un Director (Nicola De Bari) responsable de todas las relaciones burocr\u00e1ticas y p\u00fablicas. Actualmente la Directora Nicola De Bari, representa una piedra angular de la discogr\u00e1fica adem\u00e1s de ser el brazo derecho del productor as\u00ed como una persona de extrema confianza. Para confirmarlo, fue la presentaci\u00f3n por parte de De BARI de un nuevo artista, el Sr. LEDUAR RAUDEL, una de las voces m\u00e1s bellas del mundo de la m\u00fasica urbana cubana presume de \u00e9xitos como: BANDOLERO, ya no hablamos. Pero el DBP ciertamente no se detiene aqu\u00ed, el 06\/05\/2019 contrata un d\u00fao, tambi\u00e9n con sorprendente habilidad, (Los Yakuza), tambi\u00e9n esta vez el DBP nos ve bien, produce con las mencionadas solo 3 canciones, que juntas superar el mill\u00f3n de visitas. No hace falta decir que hay nuevos proyectos en tr\u00e1mite.<\/p>\t\t\t\t\t<\/div>\n\t\t\t\t\t\t<\/div>\n\t\t\t\t<\/div>\n\t\t\t\t\t\t<\/div>\n\t\t\t\t\t<\/div>\n\t\t<\/div>\n\t\t\t\t\t\t\t\t<\/div>\n\t\t\t\t\t<\/div>\n\t\t<\/section>\n\t\t\t\t\t\t<\/div>\n\t\t\t\t\t\t<\/div>\n\t\t\t\t\t<\/div>\n\t\t","protected":false},"excerpt":{"rendered":"<p>DI BENEDETTO PRODUCTIONS fue creada en 2015 por el productor VITTORIO DI BENEDETTO, y en poco tiempo se ha convertido en un punto de referencia para muchos artistas centroamericanos. Di Benedetto Productions est\u00e1 presente actualmente en La Habana (Cuba) con una sucursal. El se\u00f1or Jorge Luis Su\u00e1rez V\u00e1squez (Pipo) es el representante designado por el.<\/p>\n","protected":false},"author":1,"featured_media":0,"parent":0,"menu_order":0,"comment_status":"closed","ping_status":"closed","template":"","meta":{"footnotes":""},"categories":[24],"tags":[],"class_list":["post-5405","page","type-page","status-publish","hentry","category-general-es"],"yoast_head":"<!-- This site is optimized with the Yoast SEO plugin v19.6.1 - https:\/\/yoast.com\/wordpress\/plugins\/seo\/ -->\n<title>Nuestra historia - Di Benedetto Productions<\/title>\n<meta name=\"robots\" content=\"index, follow, max-snippet:-1, max-image-preview:large, max-video-preview:-1\" \/>\n<link rel=\"canonical\" href=\"https:\/\/dibenedettoproductions.com\/?page_id=5405&lang=es\" \/>\n<meta property=\"og:locale\" content=\"it_IT\" \/>\n<meta property=\"og:type\" content=\"article\" \/>\n<meta property=\"og:title\" content=\"Nuestra historia - Di Benedetto Productions\" \/>\n<meta property=\"og:description\" content=\"DI BENEDETTO PRODUCTIONS fue creada en 2015 por el productor VITTORIO DI BENEDETTO, y en poco tiempo se ha convertido en un punto de referencia para muchos artistas centroamericanos. Di Benedetto Productions est\u00e1 presente actualmente en La Habana (Cuba) con una sucursal. El se\u00f1or Jorge Luis Su\u00e1rez V\u00e1squez (Pipo) es el representante designado por el.\" \/>\n<meta property=\"og:url\" content=\"https:\/\/dibenedettoproductions.com\/?page_id=5405&amp;lang=es\" \/>\n<meta property=\"og:site_name\" content=\"Di Benedetto Productions\" \/>\n<meta property=\"article:modified_time\" content=\"2021-08-31T14:22:02+00:00\" \/>\n<meta name=\"twitter:card\" content=\"summary_large_image\" \/>\n<meta name=\"twitter:label1\" content=\"Tempo di lettura stimato\" \/>\n\t<meta name=\"twitter:data1\" content=\"3 minuti\" \/>\n<script type=\"application\/ld+json\" class=\"yoast-schema-graph\">{\"@context\":\"https:\/\/schema.org\",\"@graph\":[{\"@type\":\"WebPage\",\"@id\":\"https:\/\/dibenedettoproductions.com\/?page_id=5405&lang=es\",\"url\":\"https:\/\/dibenedettoproductions.com\/?page_id=5405&lang=es\",\"name\":\"Nuestra historia - Di Benedetto Productions\",\"isPartOf\":{\"@id\":\"https:\/\/dibenedettoproductions.com\/#website\"},\"datePublished\":\"2021-08-05T10:23:20+00:00\",\"dateModified\":\"2021-08-31T14:22:02+00:00\",\"breadcrumb\":{\"@id\":\"https:\/\/dibenedettoproductions.com\/?page_id=5405&lang=es#breadcrumb\"},\"inLanguage\":\"it-IT\",\"potentialAction\":[{\"@type\":\"ReadAction\",\"target\":[\"https:\/\/dibenedettoproductions.com\/?page_id=5405&lang=es\"]}]},{\"@type\":\"BreadcrumbList\",\"@id\":\"https:\/\/dibenedettoproductions.com\/?page_id=5405&lang=es#breadcrumb\",\"itemListElement\":[{\"@type\":\"ListItem\",\"position\":1,\"name\":\"Home\",\"item\":\"https:\/\/dibenedettoproductions.com\/\"},{\"@type\":\"ListItem\",\"position\":2,\"name\":\"Nuestra historia\"}]},{\"@type\":\"WebSite\",\"@id\":\"https:\/\/dibenedettoproductions.com\/#website\",\"url\":\"https:\/\/dibenedettoproductions.com\/\",\"name\":\"Di Benedetto Productions\",\"description\":\"\",\"publisher\":{\"@id\":\"https:\/\/dibenedettoproductions.com\/#organization\"},\"potentialAction\":[{\"@type\":\"SearchAction\",\"target\":{\"@type\":\"EntryPoint\",\"urlTemplate\":\"https:\/\/dibenedettoproductions.com\/?s={search_term_string}\"},\"query-input\":\"required name=search_term_string\"}],\"inLanguage\":\"it-IT\"},{\"@type\":\"Organization\",\"@id\":\"https:\/\/dibenedettoproductions.com\/#organization\",\"name\":\"DI BENEDETTO PRODUCTIONS\",\"url\":\"https:\/\/dibenedettoproductions.com\/\",\"sameAs\":[],\"logo\":{\"@type\":\"ImageObject\",\"inLanguage\":\"it-IT\",\"@id\":\"https:\/\/dibenedettoproductions.com\/#\/schema\/logo\/image\/\",\"url\":\"https:\/\/dibenedettoproductions.com\/wp-content\/uploads\/2021\/09\/logo_di_benedetto_productions.jpg\",\"contentUrl\":\"https:\/\/dibenedettoproductions.com\/wp-content\/uploads\/2021\/09\/logo_di_benedetto_productions.jpg\",\"width\":225,\"height\":225,\"caption\":\"DI BENEDETTO PRODUCTIONS\"},\"image\":{\"@id\":\"https:\/\/dibenedettoproductions.com\/#\/schema\/logo\/image\/\"}}]}<\/script>\n<!-- \/ Yoast SEO plugin. -->","yoast_head_json":{"title":"Nuestra historia - Di Benedetto Productions","robots":{"index":"index","follow":"follow","max-snippet":"max-snippet:-1","max-image-preview":"max-image-preview:large","max-video-preview":"max-video-preview:-1"},"canonical":"https:\/\/dibenedettoproductions.com\/?page_id=5405&lang=es","og_locale":"it_IT","og_type":"article","og_title":"Nuestra historia - Di Benedetto Productions","og_description":"DI BENEDETTO PRODUCTIONS fue creada en 2015 por el productor VITTORIO DI BENEDETTO, y en poco tiempo se ha convertido en un punto de referencia para muchos artistas centroamericanos. Di Benedetto Productions est\u00e1 presente actualmente en La Habana (Cuba) con una sucursal. El se\u00f1or Jorge Luis Su\u00e1rez V\u00e1squez (Pipo) es el representante designado por el.","og_url":"https:\/\/dibenedettoproductions.com\/?page_id=5405&lang=es","og_site_name":"Di Benedetto Productions","article_modified_time":"2021-08-31T14:22:02+00:00","twitter_card":"summary_large_image","twitter_misc":{"Tempo di lettura stimato":"3 minuti"},"schema":{"@context":"https:\/\/schema.org","@graph":[{"@type":"WebPage","@id":"https:\/\/dibenedettoproductions.com\/?page_id=5405&lang=es","url":"https:\/\/dibenedettoproductions.com\/?page_id=5405&lang=es","name":"Nuestra historia - Di Benedetto Productions","isPartOf":{"@id":"https:\/\/dibenedettoproductions.com\/#website"},"datePublished":"2021-08-05T10:23:20+00:00","dateModified":"2021-08-31T14:22:02+00:00","breadcrumb":{"@id":"https:\/\/dibenedettoproductions.com\/?page_id=5405&lang=es#breadcrumb"},"inLanguage":"it-IT","potentialAction":[{"@type":"ReadAction","target":["https:\/\/dibenedettoproductions.com\/?page_id=5405&lang=es"]}]},{"@type":"BreadcrumbList","@id":"https:\/\/dibenedettoproductions.com\/?page_id=5405&lang=es#breadcrumb","itemListElement":[{"@type":"ListItem","position":1,"name":"Home","item":"https:\/\/dibenedettoproductions.com\/"},{"@type":"ListItem","position":2,"name":"Nuestra historia"}]},{"@type":"WebSite","@id":"https:\/\/dibenedettoproductions.com\/#website","url":"https:\/\/dibenedettoproductions.com\/","name":"Di Benedetto Productions","description":"","publisher":{"@id":"https:\/\/dibenedettoproductions.com\/#organization"},"potentialAction":[{"@type":"SearchAction","target":{"@type":"EntryPoint","urlTemplate":"https:\/\/dibenedettoproductions.com\/?s={search_term_string}"},"query-input":"required name=search_term_string"}],"inLanguage":"it-IT"},{"@type":"Organization","@id":"https:\/\/dibenedettoproductions.com\/#organization","name":"DI BENEDETTO PRODUCTIONS","url":"https:\/\/dibenedettoproductions.com\/","sameAs":[],"logo":{"@type":"ImageObject","inLanguage":"it-IT","@id":"https:\/\/dibenedettoproductions.com\/#\/schema\/logo\/image\/","url":"https:\/\/dibenedettoproductions.com\/wp-content\/uploads\/2021\/09\/logo_di_benedetto_productions.jpg","contentUrl":"https:\/\/dibenedettoproductions.com\/wp-content\/uploads\/2021\/09\/logo_di_benedetto_productions.jpg","width":225,"height":225,"caption":"DI BENEDETTO PRODUCTIONS"},"image":{"@id":"https:\/\/dibenedettoproductions.com\/#\/schema\/logo\/image\/"}}]}},"_links":{"self":[{"href":"https:\/\/dibenedettoproductions.com\/index.php?rest_route=\/wp\/v2\/pages\/5405","targetHints":{"allow":["GET"]}}],"collection":[{"href":"https:\/\/dibenedettoproductions.com\/index.php?rest_route=\/wp\/v2\/pages"}],"about":[{"href":"https:\/\/dibenedettoproductions.com\/index.php?rest_route=\/wp\/v2\/types\/page"}],"author":[{"embeddable":true,"href":"https:\/\/dibenedettoproductions.com\/index.php?rest_route=\/wp\/v2\/users\/1"}],"replies":[{"embeddable":true,"href":"https:\/\/dibenedettoproductions.com\/index.php?rest_route=%2Fwp%2Fv2%2Fcomments&post=5405"}],"version-history":[{"count":8,"href":"https:\/\/dibenedettoproductions.com\/index.php?rest_route=\/wp\/v2\/pages\/5405\/revisions"}],"predecessor-version":[{"id":6372,"href":"https:\/\/dibenedettoproductions.com\/index.php?rest_route=\/wp\/v2\/pages\/5405\/revisions\/6372"}],"wp:attachment":[{"href":"https:\/\/dibenedettoproductions.com\/index.php?rest_route=%2Fwp%2Fv2%2Fmedia&parent=5405"}],"wp:term":[{"taxonomy":"category","embeddable":true,"href":"https:\/\/dibenedettoproductions.com\/index.php?rest_route=%2Fwp%2Fv2%2Fcategories&post=5405"},{"taxonomy":"post_tag","embeddable":true,"href":"https:\/\/dibenedettoproductions.com\/index.php?rest_route=%2Fwp%2Fv2%2Ftags&post=5405"}],"curies":[{"name":"wp","href":"https:\/\/api.w.org\/{rel}","templated":true}]}}