{"id":5148,"date":"2021-05-18T09:46:47","date_gmt":"2021-05-18T09:46:47","guid":{"rendered":"https:\/\/dibenedettoproductions.com\/?page_id=5148"},"modified":"2021-08-05T15:18:44","modified_gmt":"2021-08-05T15:18:44","slug":"mambi","status":"publish","type":"page","link":"https:\/\/dibenedettoproductions.com\/?page_id=5148","title":{"rendered":"Mambi"},"content":{"rendered":"\t\t<div data-elementor-type=\"wp-page\" data-elementor-id=\"5148\" class=\"elementor elementor-5148\" data-elementor-settings=\"[]\">\n\t\t\t\t\t\t<div class=\"elementor-inner\">\n\t\t\t\t\t\t\t<div class=\"elementor-section-wrap\">\n\t\t\t\t\t\t\t<section class=\"elementor-section elementor-top-section elementor-element elementor-element-39dae33 elementor-section-stretched elementor-section-boxed elementor-section-height-default elementor-section-height-default\" data-id=\"39dae33\" data-element_type=\"section\" data-settings=\"{&quot;stretch_section&quot;:&quot;section-stretched&quot;,&quot;background_background&quot;:&quot;classic&quot;}\">\n\t\t\t\t\t\t<div class=\"elementor-container elementor-column-gap-default\">\n\t\t\t\t\t\t\t<div class=\"elementor-row\">\n\t\t\t\t\t<div class=\"elementor-column elementor-col-25 elementor-top-column elementor-element elementor-element-b9faff2\" data-id=\"b9faff2\" data-element_type=\"column\">\n\t\t\t<div class=\"elementor-column-wrap elementor-element-populated\">\n\t\t\t\t\t\t\t<div class=\"elementor-widget-wrap\">\n\t\t\t\t\t\t<div class=\"elementor-element elementor-element-3fb20b7 elementor-align-center elementor-widget elementor-widget-button\" data-id=\"3fb20b7\" data-element_type=\"widget\" data-widget_type=\"button.default\">\n\t\t\t\t<div class=\"elementor-widget-container\">\n\t\t\t\t\t<div class=\"elementor-button-wrapper\">\n\t\t\t<a href=\"https:\/\/open.spotify.com\/track\/4IlrVbr87esiK9FofhYeZn?si=b21b0beec22e41b3\" class=\"elementor-button-link elementor-button elementor-size-sm\" role=\"button\">\n\t\t\t\t\t\t<span class=\"elementor-button-content-wrapper\">\n\t\t\t\t\t\t<span class=\"elementor-button-text\">SPOTIFY<\/span>\n\t\t<\/span>\n\t\t\t\t\t<\/a>\n\t\t<\/div>\n\t\t\t\t<\/div>\n\t\t\t\t<\/div>\n\t\t\t\t\t\t<\/div>\n\t\t\t\t\t<\/div>\n\t\t<\/div>\n\t\t\t\t<div class=\"elementor-column elementor-col-25 elementor-top-column elementor-element elementor-element-a378be4\" data-id=\"a378be4\" data-element_type=\"column\">\n\t\t\t<div class=\"elementor-column-wrap elementor-element-populated\">\n\t\t\t\t\t\t\t<div class=\"elementor-widget-wrap\">\n\t\t\t\t\t\t<div class=\"elementor-element elementor-element-ed102ce elementor-align-center elementor-widget elementor-widget-button\" data-id=\"ed102ce\" data-element_type=\"widget\" data-widget_type=\"button.default\">\n\t\t\t\t<div class=\"elementor-widget-container\">\n\t\t\t\t\t<div class=\"elementor-button-wrapper\">\n\t\t\t<a href=\"https:\/\/music.apple.com\/it\/album\/mambi\/1538059063?i=1538059064\" class=\"elementor-button-link elementor-button elementor-size-sm\" role=\"button\">\n\t\t\t\t\t\t<span class=\"elementor-button-content-wrapper\">\n\t\t\t\t\t\t<span class=\"elementor-button-text\">APPLE MUSIC<\/span>\n\t\t<\/span>\n\t\t\t\t\t<\/a>\n\t\t<\/div>\n\t\t\t\t<\/div>\n\t\t\t\t<\/div>\n\t\t\t\t\t\t<\/div>\n\t\t\t\t\t<\/div>\n\t\t<\/div>\n\t\t\t\t<div class=\"elementor-column elementor-col-25 elementor-top-column elementor-element elementor-element-d8ae472\" data-id=\"d8ae472\" data-element_type=\"column\">\n\t\t\t<div class=\"elementor-column-wrap elementor-element-populated\">\n\t\t\t\t\t\t\t<div class=\"elementor-widget-wrap\">\n\t\t\t\t\t\t<div class=\"elementor-element elementor-element-b990151 elementor-align-center elementor-widget elementor-widget-button\" data-id=\"b990151\" data-element_type=\"widget\" data-widget_type=\"button.default\">\n\t\t\t\t<div class=\"elementor-widget-container\">\n\t\t\t\t\t<div class=\"elementor-button-wrapper\">\n\t\t\t<a href=\"https:\/\/deezer.page.link\/tMuKznfdJzKT8yVH8\" class=\"elementor-button-link elementor-button elementor-size-sm\" role=\"button\">\n\t\t\t\t\t\t<span class=\"elementor-button-content-wrapper\">\n\t\t\t\t\t\t<span class=\"elementor-button-text\">DEEZER<\/span>\n\t\t<\/span>\n\t\t\t\t\t<\/a>\n\t\t<\/div>\n\t\t\t\t<\/div>\n\t\t\t\t<\/div>\n\t\t\t\t\t\t<\/div>\n\t\t\t\t\t<\/div>\n\t\t<\/div>\n\t\t\t\t<div class=\"elementor-column elementor-col-25 elementor-top-column elementor-element elementor-element-b86c57b\" data-id=\"b86c57b\" data-element_type=\"column\">\n\t\t\t<div class=\"elementor-column-wrap elementor-element-populated\">\n\t\t\t\t\t\t\t<div class=\"elementor-widget-wrap\">\n\t\t\t\t\t\t<div class=\"elementor-element elementor-element-9b4dc73 elementor-align-center elementor-widget elementor-widget-button\" data-id=\"9b4dc73\" data-element_type=\"widget\" data-widget_type=\"button.default\">\n\t\t\t\t<div class=\"elementor-widget-container\">\n\t\t\t\t\t<div class=\"elementor-button-wrapper\">\n\t\t\t<a href=\"https:\/\/music.amazon.it\/albums\/B08MBCT68J?trackAsin=B08MB7JBY5&#038;ref=dm_sh_d056-d06a-1d61-33a3-2c2df\" class=\"elementor-button-link elementor-button elementor-size-sm\" role=\"button\">\n\t\t\t\t\t\t<span class=\"elementor-button-content-wrapper\">\n\t\t\t\t\t\t<span class=\"elementor-button-text\">AMAZON MUSIC<\/span>\n\t\t<\/span>\n\t\t\t\t\t<\/a>\n\t\t<\/div>\n\t\t\t\t<\/div>\n\t\t\t\t<\/div>\n\t\t\t\t\t\t<\/div>\n\t\t\t\t\t<\/div>\n\t\t<\/div>\n\t\t\t\t\t\t\t\t<\/div>\n\t\t\t\t\t<\/div>\n\t\t<\/section>\n\t\t\t\t<section class=\"elementor-section elementor-top-section elementor-element elementor-element-6bf56e7 elementor-section-stretched elementor-section-boxed elementor-section-height-default elementor-section-height-default\" data-id=\"6bf56e7\" data-element_type=\"section\" data-settings=\"{&quot;stretch_section&quot;:&quot;section-stretched&quot;,&quot;background_background&quot;:&quot;classic&quot;}\">\n\t\t\t\t\t\t<div class=\"elementor-container elementor-column-gap-default\">\n\t\t\t\t\t\t\t<div class=\"elementor-row\">\n\t\t\t\t\t<div class=\"elementor-column elementor-col-100 elementor-top-column elementor-element elementor-element-bdab5e3\" data-id=\"bdab5e3\" data-element_type=\"column\">\n\t\t\t<div class=\"elementor-column-wrap elementor-element-populated\">\n\t\t\t\t\t\t\t<div class=\"elementor-widget-wrap\">\n\t\t\t\t\t\t<div class=\"elementor-element elementor-element-9a6f829 elementor-widget elementor-widget-text-editor\" data-id=\"9a6f829\" data-element_type=\"widget\" data-widget_type=\"text-editor.default\">\n\t\t\t\t<div class=\"elementor-widget-container\">\n\t\t\t\t\t\t\t\t<div class=\"elementor-text-editor elementor-clearfix\">\n\t\t\t\t<p style=\"text-align: center;\"><span style=\"color: #ffffff;\">Malaka<\/span><\/p><p style=\"text-align: center;\"><span style=\"color: #ffffff;\">Siento no quererte<\/span><\/p><p style=\"text-align: center;\"><span style=\"color: #ffffff;\">Siento no amarte<\/span><\/p><p style=\"text-align: center;\"><span style=\"color: #ffffff;\">Volando en el aire<\/span><\/p><p style=\"text-align: center;\"><span style=\"color: #ffffff;\">Siento no quererte siento no amarte<\/span><\/p><p style=\"text-align: center;\"><span style=\"color: #ffffff;\">Yo voy volando en el aire<\/span><\/p><p style=\"text-align: center;\"><span style=\"color: #ffffff;\">Yo voy volando en el aire<\/span><\/p><p style=\"text-align: center;\"><span style=\"color: #ffffff;\">Yo no quiero ser as\u00ed<\/span><\/p><p style=\"text-align: center;\"><span style=\"color: #ffffff;\">Pero as\u00ed no era bueno seguir<\/span><\/p><p style=\"text-align: center;\"><span style=\"color: #ffffff;\">Ser\u00e9 casa sola<\/span><\/p><p style=\"text-align: center;\"><span style=\"color: #ffffff;\">Y sola quiero seguir<\/span><\/p><p style=\"text-align: center;\"><span style=\"color: #ffffff;\">Todo estaba bien y lo eche a perder<\/span><\/p><p style=\"text-align: center;\"><span style=\"color: #ffffff;\">Siempre me las arreglo<\/span><\/p><p style=\"text-align: center;\"><span style=\"color: #ffffff;\">Y lo hecho a perder<\/span><\/p><p style=\"text-align: center;\"><span style=\"color: #ffffff;\">Yo lo hecho a perder<\/span><\/p><p style=\"text-align: center;\"><span style=\"color: #ffffff;\">U u u u u u u u u<\/span><\/p><p style=\"text-align: center;\"><span style=\"color: #ffffff;\">Solo quiero que seas feliz<\/span><\/p><p style=\"text-align: center;\"><span style=\"color: #ffffff;\">U u u u u u u u u<\/span><\/p><p style=\"text-align: center;\"><span style=\"color: #ffffff;\">Solo quiero que seas feliz<\/span><\/p><p style=\"text-align: center;\"><span style=\"color: #ffffff;\">Que seas feliz<\/span><\/p><p style=\"text-align: center;\"><span style=\"color: #ffffff;\">Que seas muy feliz<\/span><\/p><p style=\"text-align: center;\"><span style=\"color: #ffffff;\">Me da cosa mala cosa<\/span><\/p><p style=\"text-align: center;\"><span style=\"color: #ffffff;\">Y no te creas que me creo cosa<\/span><\/p><p style=\"text-align: center;\"><span style=\"color: #ffffff;\">U u u u u u u u u<\/span><\/p><p style=\"text-align: center;\"><span style=\"color: #ffffff;\">Y no te creas que me creo cosa<\/span><\/p><p style=\"text-align: center;\"><span style=\"color: #ffffff;\">U u u u u u u u u<\/span><\/p><p style=\"text-align: center;\"><span style=\"color: #ffffff;\">Y no te creas que me creo cosa<\/span><\/p><p style=\"text-align: center;\"><span style=\"color: #ffffff;\">Yo me iba a fiestar y t\u00fa en la casa solo<\/span><\/p><p style=\"text-align: center;\"><span style=\"color: #ffffff;\">Yo con mis amigas<\/span><\/p><p style=\"text-align: center;\"><span style=\"color: #ffffff;\">T\u00fa en la casa solo<\/span><\/p><p style=\"text-align: center;\"><span style=\"color: #ffffff;\">Siempre me cuidabas si me emborracharas<\/span><\/p><p style=\"text-align: center;\"><span style=\"color: #ffffff;\">Me curabas la resaca aunque t\u00fa no fueras<\/span><\/p><p style=\"text-align: center;\"><span style=\"color: #ffffff;\">Viviendo pa m\u00ed<\/span><\/p><p style=\"text-align: center;\"><span style=\"color: #ffffff;\">Am\u00e1ndome a m\u00ed<\/span><\/p><p style=\"text-align: center;\"><span style=\"color: #ffffff;\">Mis alegr\u00edas que fueran para ti<\/span><\/p><p style=\"text-align: center;\"><span style=\"color: #ffffff;\">Eres el VIP en mis conciertos<\/span><\/p><p style=\"text-align: center;\"><span style=\"color: #ffffff;\">Pero es que en el amor yo soy un desierto<\/span><\/p><p style=\"text-align: center;\"><span style=\"color: #ffffff;\">Perd\u00f3name mamb\u00ed yo quisiera amarte<\/span><\/p><p style=\"text-align: center;\"><span style=\"color: #ffffff;\">Pero por ahora solo amo al arte<\/span><\/p><p style=\"text-align: center;\"><span style=\"color: #ffffff;\">Me da cosa mala cosa<\/span><\/p><p style=\"text-align: center;\"><span style=\"color: #ffffff;\">Y no te creas que me creo cosa<\/span><\/p><p style=\"text-align: center;\"><span style=\"color: #ffffff;\">U u u u u u u u u<\/span><\/p><p style=\"text-align: center;\"><span style=\"color: #ffffff;\">Solo quiero que seas feliz<\/span><\/p><p style=\"text-align: center;\"><span style=\"color: #ffffff;\">U u u u u u u u u<\/span><\/p><p style=\"text-align: center;\"><span style=\"color: #ffffff;\">Solo quiero que seas feliz<\/span><\/p><p style=\"text-align: center;\"><span style=\"color: #ffffff;\">Que seas feliz<\/span><\/p><p style=\"text-align: center;\"><span style=\"color: #ffffff;\">Que seas muy feliz<\/span><\/p><p style=\"text-align: center;\"><span style=\"color: #ffffff;\">Me da cosa mala cosa<\/span><\/p><p style=\"text-align: center;\"><span style=\"color: #ffffff;\">Y no te creas que me creo cosa<\/span><\/p><p style=\"text-align: center;\"><span style=\"color: #ffffff;\">U u u u u u u u u<\/span><\/p><p style=\"text-align: center;\"><span style=\"color: #ffffff;\">Y no te creas que me creo cosa<\/span><\/p><p style=\"text-align: center;\"><span style=\"color: #ffffff;\">U u u u u u u u u<\/span><\/p><p style=\"text-align: center;\"><span style=\"color: #ffffff;\">Y no te creas que me creo cosa<\/span><\/p><p style=\"text-align: center;\"><span style=\"color: #ffffff;\">Di Benedetto production<\/span><\/p><p style=\"text-align: center;\"><span style=\"color: #ffffff;\">La compa\u00f1\u00eda mas cabrona<\/span><\/p><p style=\"text-align: center;\"><span style=\"color: #ffffff;\">Revolution boys<\/span><\/p><p style=\"text-align: center;\"><span style=\"color: #ffffff;\">Nexus<\/span><\/p><p style=\"text-align: center;\"><span style=\"color: #ffffff;\">Malaka<\/span><\/p><p style=\"text-align: center;\"><span style=\"color: #ffffff;\">Siento no quererte<\/span><\/p><p style=\"text-align: center;\"><span style=\"color: #ffffff;\">Siento no amarte<\/span><\/p><p style=\"text-align: center;\"><span style=\"color: #ffffff;\">Volando en el aire<\/span><\/p><p style=\"text-align: center;\"><span style=\"color: #ffffff;\">Siento no quererte siento no amarte<\/span><\/p><p style=\"text-align: center;\"><span style=\"color: #ffffff;\">Yo voy volando en el aire<\/span><\/p><p style=\"text-align: center;\"><span style=\"color: #ffffff;\">Volando en el aire<\/span><\/p>\t\t\t\t\t<\/div>\n\t\t\t\t\t\t<\/div>\n\t\t\t\t<\/div>\n\t\t\t\t\t\t<\/div>\n\t\t\t\t\t<\/div>\n\t\t<\/div>\n\t\t\t\t\t\t\t\t<\/div>\n\t\t\t\t\t<\/div>\n\t\t<\/section>\n\t\t\t\t\t\t<\/div>\n\t\t\t\t\t\t<\/div>\n\t\t\t\t\t<\/div>\n\t\t","protected":false},"excerpt":{"rendered":"<p>SPOTIFY APPLE MUSIC DEEZER AMAZON MUSIC Malaka Siento no quererte Siento no amarte Volando en el aire Siento no quererte siento no amarte Yo voy volando en el aire Yo voy volando en el aire Yo no quiero ser as\u00ed Pero as\u00ed no era bueno seguir Ser\u00e9 casa sola Y sola quiero seguir Todo estaba.<\/p>\n","protected":false},"author":1,"featured_media":0,"parent":0,"menu_order":0,"comment_status":"closed","ping_status":"closed","template":"","meta":{"footnotes":""},"categories":[42],"tags":[],"class_list":["post-5148","page","type-page","status-publish","hentry","category-testi"],"yoast_head":"<!-- This site is optimized with the Yoast SEO plugin v19.6.1 - https:\/\/yoast.com\/wordpress\/plugins\/seo\/ -->\n<title>Mambi - Di Benedetto Productions<\/title>\n<meta name=\"robots\" content=\"index, follow, max-snippet:-1, max-image-preview:large, max-video-preview:-1\" \/>\n<link rel=\"canonical\" href=\"https:\/\/dibenedettoproductions.com\/?page_id=5148\" \/>\n<meta property=\"og:locale\" content=\"it_IT\" \/>\n<meta property=\"og:type\" content=\"article\" \/>\n<meta property=\"og:title\" content=\"Mambi - Di Benedetto Productions\" \/>\n<meta property=\"og:description\" content=\"SPOTIFY APPLE MUSIC DEEZER AMAZON MUSIC Malaka Siento no quererte Siento no amarte Volando en el aire Siento no quererte siento no amarte Yo voy volando en el aire Yo voy volando en el aire Yo no quiero ser as\u00ed Pero as\u00ed no era bueno seguir Ser\u00e9 casa sola Y sola quiero seguir Todo estaba.\" \/>\n<meta property=\"og:url\" content=\"https:\/\/dibenedettoproductions.com\/?page_id=5148\" \/>\n<meta property=\"og:site_name\" content=\"Di Benedetto Productions\" \/>\n<meta property=\"article:modified_time\" content=\"2021-08-05T15:18:44+00:00\" \/>\n<meta name=\"twitter:card\" content=\"summary_large_image\" \/>\n<meta name=\"twitter:label1\" content=\"Tempo di lettura stimato\" \/>\n\t<meta name=\"twitter:data1\" content=\"2 minuti\" \/>\n<script type=\"application\/ld+json\" class=\"yoast-schema-graph\">{\"@context\":\"https:\/\/schema.org\",\"@graph\":[{\"@type\":\"WebPage\",\"@id\":\"https:\/\/dibenedettoproductions.com\/?page_id=5148\",\"url\":\"https:\/\/dibenedettoproductions.com\/?page_id=5148\",\"name\":\"Mambi - Di Benedetto Productions\",\"isPartOf\":{\"@id\":\"https:\/\/dibenedettoproductions.com\/#website\"},\"datePublished\":\"2021-05-18T09:46:47+00:00\",\"dateModified\":\"2021-08-05T15:18:44+00:00\",\"breadcrumb\":{\"@id\":\"https:\/\/dibenedettoproductions.com\/?page_id=5148#breadcrumb\"},\"inLanguage\":\"it-IT\",\"potentialAction\":[{\"@type\":\"ReadAction\",\"target\":[\"https:\/\/dibenedettoproductions.com\/?page_id=5148\"]}]},{\"@type\":\"BreadcrumbList\",\"@id\":\"https:\/\/dibenedettoproductions.com\/?page_id=5148#breadcrumb\",\"itemListElement\":[{\"@type\":\"ListItem\",\"position\":1,\"name\":\"Home\",\"item\":\"https:\/\/dibenedettoproductions.com\/\"},{\"@type\":\"ListItem\",\"position\":2,\"name\":\"Mambi\"}]},{\"@type\":\"WebSite\",\"@id\":\"https:\/\/dibenedettoproductions.com\/#website\",\"url\":\"https:\/\/dibenedettoproductions.com\/\",\"name\":\"Di Benedetto Productions\",\"description\":\"\",\"publisher\":{\"@id\":\"https:\/\/dibenedettoproductions.com\/#organization\"},\"potentialAction\":[{\"@type\":\"SearchAction\",\"target\":{\"@type\":\"EntryPoint\",\"urlTemplate\":\"https:\/\/dibenedettoproductions.com\/?s={search_term_string}\"},\"query-input\":\"required name=search_term_string\"}],\"inLanguage\":\"it-IT\"},{\"@type\":\"Organization\",\"@id\":\"https:\/\/dibenedettoproductions.com\/#organization\",\"name\":\"DI BENEDETTO PRODUCTIONS\",\"url\":\"https:\/\/dibenedettoproductions.com\/\",\"sameAs\":[],\"logo\":{\"@type\":\"ImageObject\",\"inLanguage\":\"it-IT\",\"@id\":\"https:\/\/dibenedettoproductions.com\/#\/schema\/logo\/image\/\",\"url\":\"https:\/\/dibenedettoproductions.com\/wp-content\/uploads\/2021\/09\/logo_di_benedetto_productions.jpg\",\"contentUrl\":\"https:\/\/dibenedettoproductions.com\/wp-content\/uploads\/2021\/09\/logo_di_benedetto_productions.jpg\",\"width\":225,\"height\":225,\"caption\":\"DI BENEDETTO PRODUCTIONS\"},\"image\":{\"@id\":\"https:\/\/dibenedettoproductions.com\/#\/schema\/logo\/image\/\"}}]}<\/script>\n<!-- \/ Yoast SEO plugin. -->","yoast_head_json":{"title":"Mambi - Di Benedetto Productions","robots":{"index":"index","follow":"follow","max-snippet":"max-snippet:-1","max-image-preview":"max-image-preview:large","max-video-preview":"max-video-preview:-1"},"canonical":"https:\/\/dibenedettoproductions.com\/?page_id=5148","og_locale":"it_IT","og_type":"article","og_title":"Mambi - Di Benedetto Productions","og_description":"SPOTIFY APPLE MUSIC DEEZER AMAZON MUSIC Malaka Siento no quererte Siento no amarte Volando en el aire Siento no quererte siento no amarte Yo voy volando en el aire Yo voy volando en el aire Yo no quiero ser as\u00ed Pero as\u00ed no era bueno seguir Ser\u00e9 casa sola Y sola quiero seguir Todo estaba.","og_url":"https:\/\/dibenedettoproductions.com\/?page_id=5148","og_site_name":"Di Benedetto Productions","article_modified_time":"2021-08-05T15:18:44+00:00","twitter_card":"summary_large_image","twitter_misc":{"Tempo di lettura stimato":"2 minuti"},"schema":{"@context":"https:\/\/schema.org","@graph":[{"@type":"WebPage","@id":"https:\/\/dibenedettoproductions.com\/?page_id=5148","url":"https:\/\/dibenedettoproductions.com\/?page_id=5148","name":"Mambi - Di Benedetto Productions","isPartOf":{"@id":"https:\/\/dibenedettoproductions.com\/#website"},"datePublished":"2021-05-18T09:46:47+00:00","dateModified":"2021-08-05T15:18:44+00:00","breadcrumb":{"@id":"https:\/\/dibenedettoproductions.com\/?page_id=5148#breadcrumb"},"inLanguage":"it-IT","potentialAction":[{"@type":"ReadAction","target":["https:\/\/dibenedettoproductions.com\/?page_id=5148"]}]},{"@type":"BreadcrumbList","@id":"https:\/\/dibenedettoproductions.com\/?page_id=5148#breadcrumb","itemListElement":[{"@type":"ListItem","position":1,"name":"Home","item":"https:\/\/dibenedettoproductions.com\/"},{"@type":"ListItem","position":2,"name":"Mambi"}]},{"@type":"WebSite","@id":"https:\/\/dibenedettoproductions.com\/#website","url":"https:\/\/dibenedettoproductions.com\/","name":"Di Benedetto Productions","description":"","publisher":{"@id":"https:\/\/dibenedettoproductions.com\/#organization"},"potentialAction":[{"@type":"SearchAction","target":{"@type":"EntryPoint","urlTemplate":"https:\/\/dibenedettoproductions.com\/?s={search_term_string}"},"query-input":"required name=search_term_string"}],"inLanguage":"it-IT"},{"@type":"Organization","@id":"https:\/\/dibenedettoproductions.com\/#organization","name":"DI BENEDETTO PRODUCTIONS","url":"https:\/\/dibenedettoproductions.com\/","sameAs":[],"logo":{"@type":"ImageObject","inLanguage":"it-IT","@id":"https:\/\/dibenedettoproductions.com\/#\/schema\/logo\/image\/","url":"https:\/\/dibenedettoproductions.com\/wp-content\/uploads\/2021\/09\/logo_di_benedetto_productions.jpg","contentUrl":"https:\/\/dibenedettoproductions.com\/wp-content\/uploads\/2021\/09\/logo_di_benedetto_productions.jpg","width":225,"height":225,"caption":"DI BENEDETTO PRODUCTIONS"},"image":{"@id":"https:\/\/dibenedettoproductions.com\/#\/schema\/logo\/image\/"}}]}},"_links":{"self":[{"href":"https:\/\/dibenedettoproductions.com\/index.php?rest_route=\/wp\/v2\/pages\/5148","targetHints":{"allow":["GET"]}}],"collection":[{"href":"https:\/\/dibenedettoproductions.com\/index.php?rest_route=\/wp\/v2\/pages"}],"about":[{"href":"https:\/\/dibenedettoproductions.com\/index.php?rest_route=\/wp\/v2\/types\/page"}],"author":[{"embeddable":true,"href":"https:\/\/dibenedettoproductions.com\/index.php?rest_route=\/wp\/v2\/users\/1"}],"replies":[{"embeddable":true,"href":"https:\/\/dibenedettoproductions.com\/index.php?rest_route=%2Fwp%2Fv2%2Fcomments&post=5148"}],"version-history":[{"count":7,"href":"https:\/\/dibenedettoproductions.com\/index.php?rest_route=\/wp\/v2\/pages\/5148\/revisions"}],"predecessor-version":[{"id":5773,"href":"https:\/\/dibenedettoproductions.com\/index.php?rest_route=\/wp\/v2\/pages\/5148\/revisions\/5773"}],"wp:attachment":[{"href":"https:\/\/dibenedettoproductions.com\/index.php?rest_route=%2Fwp%2Fv2%2Fmedia&parent=5148"}],"wp:term":[{"taxonomy":"category","embeddable":true,"href":"https:\/\/dibenedettoproductions.com\/index.php?rest_route=%2Fwp%2Fv2%2Fcategories&post=5148"},{"taxonomy":"post_tag","embeddable":true,"href":"https:\/\/dibenedettoproductions.com\/index.php?rest_route=%2Fwp%2Fv2%2Ftags&post=5148"}],"curies":[{"name":"wp","href":"https:\/\/api.w.org\/{rel}","templated":true}]}}