{"id":4766,"date":"2021-03-19T10:47:24","date_gmt":"2021-03-19T10:47:24","guid":{"rendered":"https:\/\/dibenedettoproductions.com\/?page_id=4766"},"modified":"2021-08-06T07:02:52","modified_gmt":"2021-08-06T07:02:52","slug":"perreta","status":"publish","type":"page","link":"https:\/\/dibenedettoproductions.com\/?page_id=4766","title":{"rendered":"Perreta"},"content":{"rendered":"\t\t<div data-elementor-type=\"wp-page\" data-elementor-id=\"4766\" class=\"elementor elementor-4766\" data-elementor-settings=\"[]\">\n\t\t\t\t\t\t<div class=\"elementor-inner\">\n\t\t\t\t\t\t\t<div class=\"elementor-section-wrap\">\n\t\t\t\t\t\t\t<section class=\"elementor-section elementor-top-section elementor-element elementor-element-00e3176 elementor-section-stretched elementor-section-boxed elementor-section-height-default elementor-section-height-default\" data-id=\"00e3176\" data-element_type=\"section\" data-settings=\"{&quot;stretch_section&quot;:&quot;section-stretched&quot;,&quot;background_background&quot;:&quot;classic&quot;}\">\n\t\t\t\t\t\t<div class=\"elementor-container elementor-column-gap-default\">\n\t\t\t\t\t\t\t<div class=\"elementor-row\">\n\t\t\t\t\t<div class=\"elementor-column elementor-col-25 elementor-top-column elementor-element elementor-element-06e49bd\" data-id=\"06e49bd\" data-element_type=\"column\">\n\t\t\t<div class=\"elementor-column-wrap elementor-element-populated\">\n\t\t\t\t\t\t\t<div class=\"elementor-widget-wrap\">\n\t\t\t\t\t\t<div class=\"elementor-element elementor-element-aa75fb5 elementor-align-center elementor-widget elementor-widget-button\" data-id=\"aa75fb5\" data-element_type=\"widget\" data-widget_type=\"button.default\">\n\t\t\t\t<div class=\"elementor-widget-container\">\n\t\t\t\t\t<div class=\"elementor-button-wrapper\">\n\t\t\t<a href=\"http:\/\/spoti.fi\/3rHJxly%20\" class=\"elementor-button-link elementor-button elementor-size-sm\" role=\"button\">\n\t\t\t\t\t\t<span class=\"elementor-button-content-wrapper\">\n\t\t\t\t\t\t<span class=\"elementor-button-text\">SPOTIFY<\/span>\n\t\t<\/span>\n\t\t\t\t\t<\/a>\n\t\t<\/div>\n\t\t\t\t<\/div>\n\t\t\t\t<\/div>\n\t\t\t\t\t\t<\/div>\n\t\t\t\t\t<\/div>\n\t\t<\/div>\n\t\t\t\t<div class=\"elementor-column elementor-col-25 elementor-top-column elementor-element elementor-element-5b350de\" data-id=\"5b350de\" data-element_type=\"column\">\n\t\t\t<div class=\"elementor-column-wrap elementor-element-populated\">\n\t\t\t\t\t\t\t<div class=\"elementor-widget-wrap\">\n\t\t\t\t\t\t<div class=\"elementor-element elementor-element-fdf5601 elementor-align-center elementor-widget elementor-widget-button\" data-id=\"fdf5601\" data-element_type=\"widget\" data-widget_type=\"button.default\">\n\t\t\t\t<div class=\"elementor-widget-container\">\n\t\t\t\t\t<div class=\"elementor-button-wrapper\">\n\t\t\t<a href=\"http:\/\/apple.co\/3t3F8tO%20\" class=\"elementor-button-link elementor-button elementor-size-sm\" role=\"button\">\n\t\t\t\t\t\t<span class=\"elementor-button-content-wrapper\">\n\t\t\t\t\t\t<span class=\"elementor-button-text\">APPLE MUSIC<\/span>\n\t\t<\/span>\n\t\t\t\t\t<\/a>\n\t\t<\/div>\n\t\t\t\t<\/div>\n\t\t\t\t<\/div>\n\t\t\t\t\t\t<\/div>\n\t\t\t\t\t<\/div>\n\t\t<\/div>\n\t\t\t\t<div class=\"elementor-column elementor-col-25 elementor-top-column elementor-element elementor-element-501c6de\" data-id=\"501c6de\" data-element_type=\"column\">\n\t\t\t<div class=\"elementor-column-wrap elementor-element-populated\">\n\t\t\t\t\t\t\t<div class=\"elementor-widget-wrap\">\n\t\t\t\t\t\t<div class=\"elementor-element elementor-element-d8696ee elementor-align-center elementor-widget elementor-widget-button\" data-id=\"d8696ee\" data-element_type=\"widget\" data-widget_type=\"button.default\">\n\t\t\t\t<div class=\"elementor-widget-container\">\n\t\t\t\t\t<div class=\"elementor-button-wrapper\">\n\t\t\t<a href=\"http:\/\/bit.ly\/2PLVZmu%20\" class=\"elementor-button-link elementor-button elementor-size-sm\" role=\"button\">\n\t\t\t\t\t\t<span class=\"elementor-button-content-wrapper\">\n\t\t\t\t\t\t<span class=\"elementor-button-text\">DEEZER<\/span>\n\t\t<\/span>\n\t\t\t\t\t<\/a>\n\t\t<\/div>\n\t\t\t\t<\/div>\n\t\t\t\t<\/div>\n\t\t\t\t\t\t<\/div>\n\t\t\t\t\t<\/div>\n\t\t<\/div>\n\t\t\t\t<div class=\"elementor-column elementor-col-25 elementor-top-column elementor-element elementor-element-fe27cee\" data-id=\"fe27cee\" data-element_type=\"column\">\n\t\t\t<div class=\"elementor-column-wrap elementor-element-populated\">\n\t\t\t\t\t\t\t<div class=\"elementor-widget-wrap\">\n\t\t\t\t\t\t<div class=\"elementor-element elementor-element-a570310 elementor-align-center elementor-widget elementor-widget-button\" data-id=\"a570310\" data-element_type=\"widget\" data-widget_type=\"button.default\">\n\t\t\t\t<div class=\"elementor-widget-container\">\n\t\t\t\t\t<div class=\"elementor-button-wrapper\">\n\t\t\t<a href=\"https:\/\/amzn.to\/3t6ltJp%20\" class=\"elementor-button-link elementor-button elementor-size-sm\" role=\"button\">\n\t\t\t\t\t\t<span class=\"elementor-button-content-wrapper\">\n\t\t\t\t\t\t<span class=\"elementor-button-text\">AMAZON MUSIC<\/span>\n\t\t<\/span>\n\t\t\t\t\t<\/a>\n\t\t<\/div>\n\t\t\t\t<\/div>\n\t\t\t\t<\/div>\n\t\t\t\t\t\t<\/div>\n\t\t\t\t\t<\/div>\n\t\t<\/div>\n\t\t\t\t\t\t\t\t<\/div>\n\t\t\t\t\t<\/div>\n\t\t<\/section>\n\t\t\t\t<section class=\"elementor-section elementor-top-section elementor-element elementor-element-a31c7f1 elementor-section-stretched elementor-section-boxed elementor-section-height-default elementor-section-height-default\" data-id=\"a31c7f1\" data-element_type=\"section\" data-settings=\"{&quot;stretch_section&quot;:&quot;section-stretched&quot;,&quot;background_background&quot;:&quot;classic&quot;}\">\n\t\t\t\t\t\t<div class=\"elementor-container elementor-column-gap-default\">\n\t\t\t\t\t\t\t<div class=\"elementor-row\">\n\t\t\t\t\t<div class=\"elementor-column elementor-col-100 elementor-top-column elementor-element elementor-element-e425439\" data-id=\"e425439\" data-element_type=\"column\">\n\t\t\t<div class=\"elementor-column-wrap elementor-element-populated\">\n\t\t\t\t\t\t\t<div class=\"elementor-widget-wrap\">\n\t\t\t\t\t\t<div class=\"elementor-element elementor-element-dfce0f3 elementor-widget elementor-widget-text-editor\" data-id=\"dfce0f3\" data-element_type=\"widget\" data-widget_type=\"text-editor.default\">\n\t\t\t\t<div class=\"elementor-widget-container\">\n\t\t\t\t\t\t\t\t<div class=\"elementor-text-editor elementor-clearfix\">\n\t\t\t\t<div><p style=\"text-align: center;\"><span style=\"color: #ffffff;\">Pa dar perreta perreta perreta<\/span><\/p><p style=\"text-align: center;\"><span style=\"color: #ffffff;\">Pa dar perreta perreta perreta<\/span><\/p><p style=\"text-align: center;\"><span style=\"color: #ffffff;\">Si tu novio no te la<\/span><\/p><p style=\"text-align: center;\"><span style=\"color: #ffffff;\">Mete que no se meta<\/span><\/p><p style=\"text-align: center;\"><span style=\"color: #ffffff;\">T\u00fa andas con la melod\u00eda secreta<\/span><\/p><p style=\"text-align: center;\"><span style=\"color: #ffffff;\">Mi casa parece una discoteca<\/span><\/p><p style=\"text-align: center;\"><span style=\"color: #ffffff;\">Dile que t\u00fa no est\u00e1s pa \u00e9l que t\u00fa est\u00e1s<\/span><\/p><p style=\"text-align: center;\"><span style=\"color: #ffffff;\">Pa<\/span><\/p><p style=\"text-align: center;\"><span style=\"color: #ffffff;\">Pa dar perreta perreta perreta<\/span><\/p><p style=\"text-align: center;\"><span style=\"color: #ffffff;\">Pa dar perreta perreta perreta<\/span><\/p><p style=\"text-align: center;\"><span style=\"color: #ffffff;\">Pa dar perreta perreta perreta<\/span><\/p><p style=\"text-align: center;\"><span style=\"color: #ffffff;\">Mami yo quiero la combi completa<\/span><\/p><p style=\"text-align: center;\"><span style=\"color: #ffffff;\">Pa dar perreta perreta perreta<\/span><\/p><p style=\"text-align: center;\"><span style=\"color: #ffffff;\">Pa dar perreta perreta perreta<\/span><\/p><p style=\"text-align: center;\"><span style=\"color: #ffffff;\">Pa dar perreta perreta perreta<\/span><\/p><p style=\"text-align: center;\"><span style=\"color: #ffffff;\">Chocha culo teta<\/span><\/p><p style=\"text-align: center;\"><span style=\"color: #ffffff;\">Los pies en la tierra la mente en Neptuno<\/span><\/p><p style=\"text-align: center;\"><span style=\"color: #ffffff;\">Me tiene muerto esto que consumo<\/span><\/p><p style=\"text-align: center;\"><span style=\"color: #ffffff;\">Al que se porte mal<\/span><\/p><p style=\"text-align: center;\"><span style=\"color: #ffffff;\">Le llamamos a Bruno<\/span><\/p><p style=\"text-align: center;\"><span style=\"color: #ffffff;\">Mucho gusto soy yo<\/span><\/p><p style=\"text-align: center;\"><span style=\"color: #ffffff;\">El flow mas cabron del siglo 21<\/span><\/p><p style=\"text-align: center;\"><span style=\"color: #ffffff;\">Mami mueve todo eso que te dieron pa mover<\/span><\/p><p style=\"text-align: center;\"><span style=\"color: #ffffff;\">Dile a tu novio que no llame que no est\u00e1s pa el<\/span><\/p><p style=\"text-align: center;\"><span style=\"color: #ffffff;\">Ya t\u00fa te diste cuenta que esto es otro nivel<\/span><\/p><p style=\"text-align: center;\"><span style=\"color: #ffffff;\">Pa dar perreta perreta perreta<\/span><\/p><p style=\"text-align: center;\"><span style=\"color: #ffffff;\">Pa dar perreta perreta perreta<\/span><\/p><p style=\"text-align: center;\"><span style=\"color: #ffffff;\">Pa dar perreta perreta perreta<\/span><\/p><p style=\"text-align: center;\"><span style=\"color: #ffffff;\">Mami yo quiero la combi completa<\/span><\/p><p style=\"text-align: center;\"><span style=\"color: #ffffff;\">Pa dar perreta perreta perreta<\/span><\/p><p style=\"text-align: center;\"><span style=\"color: #ffffff;\">Pa dar perreta perreta perreta<\/span><\/p><p style=\"text-align: center;\"><span style=\"color: #ffffff;\">Pa dar perreta perreta perreta<\/span><\/p><p style=\"text-align: center;\"><span style=\"color: #ffffff;\">Chocha culo teta<\/span><\/p><p style=\"text-align: center;\"><span style=\"color: #ffffff;\">Dale mueve ese culo que eso es un deporte<\/span><\/p><p style=\"text-align: center;\"><span style=\"color: #ffffff;\">Aqu\u00ed la que gana es la que m\u00e1s mal se porte<\/span><\/p><p style=\"text-align: center;\"><span style=\"color: #ffffff;\">Dile a tu novio que si esta pa lio pues que se reporte<\/span><\/p><p style=\"text-align: center;\"><span style=\"color: #ffffff;\">O que se sume y no se corte<\/span><\/p><p style=\"text-align: center;\"><span style=\"color: #ffffff;\">Andamo a 200<\/span><\/p><p style=\"text-align: center;\"><span style=\"color: #ffffff;\">Con lamborghini<\/span><\/p><p style=\"text-align: center;\"><span style=\"color: #ffffff;\">Todas las mujeres est\u00e1n en chores mini<\/span><\/p><p style=\"text-align: center;\"><span style=\"color: #ffffff;\">Yo quiero probar lo que est\u00e1 abajo del bikini<\/span><\/p><p style=\"text-align: center;\"><span style=\"color: #ffffff;\">Co\u00f1o no te muevas si ya es el abuso titi<\/span><\/p><p style=\"text-align: center;\"><span style=\"color: #ffffff;\">Aqu\u00ed to el mundo est\u00e1<\/span><\/p><p style=\"text-align: center;\"><span style=\"color: #ffffff;\">Pa dar perreta<\/span><\/p><p style=\"text-align: center;\"><span style=\"color: #ffffff;\">To los miky<\/span><\/p><p style=\"text-align: center;\"><span style=\"color: #ffffff;\">To los repa<\/span><\/p><p style=\"text-align: center;\"><span style=\"color: #ffffff;\">T\u00fa eres de los de rompiendo la discoteca<\/span><\/p><p style=\"text-align: center;\"><span style=\"color: #ffffff;\">Se lo met\u00ed y me dijo<\/span><\/p><p style=\"text-align: center;\"><span style=\"color: #ffffff;\">Pu\u00f1eta<\/span><\/p><p style=\"text-align: center;\"><span style=\"color: #ffffff;\">Mucha champa\u00f1a amigo mucho sirojo<\/span><\/p><p style=\"text-align: center;\"><span style=\"color: #ffffff;\">Muchas mujeres bailando<\/span><\/p><p style=\"text-align: center;\"><span style=\"color: #ffffff;\">Esto parece un gogo<\/span><\/p><p style=\"text-align: center;\"><span style=\"color: #ffffff;\">Dile a la jevita esa que me llamo<\/span><\/p><p style=\"text-align: center;\"><span style=\"color: #ffffff;\">Que estoy ready pa lo<\/span><\/p><p style=\"text-align: center;\"><span style=\"color: #ffffff;\">Que pa eso traiga 2<\/span><\/p><p style=\"text-align: center;\"><span style=\"color: #ffffff;\">Pa dar perreta perreta perreta<\/span><\/p><p style=\"text-align: center;\"><span style=\"color: #ffffff;\">Pa dar perreta perreta perreta<\/span><\/p><p style=\"text-align: center;\"><span style=\"color: #ffffff;\">Pa dar perreta perreta perreta<\/span><\/p><p style=\"text-align: center;\"><span style=\"color: #ffffff;\">Mami yo quiero la combi completa<\/span><\/p><p style=\"text-align: center;\"><span style=\"color: #ffffff;\">Pa dar perreta perreta perreta<\/span><\/p><p style=\"text-align: center;\"><span style=\"color: #ffffff;\">Pa dar perreta perreta perreta<\/span><\/p><p style=\"text-align: center;\"><span style=\"color: #ffffff;\">Pa dar perreta perreta perreta<\/span><\/p><p style=\"text-align: center;\"><span style=\"color: #ffffff;\">Chocha culo teta<\/span><\/p><p style=\"text-align: center;\"><span style=\"color: #ffffff;\">M\u00edo<\/span><\/p><p style=\"text-align: center;\"><span style=\"color: #ffffff;\">D\u00e9jame decirte una cosa<\/span><\/p><p style=\"text-align: center;\"><span style=\"color: #ffffff;\">Canta m\u00e1s alto que aqu\u00ed arriba no te escucho<\/span><\/p><p style=\"text-align: center;\"><span style=\"color: #ffffff;\">No te escucho<\/span><\/p><p style=\"text-align: center;\"><span style=\"color: #ffffff;\">Ustedes saben ya<\/span><\/p><p style=\"text-align: center;\"><span style=\"color: #ffffff;\">La compa\u00f1\u00eda m\u00e1s cabrona<\/span><\/p><p style=\"text-align: center;\"><span style=\"color: #ffffff;\">De este fucking genero<\/span><\/p><p style=\"text-align: center;\"><span style=\"color: #ffffff;\">Di Benedetto<\/span><\/p><p style=\"text-align: center;\"><span style=\"color: #ffffff;\">D\u00e9jense de falta de respeto<\/span><\/p><p style=\"text-align: center;\"><span style=\"color: #ffffff;\">D\u00edmelo Dachay<\/span><\/p><p style=\"text-align: center;\"><span style=\"color: #ffffff;\">Enzo la melod\u00eda secreta<\/span><\/p><\/div>\t\t\t\t\t<\/div>\n\t\t\t\t\t\t<\/div>\n\t\t\t\t<\/div>\n\t\t\t\t\t\t<\/div>\n\t\t\t\t\t<\/div>\n\t\t<\/div>\n\t\t\t\t\t\t\t\t<\/div>\n\t\t\t\t\t<\/div>\n\t\t<\/section>\n\t\t\t\t\t\t<\/div>\n\t\t\t\t\t\t<\/div>\n\t\t\t\t\t<\/div>\n\t\t","protected":false},"excerpt":{"rendered":"<p>SPOTIFY APPLE MUSIC DEEZER AMAZON MUSIC Pa dar perreta perreta perreta Pa dar perreta perreta perreta Si tu novio no te la Mete que no se meta T\u00fa andas con la melod\u00eda secreta Mi casa parece una discoteca Dile que t\u00fa no est\u00e1s pa \u00e9l que t\u00fa est\u00e1s Pa Pa dar perreta perreta perreta Pa.<\/p>\n","protected":false},"author":1,"featured_media":0,"parent":0,"menu_order":0,"comment_status":"closed","ping_status":"closed","template":"","meta":{"footnotes":""},"categories":[42],"tags":[],"class_list":["post-4766","page","type-page","status-publish","hentry","category-testi"],"yoast_head":"<!-- This site is optimized with the Yoast SEO plugin v19.6.1 - https:\/\/yoast.com\/wordpress\/plugins\/seo\/ -->\n<title>Perreta - Di Benedetto Productions<\/title>\n<meta name=\"robots\" content=\"index, follow, max-snippet:-1, max-image-preview:large, max-video-preview:-1\" \/>\n<link rel=\"canonical\" href=\"https:\/\/dibenedettoproductions.com\/?page_id=4766\" \/>\n<meta property=\"og:locale\" content=\"it_IT\" \/>\n<meta property=\"og:type\" content=\"article\" \/>\n<meta property=\"og:title\" content=\"Perreta - Di Benedetto Productions\" \/>\n<meta property=\"og:description\" content=\"SPOTIFY APPLE MUSIC DEEZER AMAZON MUSIC Pa dar perreta perreta perreta Pa dar perreta perreta perreta Si tu novio no te la Mete que no se meta T\u00fa andas con la melod\u00eda secreta Mi casa parece una discoteca Dile que t\u00fa no est\u00e1s pa \u00e9l que t\u00fa est\u00e1s Pa Pa dar perreta perreta perreta Pa.\" \/>\n<meta property=\"og:url\" content=\"https:\/\/dibenedettoproductions.com\/?page_id=4766\" \/>\n<meta property=\"og:site_name\" content=\"Di Benedetto Productions\" \/>\n<meta property=\"article:modified_time\" content=\"2021-08-06T07:02:52+00:00\" \/>\n<meta name=\"twitter:card\" content=\"summary_large_image\" \/>\n<meta name=\"twitter:label1\" content=\"Tempo di lettura stimato\" \/>\n\t<meta name=\"twitter:data1\" content=\"2 minuti\" \/>\n<script type=\"application\/ld+json\" class=\"yoast-schema-graph\">{\"@context\":\"https:\/\/schema.org\",\"@graph\":[{\"@type\":\"WebPage\",\"@id\":\"https:\/\/dibenedettoproductions.com\/?page_id=4766\",\"url\":\"https:\/\/dibenedettoproductions.com\/?page_id=4766\",\"name\":\"Perreta - Di Benedetto Productions\",\"isPartOf\":{\"@id\":\"https:\/\/dibenedettoproductions.com\/#website\"},\"datePublished\":\"2021-03-19T10:47:24+00:00\",\"dateModified\":\"2021-08-06T07:02:52+00:00\",\"breadcrumb\":{\"@id\":\"https:\/\/dibenedettoproductions.com\/?page_id=4766#breadcrumb\"},\"inLanguage\":\"it-IT\",\"potentialAction\":[{\"@type\":\"ReadAction\",\"target\":[\"https:\/\/dibenedettoproductions.com\/?page_id=4766\"]}]},{\"@type\":\"BreadcrumbList\",\"@id\":\"https:\/\/dibenedettoproductions.com\/?page_id=4766#breadcrumb\",\"itemListElement\":[{\"@type\":\"ListItem\",\"position\":1,\"name\":\"Home\",\"item\":\"https:\/\/dibenedettoproductions.com\/\"},{\"@type\":\"ListItem\",\"position\":2,\"name\":\"Perreta\"}]},{\"@type\":\"WebSite\",\"@id\":\"https:\/\/dibenedettoproductions.com\/#website\",\"url\":\"https:\/\/dibenedettoproductions.com\/\",\"name\":\"Di Benedetto Productions\",\"description\":\"\",\"publisher\":{\"@id\":\"https:\/\/dibenedettoproductions.com\/#organization\"},\"potentialAction\":[{\"@type\":\"SearchAction\",\"target\":{\"@type\":\"EntryPoint\",\"urlTemplate\":\"https:\/\/dibenedettoproductions.com\/?s={search_term_string}\"},\"query-input\":\"required name=search_term_string\"}],\"inLanguage\":\"it-IT\"},{\"@type\":\"Organization\",\"@id\":\"https:\/\/dibenedettoproductions.com\/#organization\",\"name\":\"DI BENEDETTO PRODUCTIONS\",\"url\":\"https:\/\/dibenedettoproductions.com\/\",\"sameAs\":[],\"logo\":{\"@type\":\"ImageObject\",\"inLanguage\":\"it-IT\",\"@id\":\"https:\/\/dibenedettoproductions.com\/#\/schema\/logo\/image\/\",\"url\":\"https:\/\/dibenedettoproductions.com\/wp-content\/uploads\/2021\/09\/logo_di_benedetto_productions.jpg\",\"contentUrl\":\"https:\/\/dibenedettoproductions.com\/wp-content\/uploads\/2021\/09\/logo_di_benedetto_productions.jpg\",\"width\":225,\"height\":225,\"caption\":\"DI BENEDETTO PRODUCTIONS\"},\"image\":{\"@id\":\"https:\/\/dibenedettoproductions.com\/#\/schema\/logo\/image\/\"}}]}<\/script>\n<!-- \/ Yoast SEO plugin. -->","yoast_head_json":{"title":"Perreta - Di Benedetto Productions","robots":{"index":"index","follow":"follow","max-snippet":"max-snippet:-1","max-image-preview":"max-image-preview:large","max-video-preview":"max-video-preview:-1"},"canonical":"https:\/\/dibenedettoproductions.com\/?page_id=4766","og_locale":"it_IT","og_type":"article","og_title":"Perreta - Di Benedetto Productions","og_description":"SPOTIFY APPLE MUSIC DEEZER AMAZON MUSIC Pa dar perreta perreta perreta Pa dar perreta perreta perreta Si tu novio no te la Mete que no se meta T\u00fa andas con la melod\u00eda secreta Mi casa parece una discoteca Dile que t\u00fa no est\u00e1s pa \u00e9l que t\u00fa est\u00e1s Pa Pa dar perreta perreta perreta Pa.","og_url":"https:\/\/dibenedettoproductions.com\/?page_id=4766","og_site_name":"Di Benedetto Productions","article_modified_time":"2021-08-06T07:02:52+00:00","twitter_card":"summary_large_image","twitter_misc":{"Tempo di lettura stimato":"2 minuti"},"schema":{"@context":"https:\/\/schema.org","@graph":[{"@type":"WebPage","@id":"https:\/\/dibenedettoproductions.com\/?page_id=4766","url":"https:\/\/dibenedettoproductions.com\/?page_id=4766","name":"Perreta - Di Benedetto Productions","isPartOf":{"@id":"https:\/\/dibenedettoproductions.com\/#website"},"datePublished":"2021-03-19T10:47:24+00:00","dateModified":"2021-08-06T07:02:52+00:00","breadcrumb":{"@id":"https:\/\/dibenedettoproductions.com\/?page_id=4766#breadcrumb"},"inLanguage":"it-IT","potentialAction":[{"@type":"ReadAction","target":["https:\/\/dibenedettoproductions.com\/?page_id=4766"]}]},{"@type":"BreadcrumbList","@id":"https:\/\/dibenedettoproductions.com\/?page_id=4766#breadcrumb","itemListElement":[{"@type":"ListItem","position":1,"name":"Home","item":"https:\/\/dibenedettoproductions.com\/"},{"@type":"ListItem","position":2,"name":"Perreta"}]},{"@type":"WebSite","@id":"https:\/\/dibenedettoproductions.com\/#website","url":"https:\/\/dibenedettoproductions.com\/","name":"Di Benedetto Productions","description":"","publisher":{"@id":"https:\/\/dibenedettoproductions.com\/#organization"},"potentialAction":[{"@type":"SearchAction","target":{"@type":"EntryPoint","urlTemplate":"https:\/\/dibenedettoproductions.com\/?s={search_term_string}"},"query-input":"required name=search_term_string"}],"inLanguage":"it-IT"},{"@type":"Organization","@id":"https:\/\/dibenedettoproductions.com\/#organization","name":"DI BENEDETTO PRODUCTIONS","url":"https:\/\/dibenedettoproductions.com\/","sameAs":[],"logo":{"@type":"ImageObject","inLanguage":"it-IT","@id":"https:\/\/dibenedettoproductions.com\/#\/schema\/logo\/image\/","url":"https:\/\/dibenedettoproductions.com\/wp-content\/uploads\/2021\/09\/logo_di_benedetto_productions.jpg","contentUrl":"https:\/\/dibenedettoproductions.com\/wp-content\/uploads\/2021\/09\/logo_di_benedetto_productions.jpg","width":225,"height":225,"caption":"DI BENEDETTO PRODUCTIONS"},"image":{"@id":"https:\/\/dibenedettoproductions.com\/#\/schema\/logo\/image\/"}}]}},"_links":{"self":[{"href":"https:\/\/dibenedettoproductions.com\/index.php?rest_route=\/wp\/v2\/pages\/4766","targetHints":{"allow":["GET"]}}],"collection":[{"href":"https:\/\/dibenedettoproductions.com\/index.php?rest_route=\/wp\/v2\/pages"}],"about":[{"href":"https:\/\/dibenedettoproductions.com\/index.php?rest_route=\/wp\/v2\/types\/page"}],"author":[{"embeddable":true,"href":"https:\/\/dibenedettoproductions.com\/index.php?rest_route=\/wp\/v2\/users\/1"}],"replies":[{"embeddable":true,"href":"https:\/\/dibenedettoproductions.com\/index.php?rest_route=%2Fwp%2Fv2%2Fcomments&post=4766"}],"version-history":[{"count":7,"href":"https:\/\/dibenedettoproductions.com\/index.php?rest_route=\/wp\/v2\/pages\/4766\/revisions"}],"predecessor-version":[{"id":5851,"href":"https:\/\/dibenedettoproductions.com\/index.php?rest_route=\/wp\/v2\/pages\/4766\/revisions\/5851"}],"wp:attachment":[{"href":"https:\/\/dibenedettoproductions.com\/index.php?rest_route=%2Fwp%2Fv2%2Fmedia&parent=4766"}],"wp:term":[{"taxonomy":"category","embeddable":true,"href":"https:\/\/dibenedettoproductions.com\/index.php?rest_route=%2Fwp%2Fv2%2Fcategories&post=4766"},{"taxonomy":"post_tag","embeddable":true,"href":"https:\/\/dibenedettoproductions.com\/index.php?rest_route=%2Fwp%2Fv2%2Ftags&post=4766"}],"curies":[{"name":"wp","href":"https:\/\/api.w.org\/{rel}","templated":true}]}}