{"id":4384,"date":"2021-02-25T11:41:25","date_gmt":"2021-02-25T11:41:25","guid":{"rendered":"https:\/\/dibenedettoproductions.com\/?page_id=4384"},"modified":"2021-08-05T15:01:32","modified_gmt":"2021-08-05T15:01:32","slug":"corone","status":"publish","type":"page","link":"https:\/\/dibenedettoproductions.com\/?page_id=4384","title":{"rendered":"Coron\u00e9"},"content":{"rendered":"\t\t<div data-elementor-type=\"wp-page\" data-elementor-id=\"4384\" class=\"elementor elementor-4384\" data-elementor-settings=\"[]\">\n\t\t\t\t\t\t<div class=\"elementor-inner\">\n\t\t\t\t\t\t\t<div class=\"elementor-section-wrap\">\n\t\t\t\t\t\t\t<section class=\"elementor-section elementor-top-section elementor-element elementor-element-ef5b2e3 elementor-section-stretched elementor-section-boxed elementor-section-height-default elementor-section-height-default\" data-id=\"ef5b2e3\" data-element_type=\"section\" data-settings=\"{&quot;stretch_section&quot;:&quot;section-stretched&quot;,&quot;background_background&quot;:&quot;classic&quot;}\">\n\t\t\t\t\t\t<div class=\"elementor-container elementor-column-gap-default\">\n\t\t\t\t\t\t\t<div class=\"elementor-row\">\n\t\t\t\t\t<div class=\"elementor-column elementor-col-25 elementor-top-column elementor-element elementor-element-2cb84a4\" data-id=\"2cb84a4\" data-element_type=\"column\">\n\t\t\t<div class=\"elementor-column-wrap elementor-element-populated\">\n\t\t\t\t\t\t\t<div class=\"elementor-widget-wrap\">\n\t\t\t\t\t\t<div class=\"elementor-element elementor-element-b86074f elementor-align-center elementor-widget elementor-widget-button\" data-id=\"b86074f\" data-element_type=\"widget\" data-widget_type=\"button.default\">\n\t\t\t\t<div class=\"elementor-widget-container\">\n\t\t\t\t\t<div class=\"elementor-button-wrapper\">\n\t\t\t<a href=\"https:\/\/open.spotify.com\/track\/3rS83eXg3RmjBzzGiHcD1P?si=eAiteW_0Siarj-8lYNnXUA%20\" class=\"elementor-button-link elementor-button elementor-size-sm\" role=\"button\">\n\t\t\t\t\t\t<span class=\"elementor-button-content-wrapper\">\n\t\t\t\t\t\t<span class=\"elementor-button-text\">SPOTIFY<\/span>\n\t\t<\/span>\n\t\t\t\t\t<\/a>\n\t\t<\/div>\n\t\t\t\t<\/div>\n\t\t\t\t<\/div>\n\t\t\t\t\t\t<\/div>\n\t\t\t\t\t<\/div>\n\t\t<\/div>\n\t\t\t\t<div class=\"elementor-column elementor-col-25 elementor-top-column elementor-element elementor-element-0b8c793\" data-id=\"0b8c793\" data-element_type=\"column\">\n\t\t\t<div class=\"elementor-column-wrap elementor-element-populated\">\n\t\t\t\t\t\t\t<div class=\"elementor-widget-wrap\">\n\t\t\t\t\t\t<div class=\"elementor-element elementor-element-c86be8f elementor-align-center elementor-widget elementor-widget-button\" data-id=\"c86be8f\" data-element_type=\"widget\" data-widget_type=\"button.default\">\n\t\t\t\t<div class=\"elementor-widget-container\">\n\t\t\t\t\t<div class=\"elementor-button-wrapper\">\n\t\t\t<a href=\"https:\/\/music.apple.com\/us\/album\/corone\/1476006036?i=1476006037\" class=\"elementor-button-link elementor-button elementor-size-sm\" role=\"button\">\n\t\t\t\t\t\t<span class=\"elementor-button-content-wrapper\">\n\t\t\t\t\t\t<span class=\"elementor-button-text\">APPLE MUSIC<\/span>\n\t\t<\/span>\n\t\t\t\t\t<\/a>\n\t\t<\/div>\n\t\t\t\t<\/div>\n\t\t\t\t<\/div>\n\t\t\t\t\t\t<\/div>\n\t\t\t\t\t<\/div>\n\t\t<\/div>\n\t\t\t\t<div class=\"elementor-column elementor-col-25 elementor-top-column elementor-element elementor-element-c612be0\" data-id=\"c612be0\" data-element_type=\"column\">\n\t\t\t<div class=\"elementor-column-wrap elementor-element-populated\">\n\t\t\t\t\t\t\t<div class=\"elementor-widget-wrap\">\n\t\t\t\t\t\t<div class=\"elementor-element elementor-element-4bf6888 elementor-align-center elementor-widget elementor-widget-button\" data-id=\"4bf6888\" data-element_type=\"widget\" data-widget_type=\"button.default\">\n\t\t\t\t<div class=\"elementor-widget-container\">\n\t\t\t\t\t<div class=\"elementor-button-wrapper\">\n\t\t\t<a href=\"https:\/\/deezer.page.link\/W5zKQJucoUfjCiSL7%20\" class=\"elementor-button-link elementor-button elementor-size-sm\" role=\"button\">\n\t\t\t\t\t\t<span class=\"elementor-button-content-wrapper\">\n\t\t\t\t\t\t<span class=\"elementor-button-text\">DEEZER<\/span>\n\t\t<\/span>\n\t\t\t\t\t<\/a>\n\t\t<\/div>\n\t\t\t\t<\/div>\n\t\t\t\t<\/div>\n\t\t\t\t\t\t<\/div>\n\t\t\t\t\t<\/div>\n\t\t<\/div>\n\t\t\t\t<div class=\"elementor-column elementor-col-25 elementor-top-column elementor-element elementor-element-8fe6ee0\" data-id=\"8fe6ee0\" data-element_type=\"column\">\n\t\t\t<div class=\"elementor-column-wrap elementor-element-populated\">\n\t\t\t\t\t\t\t<div class=\"elementor-widget-wrap\">\n\t\t\t\t\t\t<div class=\"elementor-element elementor-element-657df74 elementor-align-center elementor-widget elementor-widget-button\" data-id=\"657df74\" data-element_type=\"widget\" data-widget_type=\"button.default\">\n\t\t\t\t<div class=\"elementor-widget-container\">\n\t\t\t\t\t<div class=\"elementor-button-wrapper\">\n\t\t\t<a href=\"https:\/\/music.amazon.com\/albums\/B07W6XTGHX?trackAsin=B07W6XSQ6R&#038;ref=dm_sh_6a86-f3ce-dmcp-c632-8c40d&#038;musicTerritory=US&#038;marketplaceId=ATVPDKIKX0DER%20\" class=\"elementor-button-link elementor-button elementor-size-sm\" role=\"button\">\n\t\t\t\t\t\t<span class=\"elementor-button-content-wrapper\">\n\t\t\t\t\t\t<span class=\"elementor-button-text\">AMAZON MUSIC<\/span>\n\t\t<\/span>\n\t\t\t\t\t<\/a>\n\t\t<\/div>\n\t\t\t\t<\/div>\n\t\t\t\t<\/div>\n\t\t\t\t\t\t<\/div>\n\t\t\t\t\t<\/div>\n\t\t<\/div>\n\t\t\t\t\t\t\t\t<\/div>\n\t\t\t\t\t<\/div>\n\t\t<\/section>\n\t\t\t\t<section class=\"elementor-section elementor-top-section elementor-element elementor-element-9857f5d elementor-section-stretched elementor-section-boxed elementor-section-height-default elementor-section-height-default\" data-id=\"9857f5d\" data-element_type=\"section\" data-settings=\"{&quot;stretch_section&quot;:&quot;section-stretched&quot;,&quot;background_background&quot;:&quot;classic&quot;}\">\n\t\t\t\t\t\t<div class=\"elementor-container elementor-column-gap-default\">\n\t\t\t\t\t\t\t<div class=\"elementor-row\">\n\t\t\t\t\t<div class=\"elementor-column elementor-col-100 elementor-top-column elementor-element elementor-element-7ec023e\" data-id=\"7ec023e\" data-element_type=\"column\">\n\t\t\t<div class=\"elementor-column-wrap elementor-element-populated\">\n\t\t\t\t\t\t\t<div class=\"elementor-widget-wrap\">\n\t\t\t\t\t\t<div class=\"elementor-element elementor-element-06c4d3c elementor-widget elementor-widget-text-editor\" data-id=\"06c4d3c\" data-element_type=\"widget\" data-widget_type=\"text-editor.default\">\n\t\t\t\t<div class=\"elementor-widget-container\">\n\t\t\t\t\t\t\t\t<div class=\"elementor-text-editor elementor-clearfix\">\n\t\t\t\t<div><p style=\"text-align: center;\"><span style=\"color: #ffffff;\">Dice oye que lo que que lo que \u00e9l es Raudel chulito dj \u00c9l es Raudel<\/span><\/p><p style=\"text-align: center;\"><span style=\"color: #ffffff;\">Regres\u00f3 pap\u00e1 les vine a cambiar el juego si en m\u00ed no confiaron porque me llaman de nuevo<\/span><\/p><p style=\"text-align: center;\"><span style=\"color: #ffffff;\">Mira que se los dije que yo no tengo relevo ahora sentaditos ah\u00ed observen como yo me elevo<\/span><\/p><p style=\"text-align: center;\"><span style=\"color: #ffffff;\">Ahora lo hago diferente ellos me miran diferente aunque suena arrogante como dice mucha gente<\/span><\/p><p style=\"text-align: center;\"><span style=\"color: #ffffff;\">Me puse pa lo m\u00edo y me olvid\u00e9 de ti demente<\/span><\/p><p style=\"text-align: center;\"><span style=\"color: #ffffff;\">Ahora son caros mis zapatos ahora son caros todos mis lentes<\/span><\/p><p style=\"text-align: center;\"><span style=\"color: #ffffff;\">No compares mi talento con el de otra gente no es lo mismo 1300 qu\u00e9 320<\/span><\/p><p style=\"text-align: center;\"><span style=\"color: #ffffff;\">Los envidiosos delsen un stop delsen un detente<\/span><\/p><p style=\"text-align: center;\"><span style=\"color: #ffffff;\">Y no traten de nadar contra la corriente como se pusieron muchos cuando firme con Di Benedetto<\/span><\/p><p style=\"text-align: center;\"><span style=\"color: #ffffff;\">Porque saben c\u00f3mo es que me pongo y c\u00f3mo es que le meto<\/span><\/p><p style=\"text-align: center;\"><span style=\"color: #ffffff;\">Y es que para nadie es un secreto entre muchos que ya est\u00e1n se col\u00f3 un artista pero bien completo<\/span><\/p><p style=\"text-align: center;\"><span style=\"color: #ffffff;\">Ya nadie puede hablar de mis canciones porque muchos tienen un laboratorio llenos de micrones<\/span><\/p><p style=\"text-align: center;\"><span style=\"color: #ffffff;\">Lambones Sin disposiciones con cuatro intenciones a ver si alguno llega mis talones<\/span><\/p><p style=\"text-align: center;\"><span style=\"color: #ffffff;\">Me cerraron 1000 puertas y ya t\u00fa ves me subestimaron y ya t\u00fa ves<\/span><\/p><p style=\"text-align: center;\"><span style=\"color: #ffffff;\">Y yo segu\u00ed palente a nada de eso le par\u00e9 me puse pa lo m\u00edo Y a la vuelta corone<\/span><\/p><p style=\"text-align: center;\"><span style=\"color: #ffffff;\">Me cerraron 1000 puertas y ya t\u00fa ves me subestimaron y ya t\u00fa ves<\/span><\/p><p style=\"text-align: center;\"><span style=\"color: #ffffff;\">Y yo segu\u00ed pa lante a nada de eso le par\u00e9 me puse pa lo m\u00edo Y a la vuelta corone<\/span><\/p><p style=\"text-align: center;\"><span style=\"color: #ffffff;\">Y a la vuelta Corone Y a la vuelta Corone Y a la vuelta Corone<\/span><\/p><p style=\"text-align: center;\"><span style=\"color: #ffffff;\">Y a la vuelta Corone Y a la vuelta Corone<\/span><\/p><p style=\"text-align: center;\"><span style=\"color: #ffffff;\">Me di cuenta mano que para ustedes soy necesario<\/span><\/p><p style=\"text-align: center;\"><span style=\"color: #ffffff;\">Rapero que yo le tire suena por nueve d\u00edas en su barrio<\/span><\/p><p style=\"text-align: center;\"><span style=\"color: #ffffff;\">No existe competencia ni adversario ustedes est\u00e1n en m\u00ed y yo estoy en hacerme millonario<\/span><\/p><p style=\"text-align: center;\"><span style=\"color: #ffffff;\">Todo lo que empiezo termino lo que me propongo cumplo eso lo sabe mi padrino<\/span><\/p><p style=\"text-align: center;\"><span style=\"color: #ffffff;\">Yo s\u00e9 que t\u00fa te preguntas y este loco de d\u00f3nde vino<\/span><\/p><p style=\"text-align: center;\"><span style=\"color: #ffffff;\">Mi respuesta es una sola no te metas en mi camino<\/span><\/p><p style=\"text-align: center;\"><span style=\"color: #ffffff;\">Que t\u00fa eres artista y por eso es una pluma est\u00e1 elevando los puntos suspensivos te dejo en coma<\/span><\/p><p style=\"text-align: center;\"><span style=\"color: #ffffff;\">Lo malo es decirte lo que se asoma no compares un gavil\u00e1n nunca con una paloma<\/span><\/p><p style=\"text-align: center;\"><span style=\"color: #ffffff;\">Sigue t\u00fa con tu habladera y yo en producidera escribir y pegarse Man eso no lo hace cualquiera<\/span><\/p><p style=\"text-align: center;\"><span style=\"color: #ffffff;\">Sigue tu all\u00e1 adentro yo aqu\u00ed afuera deber\u00edas cantar baladas porque t\u00fa eres un sin bandera<\/span><\/p><p style=\"text-align: center;\"><span style=\"color: #ffffff;\">Hay unos cuantos que est\u00e1n duros pero no est\u00e1n en el gusto popular<\/span><\/p><p style=\"text-align: center;\"><span style=\"color: #ffffff;\">Hay unos cuantos que le est\u00e1 doliendo verme progresar<\/span><\/p><p style=\"text-align: center;\"><span style=\"color: #ffffff;\">Amigo en verdad t\u00fa tienes que parar la diferencia entre t\u00fa y la playa t\u00fa tienes m\u00e1s sal<\/span><\/p><p style=\"text-align: center;\"><span style=\"color: #ffffff;\">Me cerraron 1000 puertas y ya t\u00fa ves me subestimaron y ya t\u00fa ves<\/span><\/p><p style=\"text-align: center;\"><span style=\"color: #ffffff;\">Y yo segu\u00ed pa lante a nada de eso le par\u00e9 me puse para lo m\u00edo y a la vuelta corone<\/span><\/p><p style=\"text-align: center;\"><span style=\"color: #ffffff;\">Me cerraron 1000 puertas y ya t\u00fa ves me subestimaron y ya t\u00fa ves<\/span><\/p><p style=\"text-align: center;\"><span style=\"color: #ffffff;\">Y yo segu\u00ed pa lante a nada de eso le par\u00e9 me puse para lo m\u00edo y a la vuelta corone<\/span><\/p><p style=\"text-align: center;\"><span style=\"color: #ffffff;\">Y a la vuelta corone y a la vuelta corone y a la vuelta corone y a la vuelta corone<\/span><\/p><p style=\"text-align: center;\"><span style=\"color: #ffffff;\">Di Benedetto producci\u00f3n ya t\u00fa sabes \u00e9l es Raudel Chulito DJ<\/span><\/p><p style=\"text-align: center;\"><span style=\"color: #ffffff;\">Arrasando con todo la far\u00e1ndula italiana activa llegamos para quedarnos con todo<\/span><\/p><p style=\"text-align: center;\"><span style=\"color: #ffffff;\">Y a la vuelta Corone Y a la vuelta Coron\u00e8<\/span><\/p><\/div>\t\t\t\t\t<\/div>\n\t\t\t\t\t\t<\/div>\n\t\t\t\t<\/div>\n\t\t\t\t\t\t<\/div>\n\t\t\t\t\t<\/div>\n\t\t<\/div>\n\t\t\t\t\t\t\t\t<\/div>\n\t\t\t\t\t<\/div>\n\t\t<\/section>\n\t\t\t\t\t\t<\/div>\n\t\t\t\t\t\t<\/div>\n\t\t\t\t\t<\/div>\n\t\t","protected":false},"excerpt":{"rendered":"<p>SPOTIFY APPLE MUSIC DEEZER AMAZON MUSIC Dice oye que lo que que lo que \u00e9l es Raudel chulito dj \u00c9l es Raudel Regres\u00f3 pap\u00e1 les vine a cambiar el juego si en m\u00ed no confiaron porque me llaman de nuevo Mira que se los dije que yo no tengo relevo ahora sentaditos ah\u00ed observen como.<\/p>\n","protected":false},"author":1,"featured_media":0,"parent":0,"menu_order":0,"comment_status":"closed","ping_status":"closed","template":"","meta":{"footnotes":""},"categories":[42],"tags":[],"class_list":["post-4384","page","type-page","status-publish","hentry","category-testi"],"yoast_head":"<!-- This site is optimized with the Yoast SEO plugin v19.6.1 - https:\/\/yoast.com\/wordpress\/plugins\/seo\/ -->\n<title>Coron\u00e9 - Di Benedetto Productions<\/title>\n<meta name=\"robots\" content=\"index, follow, max-snippet:-1, max-image-preview:large, max-video-preview:-1\" \/>\n<link rel=\"canonical\" href=\"https:\/\/dibenedettoproductions.com\/?page_id=4384\" \/>\n<meta property=\"og:locale\" content=\"it_IT\" \/>\n<meta property=\"og:type\" content=\"article\" \/>\n<meta property=\"og:title\" content=\"Coron\u00e9 - Di Benedetto Productions\" \/>\n<meta property=\"og:description\" content=\"SPOTIFY APPLE MUSIC DEEZER AMAZON MUSIC Dice oye que lo que que lo que \u00e9l es Raudel chulito dj \u00c9l es Raudel Regres\u00f3 pap\u00e1 les vine a cambiar el juego si en m\u00ed no confiaron porque me llaman de nuevo Mira que se los dije que yo no tengo relevo ahora sentaditos ah\u00ed observen como.\" \/>\n<meta property=\"og:url\" content=\"https:\/\/dibenedettoproductions.com\/?page_id=4384\" \/>\n<meta property=\"og:site_name\" content=\"Di Benedetto Productions\" \/>\n<meta property=\"article:modified_time\" content=\"2021-08-05T15:01:32+00:00\" \/>\n<meta name=\"twitter:card\" content=\"summary_large_image\" \/>\n<meta name=\"twitter:label1\" content=\"Tempo di lettura stimato\" \/>\n\t<meta name=\"twitter:data1\" content=\"3 minuti\" \/>\n<script type=\"application\/ld+json\" class=\"yoast-schema-graph\">{\"@context\":\"https:\/\/schema.org\",\"@graph\":[{\"@type\":\"WebPage\",\"@id\":\"https:\/\/dibenedettoproductions.com\/?page_id=4384\",\"url\":\"https:\/\/dibenedettoproductions.com\/?page_id=4384\",\"name\":\"Coron\u00e9 - Di Benedetto Productions\",\"isPartOf\":{\"@id\":\"https:\/\/dibenedettoproductions.com\/#website\"},\"datePublished\":\"2021-02-25T11:41:25+00:00\",\"dateModified\":\"2021-08-05T15:01:32+00:00\",\"breadcrumb\":{\"@id\":\"https:\/\/dibenedettoproductions.com\/?page_id=4384#breadcrumb\"},\"inLanguage\":\"it-IT\",\"potentialAction\":[{\"@type\":\"ReadAction\",\"target\":[\"https:\/\/dibenedettoproductions.com\/?page_id=4384\"]}]},{\"@type\":\"BreadcrumbList\",\"@id\":\"https:\/\/dibenedettoproductions.com\/?page_id=4384#breadcrumb\",\"itemListElement\":[{\"@type\":\"ListItem\",\"position\":1,\"name\":\"Home\",\"item\":\"https:\/\/dibenedettoproductions.com\/\"},{\"@type\":\"ListItem\",\"position\":2,\"name\":\"Coron\u00e9\"}]},{\"@type\":\"WebSite\",\"@id\":\"https:\/\/dibenedettoproductions.com\/#website\",\"url\":\"https:\/\/dibenedettoproductions.com\/\",\"name\":\"Di Benedetto Productions\",\"description\":\"\",\"publisher\":{\"@id\":\"https:\/\/dibenedettoproductions.com\/#organization\"},\"potentialAction\":[{\"@type\":\"SearchAction\",\"target\":{\"@type\":\"EntryPoint\",\"urlTemplate\":\"https:\/\/dibenedettoproductions.com\/?s={search_term_string}\"},\"query-input\":\"required name=search_term_string\"}],\"inLanguage\":\"it-IT\"},{\"@type\":\"Organization\",\"@id\":\"https:\/\/dibenedettoproductions.com\/#organization\",\"name\":\"DI BENEDETTO PRODUCTIONS\",\"url\":\"https:\/\/dibenedettoproductions.com\/\",\"sameAs\":[],\"logo\":{\"@type\":\"ImageObject\",\"inLanguage\":\"it-IT\",\"@id\":\"https:\/\/dibenedettoproductions.com\/#\/schema\/logo\/image\/\",\"url\":\"https:\/\/dibenedettoproductions.com\/wp-content\/uploads\/2021\/09\/logo_di_benedetto_productions.jpg\",\"contentUrl\":\"https:\/\/dibenedettoproductions.com\/wp-content\/uploads\/2021\/09\/logo_di_benedetto_productions.jpg\",\"width\":225,\"height\":225,\"caption\":\"DI BENEDETTO PRODUCTIONS\"},\"image\":{\"@id\":\"https:\/\/dibenedettoproductions.com\/#\/schema\/logo\/image\/\"}}]}<\/script>\n<!-- \/ Yoast SEO plugin. -->","yoast_head_json":{"title":"Coron\u00e9 - Di Benedetto Productions","robots":{"index":"index","follow":"follow","max-snippet":"max-snippet:-1","max-image-preview":"max-image-preview:large","max-video-preview":"max-video-preview:-1"},"canonical":"https:\/\/dibenedettoproductions.com\/?page_id=4384","og_locale":"it_IT","og_type":"article","og_title":"Coron\u00e9 - Di Benedetto Productions","og_description":"SPOTIFY APPLE MUSIC DEEZER AMAZON MUSIC Dice oye que lo que que lo que \u00e9l es Raudel chulito dj \u00c9l es Raudel Regres\u00f3 pap\u00e1 les vine a cambiar el juego si en m\u00ed no confiaron porque me llaman de nuevo Mira que se los dije que yo no tengo relevo ahora sentaditos ah\u00ed observen como.","og_url":"https:\/\/dibenedettoproductions.com\/?page_id=4384","og_site_name":"Di Benedetto Productions","article_modified_time":"2021-08-05T15:01:32+00:00","twitter_card":"summary_large_image","twitter_misc":{"Tempo di lettura stimato":"3 minuti"},"schema":{"@context":"https:\/\/schema.org","@graph":[{"@type":"WebPage","@id":"https:\/\/dibenedettoproductions.com\/?page_id=4384","url":"https:\/\/dibenedettoproductions.com\/?page_id=4384","name":"Coron\u00e9 - Di Benedetto Productions","isPartOf":{"@id":"https:\/\/dibenedettoproductions.com\/#website"},"datePublished":"2021-02-25T11:41:25+00:00","dateModified":"2021-08-05T15:01:32+00:00","breadcrumb":{"@id":"https:\/\/dibenedettoproductions.com\/?page_id=4384#breadcrumb"},"inLanguage":"it-IT","potentialAction":[{"@type":"ReadAction","target":["https:\/\/dibenedettoproductions.com\/?page_id=4384"]}]},{"@type":"BreadcrumbList","@id":"https:\/\/dibenedettoproductions.com\/?page_id=4384#breadcrumb","itemListElement":[{"@type":"ListItem","position":1,"name":"Home","item":"https:\/\/dibenedettoproductions.com\/"},{"@type":"ListItem","position":2,"name":"Coron\u00e9"}]},{"@type":"WebSite","@id":"https:\/\/dibenedettoproductions.com\/#website","url":"https:\/\/dibenedettoproductions.com\/","name":"Di Benedetto Productions","description":"","publisher":{"@id":"https:\/\/dibenedettoproductions.com\/#organization"},"potentialAction":[{"@type":"SearchAction","target":{"@type":"EntryPoint","urlTemplate":"https:\/\/dibenedettoproductions.com\/?s={search_term_string}"},"query-input":"required name=search_term_string"}],"inLanguage":"it-IT"},{"@type":"Organization","@id":"https:\/\/dibenedettoproductions.com\/#organization","name":"DI BENEDETTO PRODUCTIONS","url":"https:\/\/dibenedettoproductions.com\/","sameAs":[],"logo":{"@type":"ImageObject","inLanguage":"it-IT","@id":"https:\/\/dibenedettoproductions.com\/#\/schema\/logo\/image\/","url":"https:\/\/dibenedettoproductions.com\/wp-content\/uploads\/2021\/09\/logo_di_benedetto_productions.jpg","contentUrl":"https:\/\/dibenedettoproductions.com\/wp-content\/uploads\/2021\/09\/logo_di_benedetto_productions.jpg","width":225,"height":225,"caption":"DI BENEDETTO PRODUCTIONS"},"image":{"@id":"https:\/\/dibenedettoproductions.com\/#\/schema\/logo\/image\/"}}]}},"_links":{"self":[{"href":"https:\/\/dibenedettoproductions.com\/index.php?rest_route=\/wp\/v2\/pages\/4384","targetHints":{"allow":["GET"]}}],"collection":[{"href":"https:\/\/dibenedettoproductions.com\/index.php?rest_route=\/wp\/v2\/pages"}],"about":[{"href":"https:\/\/dibenedettoproductions.com\/index.php?rest_route=\/wp\/v2\/types\/page"}],"author":[{"embeddable":true,"href":"https:\/\/dibenedettoproductions.com\/index.php?rest_route=\/wp\/v2\/users\/1"}],"replies":[{"embeddable":true,"href":"https:\/\/dibenedettoproductions.com\/index.php?rest_route=%2Fwp%2Fv2%2Fcomments&post=4384"}],"version-history":[{"count":7,"href":"https:\/\/dibenedettoproductions.com\/index.php?rest_route=\/wp\/v2\/pages\/4384\/revisions"}],"predecessor-version":[{"id":5647,"href":"https:\/\/dibenedettoproductions.com\/index.php?rest_route=\/wp\/v2\/pages\/4384\/revisions\/5647"}],"wp:attachment":[{"href":"https:\/\/dibenedettoproductions.com\/index.php?rest_route=%2Fwp%2Fv2%2Fmedia&parent=4384"}],"wp:term":[{"taxonomy":"category","embeddable":true,"href":"https:\/\/dibenedettoproductions.com\/index.php?rest_route=%2Fwp%2Fv2%2Fcategories&post=4384"},{"taxonomy":"post_tag","embeddable":true,"href":"https:\/\/dibenedettoproductions.com\/index.php?rest_route=%2Fwp%2Fv2%2Ftags&post=4384"}],"curies":[{"name":"wp","href":"https:\/\/api.w.org\/{rel}","templated":true}]}}