{"id":4290,"date":"2021-02-25T11:00:52","date_gmt":"2021-02-25T11:00:52","guid":{"rendered":"https:\/\/dibenedettoproductions.com\/?page_id=4290"},"modified":"2021-08-06T07:04:24","modified_gmt":"2021-08-06T07:04:24","slug":"que-te-vaya-lindo","status":"publish","type":"page","link":"https:\/\/dibenedettoproductions.com\/?page_id=4290","title":{"rendered":"Que Te Vaya Lindo"},"content":{"rendered":"\t\t<div data-elementor-type=\"wp-page\" data-elementor-id=\"4290\" class=\"elementor elementor-4290\" data-elementor-settings=\"[]\">\n\t\t\t\t\t\t<div class=\"elementor-inner\">\n\t\t\t\t\t\t\t<div class=\"elementor-section-wrap\">\n\t\t\t\t\t\t\t<section class=\"elementor-section elementor-top-section elementor-element elementor-element-5efafa2 elementor-section-stretched elementor-section-boxed elementor-section-height-default elementor-section-height-default\" data-id=\"5efafa2\" data-element_type=\"section\" data-settings=\"{&quot;stretch_section&quot;:&quot;section-stretched&quot;,&quot;background_background&quot;:&quot;classic&quot;}\">\n\t\t\t\t\t\t<div class=\"elementor-container elementor-column-gap-default\">\n\t\t\t\t\t\t\t<div class=\"elementor-row\">\n\t\t\t\t\t<div class=\"elementor-column elementor-col-25 elementor-top-column elementor-element elementor-element-2a25600\" data-id=\"2a25600\" data-element_type=\"column\">\n\t\t\t<div class=\"elementor-column-wrap elementor-element-populated\">\n\t\t\t\t\t\t\t<div class=\"elementor-widget-wrap\">\n\t\t\t\t\t\t<div class=\"elementor-element elementor-element-f497370 elementor-align-center elementor-widget elementor-widget-button\" data-id=\"f497370\" data-element_type=\"widget\" data-widget_type=\"button.default\">\n\t\t\t\t<div class=\"elementor-widget-container\">\n\t\t\t\t\t<div class=\"elementor-button-wrapper\">\n\t\t\t<a href=\"https:\/\/open.spotify.com\/track\/5aOtgW81dOb2Utaoc8BuT0?si=JI9i3y0kRNCT6LoRc4stNA%20\" class=\"elementor-button-link elementor-button elementor-size-sm\" role=\"button\">\n\t\t\t\t\t\t<span class=\"elementor-button-content-wrapper\">\n\t\t\t\t\t\t<span class=\"elementor-button-text\">SPOTIFY<\/span>\n\t\t<\/span>\n\t\t\t\t\t<\/a>\n\t\t<\/div>\n\t\t\t\t<\/div>\n\t\t\t\t<\/div>\n\t\t\t\t\t\t<\/div>\n\t\t\t\t\t<\/div>\n\t\t<\/div>\n\t\t\t\t<div class=\"elementor-column elementor-col-25 elementor-top-column elementor-element elementor-element-c20a443\" data-id=\"c20a443\" data-element_type=\"column\">\n\t\t\t<div class=\"elementor-column-wrap elementor-element-populated\">\n\t\t\t\t\t\t\t<div class=\"elementor-widget-wrap\">\n\t\t\t\t\t\t<div class=\"elementor-element elementor-element-24dcda2 elementor-align-center elementor-widget elementor-widget-button\" data-id=\"24dcda2\" data-element_type=\"widget\" data-widget_type=\"button.default\">\n\t\t\t\t<div class=\"elementor-widget-container\">\n\t\t\t\t\t<div class=\"elementor-button-wrapper\">\n\t\t\t<a href=\"https:\/\/music.apple.com\/us\/album\/que-te-vaya-lindo\/1473270549?i=1473270552%20\" class=\"elementor-button-link elementor-button elementor-size-sm\" role=\"button\">\n\t\t\t\t\t\t<span class=\"elementor-button-content-wrapper\">\n\t\t\t\t\t\t<span class=\"elementor-button-text\">APPLE MUSIC<\/span>\n\t\t<\/span>\n\t\t\t\t\t<\/a>\n\t\t<\/div>\n\t\t\t\t<\/div>\n\t\t\t\t<\/div>\n\t\t\t\t\t\t<\/div>\n\t\t\t\t\t<\/div>\n\t\t<\/div>\n\t\t\t\t<div class=\"elementor-column elementor-col-25 elementor-top-column elementor-element elementor-element-1201e7e\" data-id=\"1201e7e\" data-element_type=\"column\">\n\t\t\t<div class=\"elementor-column-wrap elementor-element-populated\">\n\t\t\t\t\t\t\t<div class=\"elementor-widget-wrap\">\n\t\t\t\t\t\t<div class=\"elementor-element elementor-element-86b78b6 elementor-align-center elementor-widget elementor-widget-button\" data-id=\"86b78b6\" data-element_type=\"widget\" data-widget_type=\"button.default\">\n\t\t\t\t<div class=\"elementor-widget-container\">\n\t\t\t\t\t<div class=\"elementor-button-wrapper\">\n\t\t\t<a href=\"https:\/\/deezer.page.link\/ztKGiPG81qu3C1348%20\" class=\"elementor-button-link elementor-button elementor-size-sm\" role=\"button\">\n\t\t\t\t\t\t<span class=\"elementor-button-content-wrapper\">\n\t\t\t\t\t\t<span class=\"elementor-button-text\">DEEZER<\/span>\n\t\t<\/span>\n\t\t\t\t\t<\/a>\n\t\t<\/div>\n\t\t\t\t<\/div>\n\t\t\t\t<\/div>\n\t\t\t\t\t\t<\/div>\n\t\t\t\t\t<\/div>\n\t\t<\/div>\n\t\t\t\t<div class=\"elementor-column elementor-col-25 elementor-top-column elementor-element elementor-element-8b188c3\" data-id=\"8b188c3\" data-element_type=\"column\">\n\t\t\t<div class=\"elementor-column-wrap elementor-element-populated\">\n\t\t\t\t\t\t\t<div class=\"elementor-widget-wrap\">\n\t\t\t\t\t\t<div class=\"elementor-element elementor-element-c75b7d9 elementor-align-center elementor-widget elementor-widget-button\" data-id=\"c75b7d9\" data-element_type=\"widget\" data-widget_type=\"button.default\">\n\t\t\t\t<div class=\"elementor-widget-container\">\n\t\t\t\t\t<div class=\"elementor-button-wrapper\">\n\t\t\t<a href=\"https:\/\/music.amazon.com\/albums\/B07VB6NH5M?trackAsin=B07VB6N81G&#038;ref=dm_sh_5eb4-c692-dmcp-dc65-e0e7b&#038;musicTerritory=US&#038;marketplaceId=ATVPDKIKX0DER%20\" class=\"elementor-button-link elementor-button elementor-size-sm\" role=\"button\">\n\t\t\t\t\t\t<span class=\"elementor-button-content-wrapper\">\n\t\t\t\t\t\t<span class=\"elementor-button-text\">AMAZON MUSIC<\/span>\n\t\t<\/span>\n\t\t\t\t\t<\/a>\n\t\t<\/div>\n\t\t\t\t<\/div>\n\t\t\t\t<\/div>\n\t\t\t\t\t\t<\/div>\n\t\t\t\t\t<\/div>\n\t\t<\/div>\n\t\t\t\t\t\t\t\t<\/div>\n\t\t\t\t\t<\/div>\n\t\t<\/section>\n\t\t\t\t<section class=\"elementor-section elementor-top-section elementor-element elementor-element-533db9e elementor-section-stretched elementor-section-boxed elementor-section-height-default elementor-section-height-default\" data-id=\"533db9e\" data-element_type=\"section\" data-settings=\"{&quot;stretch_section&quot;:&quot;section-stretched&quot;,&quot;background_background&quot;:&quot;classic&quot;}\">\n\t\t\t\t\t\t<div class=\"elementor-container elementor-column-gap-default\">\n\t\t\t\t\t\t\t<div class=\"elementor-row\">\n\t\t\t\t\t<div class=\"elementor-column elementor-col-100 elementor-top-column elementor-element elementor-element-fb3c4b9\" data-id=\"fb3c4b9\" data-element_type=\"column\">\n\t\t\t<div class=\"elementor-column-wrap elementor-element-populated\">\n\t\t\t\t\t\t\t<div class=\"elementor-widget-wrap\">\n\t\t\t\t\t\t<div class=\"elementor-element elementor-element-f593c2b elementor-widget elementor-widget-text-editor\" data-id=\"f593c2b\" data-element_type=\"widget\" data-widget_type=\"text-editor.default\">\n\t\t\t\t<div class=\"elementor-widget-container\">\n\t\t\t\t\t\t\t\t<div class=\"elementor-text-editor elementor-clearfix\">\n\t\t\t\t<div><p style=\"text-align: center;\"><span style=\"color: #ffffff;\">Con Leri con l\u00edrica nosotros somos los Yakuza<\/span><\/p><p style=\"text-align: center;\"><span style=\"color: #ffffff;\">Me trataste como un perro me sacaste de tu vida y todo est\u00e1 bien mami todo est\u00e1 bien<\/span><\/p><p style=\"text-align: center;\"><span style=\"color: #ffffff;\">Pero viste con el tiempo ya se me cur\u00f3 la herida y todo est\u00e1 bien mami todo est\u00e1 bien<\/span><\/p><p style=\"text-align: center;\"><span style=\"color: #ffffff;\">Que te vaya lindo que te vaya bonito<\/span><\/p><p style=\"text-align: center;\"><span style=\"color: #ffffff;\">Si al final a ti te gustan los mal tipos<\/span><\/p><p style=\"text-align: center;\"><span style=\"color: #ffffff;\">Hay que te vaya lindo que te vaya bonito<\/span><\/p><p style=\"text-align: center;\"><span style=\"color: #ffffff;\">Si al final todo est\u00e1 bien todo est\u00e1 rico<\/span><\/p><p style=\"text-align: center;\"><span style=\"color: #ffffff;\">Todo est\u00e1 bien todo est\u00e1 bien todo est\u00e1 rico<\/span><\/p><p style=\"text-align: center;\"><span style=\"color: #ffffff;\">Si al final a ti te gustan los mal tipo<\/span><\/p><p style=\"text-align: center;\"><span style=\"color: #ffffff;\">Todo est\u00e1 bien todo est\u00e1 bien todo est\u00e1 rico<\/span><\/p><p style=\"text-align: center;\"><span style=\"color: #ffffff;\">Si al final a ti te gustan los mal tipo<\/span><\/p><p style=\"text-align: center;\"><span style=\"color: #ffffff;\">Quisiste meter jugada y te metimos a que mate<\/span><\/p><p style=\"text-align: center;\"><span style=\"color: #ffffff;\">Te hiciste la pitcher y la botamos con el bate<\/span><\/p><p style=\"text-align: center;\"><span style=\"color: #ffffff;\">T\u00fa te haces la santa para caer en los debates<\/span><\/p><p style=\"text-align: center;\"><span style=\"color: #ffffff;\">Y tienes m\u00e1s chismes que Otaola y chocolate<\/span><\/p><p style=\"text-align: center;\"><span style=\"color: #ffffff;\">Que nadie te escuche Dale gr\u00edtame bajito<\/span><\/p><p style=\"text-align: center;\"><span style=\"color: #ffffff;\">Andas dichaba y que te gustan los gorditos<\/span><\/p><p style=\"text-align: center;\"><span style=\"color: #ffffff;\">No te me agites tanto que yo no me agito<\/span><\/p><p style=\"text-align: center;\"><span style=\"color: #ffffff;\">Te matamos con besito suavecito<\/span><\/p><p style=\"text-align: center;\"><span style=\"color: #ffffff;\">Y que te vaya lindo que te vaya bonito<\/span><\/p><p style=\"text-align: center;\"><span style=\"color: #ffffff;\">Si al final a ti te gustan los mal tipo<\/span><\/p><p style=\"text-align: center;\"><span style=\"color: #ffffff;\">Hay que te vaya lindo que te vaya bonito<\/span><\/p><p style=\"text-align: center;\"><span style=\"color: #ffffff;\">Si al final todo est\u00e1 bien todo est\u00e1 rico<\/span><\/p><p style=\"text-align: center;\"><span style=\"color: #ffffff;\">Todo est\u00e1 bien todo est\u00e1 bien todo est\u00e1 rico<\/span><\/p><p style=\"text-align: center;\"><span style=\"color: #ffffff;\">Si al final a ti te gustan los mal tipo<\/span><\/p><p style=\"text-align: center;\"><span style=\"color: #ffffff;\">Todo est\u00e1 bien todo est\u00e1 bien todo est\u00e1 rico<\/span><\/p><p style=\"text-align: center;\"><span style=\"color: #ffffff;\">Si al final te gustan los mal tipo<\/span><\/p><p style=\"text-align: center;\"><span style=\"color: #ffffff;\">Y ahora me llama se hace la Carol G quiere que sea su Anuel<\/span><\/p><p style=\"text-align: center;\"><span style=\"color: #ffffff;\">Te lo dije que yo no te busco m\u00e1s porque t\u00fa eres mal tipa<\/span><\/p><p style=\"text-align: center;\"><span style=\"color: #ffffff;\">Mami t\u00fa eres mal tipa a ti te gusta que con to te lo repita<\/span><\/p><p style=\"text-align: center;\"><span style=\"color: #ffffff;\">Que t\u00fa eres mal tipa que t\u00fa eres mal tipa<\/span><\/p><p style=\"text-align: center;\"><span style=\"color: #ffffff;\">Si al final ya t\u00fa no eres mi carita<\/span><\/p><p style=\"text-align: center;\"><span style=\"color: #ffffff;\">oye Tit\u00e1n Brian G los yakuza el Danya te habla por aqu\u00ed viste mami como te quite la trusa por eso vamos Pi po po po po po po po po po po po po que el nuevo presidente soy yo<\/span><\/p><p style=\"text-align: center;\"><span style=\"color: #ffffff;\">que te vaya lindo que te vaya bonito<\/span><\/p><p style=\"text-align: center;\"><span style=\"color: #ffffff;\">si al final todo est\u00e1 bien todo est\u00e1 rico<\/span><\/p><p style=\"text-align: center;\"><span style=\"color: #ffffff;\">todo est\u00e1 bien todo est\u00e1 bien todo est\u00e1 rico<\/span><\/p><p style=\"text-align: center;\"><span style=\"color: #ffffff;\">si al final a ti te gustan los mal tipo<\/span><\/p><p style=\"text-align: center;\"><span style=\"color: #ffffff;\">todo est\u00e1 bien todo est\u00e1 bien todo est\u00e1 rico<\/span><\/p><p style=\"text-align: center;\"><span style=\"color: #ffffff;\">si al final a ti te gustan los mal tipo<\/span><\/p><p style=\"text-align: center;\"><span style=\"color: #ffffff;\">nosotros somos los Yakuza Abdel La Esencia D\u00edmelo Brian G Tit\u00e1n andamos con el chan pero esta vez venimos con el Danya di Benedetto production para matarte para ti bebe t\u00fa no est\u00e1s apto para un combate<\/span><\/p><\/div>\t\t\t\t\t<\/div>\n\t\t\t\t\t\t<\/div>\n\t\t\t\t<\/div>\n\t\t\t\t\t\t<\/div>\n\t\t\t\t\t<\/div>\n\t\t<\/div>\n\t\t\t\t\t\t\t\t<\/div>\n\t\t\t\t\t<\/div>\n\t\t<\/section>\n\t\t\t\t\t\t<\/div>\n\t\t\t\t\t\t<\/div>\n\t\t\t\t\t<\/div>\n\t\t","protected":false},"excerpt":{"rendered":"<p>SPOTIFY APPLE MUSIC DEEZER AMAZON MUSIC Con Leri con l\u00edrica nosotros somos los Yakuza Me trataste como un perro me sacaste de tu vida y todo est\u00e1 bien mami todo est\u00e1 bien Pero viste con el tiempo ya se me cur\u00f3 la herida y todo est\u00e1 bien mami todo est\u00e1 bien Que te vaya lindo.<\/p>\n","protected":false},"author":1,"featured_media":0,"parent":0,"menu_order":0,"comment_status":"closed","ping_status":"closed","template":"","meta":{"footnotes":""},"categories":[42],"tags":[],"class_list":["post-4290","page","type-page","status-publish","hentry","category-testi"],"yoast_head":"<!-- This site is optimized with the Yoast SEO plugin v19.6.1 - https:\/\/yoast.com\/wordpress\/plugins\/seo\/ -->\n<title>Que Te Vaya Lindo - Di Benedetto Productions<\/title>\n<meta name=\"robots\" content=\"index, follow, max-snippet:-1, max-image-preview:large, max-video-preview:-1\" \/>\n<link rel=\"canonical\" href=\"https:\/\/dibenedettoproductions.com\/?page_id=4290\" \/>\n<meta property=\"og:locale\" content=\"it_IT\" \/>\n<meta property=\"og:type\" content=\"article\" \/>\n<meta property=\"og:title\" content=\"Que Te Vaya Lindo - Di Benedetto Productions\" \/>\n<meta property=\"og:description\" content=\"SPOTIFY APPLE MUSIC DEEZER AMAZON MUSIC Con Leri con l\u00edrica nosotros somos los Yakuza Me trataste como un perro me sacaste de tu vida y todo est\u00e1 bien mami todo est\u00e1 bien Pero viste con el tiempo ya se me cur\u00f3 la herida y todo est\u00e1 bien mami todo est\u00e1 bien Que te vaya lindo.\" \/>\n<meta property=\"og:url\" content=\"https:\/\/dibenedettoproductions.com\/?page_id=4290\" \/>\n<meta property=\"og:site_name\" content=\"Di Benedetto Productions\" \/>\n<meta property=\"article:modified_time\" content=\"2021-08-06T07:04:24+00:00\" \/>\n<meta name=\"twitter:card\" content=\"summary_large_image\" \/>\n<meta name=\"twitter:label1\" content=\"Tempo di lettura stimato\" \/>\n\t<meta name=\"twitter:data1\" content=\"2 minuti\" \/>\n<script type=\"application\/ld+json\" class=\"yoast-schema-graph\">{\"@context\":\"https:\/\/schema.org\",\"@graph\":[{\"@type\":\"WebPage\",\"@id\":\"https:\/\/dibenedettoproductions.com\/?page_id=4290\",\"url\":\"https:\/\/dibenedettoproductions.com\/?page_id=4290\",\"name\":\"Que Te Vaya Lindo - Di Benedetto Productions\",\"isPartOf\":{\"@id\":\"https:\/\/dibenedettoproductions.com\/#website\"},\"datePublished\":\"2021-02-25T11:00:52+00:00\",\"dateModified\":\"2021-08-06T07:04:24+00:00\",\"breadcrumb\":{\"@id\":\"https:\/\/dibenedettoproductions.com\/?page_id=4290#breadcrumb\"},\"inLanguage\":\"it-IT\",\"potentialAction\":[{\"@type\":\"ReadAction\",\"target\":[\"https:\/\/dibenedettoproductions.com\/?page_id=4290\"]}]},{\"@type\":\"BreadcrumbList\",\"@id\":\"https:\/\/dibenedettoproductions.com\/?page_id=4290#breadcrumb\",\"itemListElement\":[{\"@type\":\"ListItem\",\"position\":1,\"name\":\"Home\",\"item\":\"https:\/\/dibenedettoproductions.com\/\"},{\"@type\":\"ListItem\",\"position\":2,\"name\":\"Que Te Vaya Lindo\"}]},{\"@type\":\"WebSite\",\"@id\":\"https:\/\/dibenedettoproductions.com\/#website\",\"url\":\"https:\/\/dibenedettoproductions.com\/\",\"name\":\"Di Benedetto Productions\",\"description\":\"\",\"publisher\":{\"@id\":\"https:\/\/dibenedettoproductions.com\/#organization\"},\"potentialAction\":[{\"@type\":\"SearchAction\",\"target\":{\"@type\":\"EntryPoint\",\"urlTemplate\":\"https:\/\/dibenedettoproductions.com\/?s={search_term_string}\"},\"query-input\":\"required name=search_term_string\"}],\"inLanguage\":\"it-IT\"},{\"@type\":\"Organization\",\"@id\":\"https:\/\/dibenedettoproductions.com\/#organization\",\"name\":\"DI BENEDETTO PRODUCTIONS\",\"url\":\"https:\/\/dibenedettoproductions.com\/\",\"sameAs\":[],\"logo\":{\"@type\":\"ImageObject\",\"inLanguage\":\"it-IT\",\"@id\":\"https:\/\/dibenedettoproductions.com\/#\/schema\/logo\/image\/\",\"url\":\"https:\/\/dibenedettoproductions.com\/wp-content\/uploads\/2021\/09\/logo_di_benedetto_productions.jpg\",\"contentUrl\":\"https:\/\/dibenedettoproductions.com\/wp-content\/uploads\/2021\/09\/logo_di_benedetto_productions.jpg\",\"width\":225,\"height\":225,\"caption\":\"DI BENEDETTO PRODUCTIONS\"},\"image\":{\"@id\":\"https:\/\/dibenedettoproductions.com\/#\/schema\/logo\/image\/\"}}]}<\/script>\n<!-- \/ Yoast SEO plugin. -->","yoast_head_json":{"title":"Que Te Vaya Lindo - Di Benedetto Productions","robots":{"index":"index","follow":"follow","max-snippet":"max-snippet:-1","max-image-preview":"max-image-preview:large","max-video-preview":"max-video-preview:-1"},"canonical":"https:\/\/dibenedettoproductions.com\/?page_id=4290","og_locale":"it_IT","og_type":"article","og_title":"Que Te Vaya Lindo - Di Benedetto Productions","og_description":"SPOTIFY APPLE MUSIC DEEZER AMAZON MUSIC Con Leri con l\u00edrica nosotros somos los Yakuza Me trataste como un perro me sacaste de tu vida y todo est\u00e1 bien mami todo est\u00e1 bien Pero viste con el tiempo ya se me cur\u00f3 la herida y todo est\u00e1 bien mami todo est\u00e1 bien Que te vaya lindo.","og_url":"https:\/\/dibenedettoproductions.com\/?page_id=4290","og_site_name":"Di Benedetto Productions","article_modified_time":"2021-08-06T07:04:24+00:00","twitter_card":"summary_large_image","twitter_misc":{"Tempo di lettura stimato":"2 minuti"},"schema":{"@context":"https:\/\/schema.org","@graph":[{"@type":"WebPage","@id":"https:\/\/dibenedettoproductions.com\/?page_id=4290","url":"https:\/\/dibenedettoproductions.com\/?page_id=4290","name":"Que Te Vaya Lindo - Di Benedetto Productions","isPartOf":{"@id":"https:\/\/dibenedettoproductions.com\/#website"},"datePublished":"2021-02-25T11:00:52+00:00","dateModified":"2021-08-06T07:04:24+00:00","breadcrumb":{"@id":"https:\/\/dibenedettoproductions.com\/?page_id=4290#breadcrumb"},"inLanguage":"it-IT","potentialAction":[{"@type":"ReadAction","target":["https:\/\/dibenedettoproductions.com\/?page_id=4290"]}]},{"@type":"BreadcrumbList","@id":"https:\/\/dibenedettoproductions.com\/?page_id=4290#breadcrumb","itemListElement":[{"@type":"ListItem","position":1,"name":"Home","item":"https:\/\/dibenedettoproductions.com\/"},{"@type":"ListItem","position":2,"name":"Que Te Vaya Lindo"}]},{"@type":"WebSite","@id":"https:\/\/dibenedettoproductions.com\/#website","url":"https:\/\/dibenedettoproductions.com\/","name":"Di Benedetto Productions","description":"","publisher":{"@id":"https:\/\/dibenedettoproductions.com\/#organization"},"potentialAction":[{"@type":"SearchAction","target":{"@type":"EntryPoint","urlTemplate":"https:\/\/dibenedettoproductions.com\/?s={search_term_string}"},"query-input":"required name=search_term_string"}],"inLanguage":"it-IT"},{"@type":"Organization","@id":"https:\/\/dibenedettoproductions.com\/#organization","name":"DI BENEDETTO PRODUCTIONS","url":"https:\/\/dibenedettoproductions.com\/","sameAs":[],"logo":{"@type":"ImageObject","inLanguage":"it-IT","@id":"https:\/\/dibenedettoproductions.com\/#\/schema\/logo\/image\/","url":"https:\/\/dibenedettoproductions.com\/wp-content\/uploads\/2021\/09\/logo_di_benedetto_productions.jpg","contentUrl":"https:\/\/dibenedettoproductions.com\/wp-content\/uploads\/2021\/09\/logo_di_benedetto_productions.jpg","width":225,"height":225,"caption":"DI BENEDETTO PRODUCTIONS"},"image":{"@id":"https:\/\/dibenedettoproductions.com\/#\/schema\/logo\/image\/"}}]}},"_links":{"self":[{"href":"https:\/\/dibenedettoproductions.com\/index.php?rest_route=\/wp\/v2\/pages\/4290","targetHints":{"allow":["GET"]}}],"collection":[{"href":"https:\/\/dibenedettoproductions.com\/index.php?rest_route=\/wp\/v2\/pages"}],"about":[{"href":"https:\/\/dibenedettoproductions.com\/index.php?rest_route=\/wp\/v2\/types\/page"}],"author":[{"embeddable":true,"href":"https:\/\/dibenedettoproductions.com\/index.php?rest_route=\/wp\/v2\/users\/1"}],"replies":[{"embeddable":true,"href":"https:\/\/dibenedettoproductions.com\/index.php?rest_route=%2Fwp%2Fv2%2Fcomments&post=4290"}],"version-history":[{"count":7,"href":"https:\/\/dibenedettoproductions.com\/index.php?rest_route=\/wp\/v2\/pages\/4290\/revisions"}],"predecessor-version":[{"id":5866,"href":"https:\/\/dibenedettoproductions.com\/index.php?rest_route=\/wp\/v2\/pages\/4290\/revisions\/5866"}],"wp:attachment":[{"href":"https:\/\/dibenedettoproductions.com\/index.php?rest_route=%2Fwp%2Fv2%2Fmedia&parent=4290"}],"wp:term":[{"taxonomy":"category","embeddable":true,"href":"https:\/\/dibenedettoproductions.com\/index.php?rest_route=%2Fwp%2Fv2%2Fcategories&post=4290"},{"taxonomy":"post_tag","embeddable":true,"href":"https:\/\/dibenedettoproductions.com\/index.php?rest_route=%2Fwp%2Fv2%2Ftags&post=4290"}],"curies":[{"name":"wp","href":"https:\/\/api.w.org\/{rel}","templated":true}]}}