{"id":4282,"date":"2021-02-25T10:52:14","date_gmt":"2021-02-25T10:52:14","guid":{"rendered":"https:\/\/dibenedettoproductions.com\/?page_id=4282"},"modified":"2021-08-06T07:02:30","modified_gmt":"2021-08-06T07:02:30","slug":"para-mama","status":"publish","type":"page","link":"https:\/\/dibenedettoproductions.com\/?page_id=4282","title":{"rendered":"Para Mam\u00e1"},"content":{"rendered":"\t\t<div data-elementor-type=\"wp-page\" data-elementor-id=\"4282\" class=\"elementor elementor-4282\" data-elementor-settings=\"[]\">\n\t\t\t\t\t\t<div class=\"elementor-inner\">\n\t\t\t\t\t\t\t<div class=\"elementor-section-wrap\">\n\t\t\t\t\t\t\t<section class=\"elementor-section elementor-top-section elementor-element elementor-element-d6ee54a elementor-section-stretched elementor-section-boxed elementor-section-height-default elementor-section-height-default\" data-id=\"d6ee54a\" data-element_type=\"section\" data-settings=\"{&quot;stretch_section&quot;:&quot;section-stretched&quot;,&quot;background_background&quot;:&quot;classic&quot;}\">\n\t\t\t\t\t\t<div class=\"elementor-container elementor-column-gap-default\">\n\t\t\t\t\t\t\t<div class=\"elementor-row\">\n\t\t\t\t\t<div class=\"elementor-column elementor-col-25 elementor-top-column elementor-element elementor-element-ebceea2\" data-id=\"ebceea2\" data-element_type=\"column\">\n\t\t\t<div class=\"elementor-column-wrap elementor-element-populated\">\n\t\t\t\t\t\t\t<div class=\"elementor-widget-wrap\">\n\t\t\t\t\t\t<div class=\"elementor-element elementor-element-0550d67 elementor-align-center elementor-widget elementor-widget-button\" data-id=\"0550d67\" data-element_type=\"widget\" data-widget_type=\"button.default\">\n\t\t\t\t<div class=\"elementor-widget-container\">\n\t\t\t\t\t<div class=\"elementor-button-wrapper\">\n\t\t\t<a href=\"https:\/\/open.spotify.com\/track\/1i0ZB13R6HsTAZwnTKay9q?si=Tt1BJO_SSRytx-pNSB57qQ%20\" class=\"elementor-button-link elementor-button elementor-size-sm\" role=\"button\">\n\t\t\t\t\t\t<span class=\"elementor-button-content-wrapper\">\n\t\t\t\t\t\t<span class=\"elementor-button-text\">SPOTIFY<\/span>\n\t\t<\/span>\n\t\t\t\t\t<\/a>\n\t\t<\/div>\n\t\t\t\t<\/div>\n\t\t\t\t<\/div>\n\t\t\t\t\t\t<\/div>\n\t\t\t\t\t<\/div>\n\t\t<\/div>\n\t\t\t\t<div class=\"elementor-column elementor-col-25 elementor-top-column elementor-element elementor-element-ed69600\" data-id=\"ed69600\" data-element_type=\"column\">\n\t\t\t<div class=\"elementor-column-wrap elementor-element-populated\">\n\t\t\t\t\t\t\t<div class=\"elementor-widget-wrap\">\n\t\t\t\t\t\t<div class=\"elementor-element elementor-element-754ea73 elementor-align-center elementor-widget elementor-widget-button\" data-id=\"754ea73\" data-element_type=\"widget\" data-widget_type=\"button.default\">\n\t\t\t\t<div class=\"elementor-widget-container\">\n\t\t\t\t\t<div class=\"elementor-button-wrapper\">\n\t\t\t<a href=\"https:\/\/music.apple.com\/us\/album\/para-mam%C3%A1\/1508098094?i=1508098095%20\" class=\"elementor-button-link elementor-button elementor-size-sm\" role=\"button\">\n\t\t\t\t\t\t<span class=\"elementor-button-content-wrapper\">\n\t\t\t\t\t\t<span class=\"elementor-button-text\">APPLE MUSIC<\/span>\n\t\t<\/span>\n\t\t\t\t\t<\/a>\n\t\t<\/div>\n\t\t\t\t<\/div>\n\t\t\t\t<\/div>\n\t\t\t\t\t\t<\/div>\n\t\t\t\t\t<\/div>\n\t\t<\/div>\n\t\t\t\t<div class=\"elementor-column elementor-col-25 elementor-top-column elementor-element elementor-element-3d321d4\" data-id=\"3d321d4\" data-element_type=\"column\">\n\t\t\t<div class=\"elementor-column-wrap elementor-element-populated\">\n\t\t\t\t\t\t\t<div class=\"elementor-widget-wrap\">\n\t\t\t\t\t\t<div class=\"elementor-element elementor-element-0d067e8 elementor-align-center elementor-widget elementor-widget-button\" data-id=\"0d067e8\" data-element_type=\"widget\" data-widget_type=\"button.default\">\n\t\t\t\t<div class=\"elementor-widget-container\">\n\t\t\t\t\t<div class=\"elementor-button-wrapper\">\n\t\t\t<a href=\"https:\/\/deezer.page.link\/xtcgSAueJngQ16Zo6%20\" class=\"elementor-button-link elementor-button elementor-size-sm\" role=\"button\">\n\t\t\t\t\t\t<span class=\"elementor-button-content-wrapper\">\n\t\t\t\t\t\t<span class=\"elementor-button-text\">DEEZER<\/span>\n\t\t<\/span>\n\t\t\t\t\t<\/a>\n\t\t<\/div>\n\t\t\t\t<\/div>\n\t\t\t\t<\/div>\n\t\t\t\t\t\t<\/div>\n\t\t\t\t\t<\/div>\n\t\t<\/div>\n\t\t\t\t<div class=\"elementor-column elementor-col-25 elementor-top-column elementor-element elementor-element-595eb4d\" data-id=\"595eb4d\" data-element_type=\"column\">\n\t\t\t<div class=\"elementor-column-wrap elementor-element-populated\">\n\t\t\t\t\t\t\t<div class=\"elementor-widget-wrap\">\n\t\t\t\t\t\t<div class=\"elementor-element elementor-element-88ac41b elementor-align-center elementor-widget elementor-widget-button\" data-id=\"88ac41b\" data-element_type=\"widget\" data-widget_type=\"button.default\">\n\t\t\t\t<div class=\"elementor-widget-container\">\n\t\t\t\t\t<div class=\"elementor-button-wrapper\">\n\t\t\t<a href=\"https:\/\/music.amazon.com\/albums\/B0874698N8?trackAsin=B0874B3WLM&#038;ref=dm_sh_b0d0-487d-dmcp-6d02-b3b46&#038;musicTerritory=US&#038;marketplaceId=ATVPDKIKX0DER\" class=\"elementor-button-link elementor-button elementor-size-sm\" role=\"button\">\n\t\t\t\t\t\t<span class=\"elementor-button-content-wrapper\">\n\t\t\t\t\t\t<span class=\"elementor-button-text\">AMAZON MUSIC<\/span>\n\t\t<\/span>\n\t\t\t\t\t<\/a>\n\t\t<\/div>\n\t\t\t\t<\/div>\n\t\t\t\t<\/div>\n\t\t\t\t\t\t<\/div>\n\t\t\t\t\t<\/div>\n\t\t<\/div>\n\t\t\t\t\t\t\t\t<\/div>\n\t\t\t\t\t<\/div>\n\t\t<\/section>\n\t\t\t\t<section class=\"elementor-section elementor-top-section elementor-element elementor-element-a7c752b elementor-section-stretched elementor-section-boxed elementor-section-height-default elementor-section-height-default\" data-id=\"a7c752b\" data-element_type=\"section\" data-settings=\"{&quot;stretch_section&quot;:&quot;section-stretched&quot;,&quot;background_background&quot;:&quot;classic&quot;}\">\n\t\t\t\t\t\t<div class=\"elementor-container elementor-column-gap-default\">\n\t\t\t\t\t\t\t<div class=\"elementor-row\">\n\t\t\t\t\t<div class=\"elementor-column elementor-col-100 elementor-top-column elementor-element elementor-element-9f951e9\" data-id=\"9f951e9\" data-element_type=\"column\">\n\t\t\t<div class=\"elementor-column-wrap elementor-element-populated\">\n\t\t\t\t\t\t\t<div class=\"elementor-widget-wrap\">\n\t\t\t\t\t\t<div class=\"elementor-element elementor-element-834eb37 elementor-widget elementor-widget-text-editor\" data-id=\"834eb37\" data-element_type=\"widget\" data-widget_type=\"text-editor.default\">\n\t\t\t\t<div class=\"elementor-widget-container\">\n\t\t\t\t\t\t\t\t<div class=\"elementor-text-editor elementor-clearfix\">\n\t\t\t\t<div><p style=\"text-align: center;\"><span style=\"color: #ffffff;\">A pasado el tiempo y ya no somos ni\u00f1os<\/span><\/p><p style=\"text-align: center;\"><span style=\"color: #ffffff;\">Somos dos adultos y no muere el cari\u00f1o<\/span><\/p><p style=\"text-align: center;\"><span style=\"color: #ffffff;\">No me sal\u00edan palabras para escribirte esto<\/span><\/p><p style=\"text-align: center;\"><span style=\"color: #ffffff;\">Porque lo que siento no cabe en un texto<\/span><\/p><p style=\"text-align: center;\"><span style=\"color: #ffffff;\">S\u00e9 que t\u00fa sentiste los latidos dentro<\/span><\/p><p style=\"text-align: center;\"><span style=\"color: #ffffff;\">Y con los latidos te escribimos estos<\/span><\/p><p style=\"text-align: center;\"><span style=\"color: #ffffff;\">A ti mi guerrera que no paras de guerrear<\/span><\/p><p style=\"text-align: center;\"><span style=\"color: #ffffff;\">Que a pesar que hemos crecido t\u00fa no dejas de luchar<\/span><\/p><p style=\"text-align: center;\">\u00a0<\/p><p style=\"text-align: center;\"><span style=\"color: #ffffff;\">Y una canci\u00f3n para mam\u00e1<\/span><\/p><p style=\"text-align: center;\"><span style=\"color: #ffffff;\">Pero que sea la m\u00e1s bonita<\/span><\/p><p style=\"text-align: center;\"><span style=\"color: #ffffff;\">Y un poema para mam\u00e1<\/span><\/p><p style=\"text-align: center;\"><span style=\"color: #ffffff;\">Donde solo se repita<\/span><\/p><p style=\"text-align: center;\"><span style=\"color: #ffffff;\">La frase yo te amo, t\u00fa eres la m\u00e1s bonita<\/span><\/p><p style=\"text-align: center;\"><span style=\"color: #ffffff;\">El orgullo de mi vida la alegr\u00eda de casita<\/span><\/p><p style=\"text-align: center;\">\u00a0<\/p><p style=\"text-align: center;\"><span style=\"color: #ffffff;\">Y una canci\u00f3n para mam\u00e1<\/span><\/p><p style=\"text-align: center;\"><span style=\"color: #ffffff;\">Y un poema para mam\u00e1<\/span><\/p><p style=\"text-align: center;\"><span style=\"color: #ffffff;\">La frase yo te amo, t\u00fa eres la m\u00e1s bonita<\/span><\/p><p style=\"text-align: center;\"><span style=\"color: #ffffff;\">El orgullo de mi vida la alegr\u00eda de casita<\/span><\/p><p style=\"text-align: center;\"><span style=\"color: #ffffff;\">Y una canci\u00f3n para mam\u00e1<\/span><\/p><p style=\"text-align: center;\"><span style=\"color: #ffffff;\">Y un poema para mam\u00e1<\/span><\/p><p style=\"text-align: center;\"><span style=\"color: #ffffff;\">La frase yo te amo, t\u00fa eres la m\u00e1s bonita<\/span><\/p><p style=\"text-align: center;\"><span style=\"color: #ffffff;\">El orgullo de mi vida la alegr\u00eda de casino<\/span><\/p><p style=\"text-align: center;\">\u00a0<\/p><p style=\"text-align: center;\"><span style=\"color: #ffffff;\">Tu eres es antorcha que alumbra mi destino<\/span><\/p><p style=\"text-align: center;\"><span style=\"color: #ffffff;\">La voz que me gu\u00eda y cuida los camino<\/span><\/p><p style=\"text-align: center;\"><span style=\"color: #ffffff;\">La musa de mis letras te pienso cuando rimo<\/span><\/p><p style=\"text-align: center;\"><span style=\"color: #ffffff;\">Tus pasos son tan firmes que en el hielo no patino<\/span><\/p><p style=\"text-align: center;\"><span style=\"color: #ffffff;\">T\u00fa me ense\u00f1aste todo lo que se<\/span><\/p><p style=\"text-align: center;\"><span style=\"color: #ffffff;\">Mis vivencias, mis metas a no perder la fe<\/span><\/p><p style=\"text-align: center;\"><span style=\"color: #ffffff;\">Yo siempre a ti te sigo y no eres de Natzar\u00e9<\/span><\/p><p style=\"text-align: center;\"><span style=\"color: #ffffff;\">Mientras el mundo sea mundo a m\u00e1s nadie amar\u00e9<\/span><\/p><p style=\"text-align: center;\"><span style=\"color: #ffffff;\">Como a ti te amo porque eso si es posible<\/span><\/p><p style=\"text-align: center;\"><span style=\"color: #ffffff;\">Me diste el car\u00e1cter me ense\u00f1aste a ser sensible<\/span><\/p><p style=\"text-align: center;\"><span style=\"color: #ffffff;\">A perdonar al que traiciona amar al m\u00e1s terrible<\/span><\/p><p style=\"text-align: center;\"><span style=\"color: #ffffff;\">Y por m\u00e1s que uno peque cambiar si es posible<\/span><\/p><p style=\"text-align: center;\"><span style=\"color: #ffffff;\">Es muy poco tiempo para abrir mi coraz\u00f3n<\/span><\/p><p style=\"text-align: center;\"><span style=\"color: #ffffff;\">Quisiera decirte m\u00e1s pero se acaba la canci\u00f3n<\/span><\/p><p style=\"text-align: center;\"><span style=\"color: #ffffff;\">Yo soy tuyo t\u00fa eres m\u00eda, t\u00fa eres mi religi\u00f3n<\/span><\/p><p style=\"text-align: center;\"><span style=\"color: #ffffff;\">Gracias madrecita me ense\u00f1aste el amor<\/span><\/p><p style=\"text-align: center;\">\u00a0<\/p><p style=\"text-align: center;\">\u00a0<\/p><p style=\"text-align: center;\"><span style=\"color: #ffffff;\">Y una canci\u00f3n para mam\u00e1<\/span><\/p><p style=\"text-align: center;\"><span style=\"color: #ffffff;\">Pero que sea la m\u00e1s bonita<\/span><\/p><p style=\"text-align: center;\"><span style=\"color: #ffffff;\">Y un poema para mam\u00e1<\/span><\/p><p style=\"text-align: center;\"><span style=\"color: #ffffff;\">Donde solo se repita<\/span><\/p><p style=\"text-align: center;\"><span style=\"color: #ffffff;\">La frase yo te amo, t\u00fa eres la m\u00e1s bonita<\/span><\/p><p style=\"text-align: center;\"><span style=\"color: #ffffff;\">El orgullo de mi vida la alegr\u00eda de casita<\/span><\/p><p style=\"text-align: center;\">\u00a0<\/p><p style=\"text-align: center;\"><span style=\"color: #ffffff;\">Y una canci\u00f3n para mam\u00e1<\/span><\/p><p style=\"text-align: center;\"><span style=\"color: #ffffff;\">Y un poema para mam\u00e1<\/span><\/p><p style=\"text-align: center;\"><span style=\"color: #ffffff;\">La frase yo te amo, t\u00fa eres la m\u00e1s bonita<\/span><\/p><p style=\"text-align: center;\"><span style=\"color: #ffffff;\">El orgullo de mi vida la alegr\u00eda de casita<\/span><\/p><p style=\"text-align: center;\"><span style=\"color: #ffffff;\">Y una canci\u00f3n para mam\u00e1<\/span><\/p><p style=\"text-align: center;\"><span style=\"color: #ffffff;\">Y un poema para mam\u00e1<\/span><\/p><p style=\"text-align: center;\"><span style=\"color: #ffffff;\">La frase yo te amo, t\u00fa eres la m\u00e1s bonita<\/span><\/p><p style=\"text-align: center;\"><span style=\"color: #ffffff;\">El orgullo de mi vida la alegr\u00eda de casita<\/span><\/p><p style=\"text-align: center;\">\u00a0<\/p><p style=\"text-align: center;\"><span style=\"color: #ffffff;\">Yo s\u00e9 que a veces nosotros nos ponemos majaderos<\/span><\/p><p style=\"text-align: center;\"><span style=\"color: #ffffff;\">y hacemos las cosas mal<\/span><\/p><p style=\"text-align: center;\"><span style=\"color: #ffffff;\">Nosotros los hijos siempre nos estamos equivocando<\/span><\/p><p style=\"text-align: center;\"><span style=\"color: #ffffff;\">y chocando con las piedras y no nos damos<\/span><\/p><p style=\"text-align: center;\"><span style=\"color: #ffffff;\">cuenta que eso es lo m\u00e1s grande que nosotros tenemos<\/span><\/p><p style=\"text-align: center;\"><span style=\"color: #ffffff;\">Gracias mami, gracias por siempre apoyarnos desde el principio.<\/span><\/p><p style=\"text-align: center;\"><span style=\"color: #ffffff;\">Gracias por siempre estar a nuestro lado<\/span><\/p><p style=\"text-align: center;\"><span style=\"color: #ffffff;\">De verdad, de coraz\u00f3n, nosotros nunca te vamos a fallar<\/span><\/p><\/div>\t\t\t\t\t<\/div>\n\t\t\t\t\t\t<\/div>\n\t\t\t\t<\/div>\n\t\t\t\t\t\t<\/div>\n\t\t\t\t\t<\/div>\n\t\t<\/div>\n\t\t\t\t\t\t\t\t<\/div>\n\t\t\t\t\t<\/div>\n\t\t<\/section>\n\t\t\t\t\t\t<\/div>\n\t\t\t\t\t\t<\/div>\n\t\t\t\t\t<\/div>\n\t\t","protected":false},"excerpt":{"rendered":"<p>SPOTIFY APPLE MUSIC DEEZER AMAZON MUSIC A pasado el tiempo y ya no somos ni\u00f1os Somos dos adultos y no muere el cari\u00f1o No me sal\u00edan palabras para escribirte esto Porque lo que siento no cabe en un texto S\u00e9 que t\u00fa sentiste los latidos dentro Y con los latidos te escribimos estos A ti.<\/p>\n","protected":false},"author":1,"featured_media":0,"parent":0,"menu_order":0,"comment_status":"closed","ping_status":"closed","template":"","meta":{"footnotes":""},"categories":[42],"tags":[],"class_list":["post-4282","page","type-page","status-publish","hentry","category-testi"],"yoast_head":"<!-- This site is optimized with the Yoast SEO plugin v19.6.1 - https:\/\/yoast.com\/wordpress\/plugins\/seo\/ -->\n<title>Para Mam\u00e1 - Di Benedetto Productions<\/title>\n<meta name=\"robots\" content=\"index, follow, max-snippet:-1, max-image-preview:large, max-video-preview:-1\" \/>\n<link rel=\"canonical\" href=\"https:\/\/dibenedettoproductions.com\/?page_id=4282\" \/>\n<meta property=\"og:locale\" content=\"it_IT\" \/>\n<meta property=\"og:type\" content=\"article\" \/>\n<meta property=\"og:title\" content=\"Para Mam\u00e1 - Di Benedetto Productions\" \/>\n<meta property=\"og:description\" content=\"SPOTIFY APPLE MUSIC DEEZER AMAZON MUSIC A pasado el tiempo y ya no somos ni\u00f1os Somos dos adultos y no muere el cari\u00f1o No me sal\u00edan palabras para escribirte esto Porque lo que siento no cabe en un texto S\u00e9 que t\u00fa sentiste los latidos dentro Y con los latidos te escribimos estos A ti.\" \/>\n<meta property=\"og:url\" content=\"https:\/\/dibenedettoproductions.com\/?page_id=4282\" \/>\n<meta property=\"og:site_name\" content=\"Di Benedetto Productions\" \/>\n<meta property=\"article:modified_time\" content=\"2021-08-06T07:02:30+00:00\" \/>\n<meta name=\"twitter:card\" content=\"summary_large_image\" \/>\n<meta name=\"twitter:label1\" content=\"Tempo di lettura stimato\" \/>\n\t<meta name=\"twitter:data1\" content=\"2 minuti\" \/>\n<script type=\"application\/ld+json\" class=\"yoast-schema-graph\">{\"@context\":\"https:\/\/schema.org\",\"@graph\":[{\"@type\":\"WebPage\",\"@id\":\"https:\/\/dibenedettoproductions.com\/?page_id=4282\",\"url\":\"https:\/\/dibenedettoproductions.com\/?page_id=4282\",\"name\":\"Para Mam\u00e1 - Di Benedetto Productions\",\"isPartOf\":{\"@id\":\"https:\/\/dibenedettoproductions.com\/#website\"},\"datePublished\":\"2021-02-25T10:52:14+00:00\",\"dateModified\":\"2021-08-06T07:02:30+00:00\",\"breadcrumb\":{\"@id\":\"https:\/\/dibenedettoproductions.com\/?page_id=4282#breadcrumb\"},\"inLanguage\":\"it-IT\",\"potentialAction\":[{\"@type\":\"ReadAction\",\"target\":[\"https:\/\/dibenedettoproductions.com\/?page_id=4282\"]}]},{\"@type\":\"BreadcrumbList\",\"@id\":\"https:\/\/dibenedettoproductions.com\/?page_id=4282#breadcrumb\",\"itemListElement\":[{\"@type\":\"ListItem\",\"position\":1,\"name\":\"Home\",\"item\":\"https:\/\/dibenedettoproductions.com\/\"},{\"@type\":\"ListItem\",\"position\":2,\"name\":\"Para Mam\u00e1\"}]},{\"@type\":\"WebSite\",\"@id\":\"https:\/\/dibenedettoproductions.com\/#website\",\"url\":\"https:\/\/dibenedettoproductions.com\/\",\"name\":\"Di Benedetto Productions\",\"description\":\"\",\"publisher\":{\"@id\":\"https:\/\/dibenedettoproductions.com\/#organization\"},\"potentialAction\":[{\"@type\":\"SearchAction\",\"target\":{\"@type\":\"EntryPoint\",\"urlTemplate\":\"https:\/\/dibenedettoproductions.com\/?s={search_term_string}\"},\"query-input\":\"required name=search_term_string\"}],\"inLanguage\":\"it-IT\"},{\"@type\":\"Organization\",\"@id\":\"https:\/\/dibenedettoproductions.com\/#organization\",\"name\":\"DI BENEDETTO PRODUCTIONS\",\"url\":\"https:\/\/dibenedettoproductions.com\/\",\"sameAs\":[],\"logo\":{\"@type\":\"ImageObject\",\"inLanguage\":\"it-IT\",\"@id\":\"https:\/\/dibenedettoproductions.com\/#\/schema\/logo\/image\/\",\"url\":\"https:\/\/dibenedettoproductions.com\/wp-content\/uploads\/2021\/09\/logo_di_benedetto_productions.jpg\",\"contentUrl\":\"https:\/\/dibenedettoproductions.com\/wp-content\/uploads\/2021\/09\/logo_di_benedetto_productions.jpg\",\"width\":225,\"height\":225,\"caption\":\"DI BENEDETTO PRODUCTIONS\"},\"image\":{\"@id\":\"https:\/\/dibenedettoproductions.com\/#\/schema\/logo\/image\/\"}}]}<\/script>\n<!-- \/ Yoast SEO plugin. -->","yoast_head_json":{"title":"Para Mam\u00e1 - Di Benedetto Productions","robots":{"index":"index","follow":"follow","max-snippet":"max-snippet:-1","max-image-preview":"max-image-preview:large","max-video-preview":"max-video-preview:-1"},"canonical":"https:\/\/dibenedettoproductions.com\/?page_id=4282","og_locale":"it_IT","og_type":"article","og_title":"Para Mam\u00e1 - Di Benedetto Productions","og_description":"SPOTIFY APPLE MUSIC DEEZER AMAZON MUSIC A pasado el tiempo y ya no somos ni\u00f1os Somos dos adultos y no muere el cari\u00f1o No me sal\u00edan palabras para escribirte esto Porque lo que siento no cabe en un texto S\u00e9 que t\u00fa sentiste los latidos dentro Y con los latidos te escribimos estos A ti.","og_url":"https:\/\/dibenedettoproductions.com\/?page_id=4282","og_site_name":"Di Benedetto Productions","article_modified_time":"2021-08-06T07:02:30+00:00","twitter_card":"summary_large_image","twitter_misc":{"Tempo di lettura stimato":"2 minuti"},"schema":{"@context":"https:\/\/schema.org","@graph":[{"@type":"WebPage","@id":"https:\/\/dibenedettoproductions.com\/?page_id=4282","url":"https:\/\/dibenedettoproductions.com\/?page_id=4282","name":"Para Mam\u00e1 - Di Benedetto Productions","isPartOf":{"@id":"https:\/\/dibenedettoproductions.com\/#website"},"datePublished":"2021-02-25T10:52:14+00:00","dateModified":"2021-08-06T07:02:30+00:00","breadcrumb":{"@id":"https:\/\/dibenedettoproductions.com\/?page_id=4282#breadcrumb"},"inLanguage":"it-IT","potentialAction":[{"@type":"ReadAction","target":["https:\/\/dibenedettoproductions.com\/?page_id=4282"]}]},{"@type":"BreadcrumbList","@id":"https:\/\/dibenedettoproductions.com\/?page_id=4282#breadcrumb","itemListElement":[{"@type":"ListItem","position":1,"name":"Home","item":"https:\/\/dibenedettoproductions.com\/"},{"@type":"ListItem","position":2,"name":"Para Mam\u00e1"}]},{"@type":"WebSite","@id":"https:\/\/dibenedettoproductions.com\/#website","url":"https:\/\/dibenedettoproductions.com\/","name":"Di Benedetto Productions","description":"","publisher":{"@id":"https:\/\/dibenedettoproductions.com\/#organization"},"potentialAction":[{"@type":"SearchAction","target":{"@type":"EntryPoint","urlTemplate":"https:\/\/dibenedettoproductions.com\/?s={search_term_string}"},"query-input":"required name=search_term_string"}],"inLanguage":"it-IT"},{"@type":"Organization","@id":"https:\/\/dibenedettoproductions.com\/#organization","name":"DI BENEDETTO PRODUCTIONS","url":"https:\/\/dibenedettoproductions.com\/","sameAs":[],"logo":{"@type":"ImageObject","inLanguage":"it-IT","@id":"https:\/\/dibenedettoproductions.com\/#\/schema\/logo\/image\/","url":"https:\/\/dibenedettoproductions.com\/wp-content\/uploads\/2021\/09\/logo_di_benedetto_productions.jpg","contentUrl":"https:\/\/dibenedettoproductions.com\/wp-content\/uploads\/2021\/09\/logo_di_benedetto_productions.jpg","width":225,"height":225,"caption":"DI BENEDETTO PRODUCTIONS"},"image":{"@id":"https:\/\/dibenedettoproductions.com\/#\/schema\/logo\/image\/"}}]}},"_links":{"self":[{"href":"https:\/\/dibenedettoproductions.com\/index.php?rest_route=\/wp\/v2\/pages\/4282","targetHints":{"allow":["GET"]}}],"collection":[{"href":"https:\/\/dibenedettoproductions.com\/index.php?rest_route=\/wp\/v2\/pages"}],"about":[{"href":"https:\/\/dibenedettoproductions.com\/index.php?rest_route=\/wp\/v2\/types\/page"}],"author":[{"embeddable":true,"href":"https:\/\/dibenedettoproductions.com\/index.php?rest_route=\/wp\/v2\/users\/1"}],"replies":[{"embeddable":true,"href":"https:\/\/dibenedettoproductions.com\/index.php?rest_route=%2Fwp%2Fv2%2Fcomments&post=4282"}],"version-history":[{"count":7,"href":"https:\/\/dibenedettoproductions.com\/index.php?rest_route=\/wp\/v2\/pages\/4282\/revisions"}],"predecessor-version":[{"id":5842,"href":"https:\/\/dibenedettoproductions.com\/index.php?rest_route=\/wp\/v2\/pages\/4282\/revisions\/5842"}],"wp:attachment":[{"href":"https:\/\/dibenedettoproductions.com\/index.php?rest_route=%2Fwp%2Fv2%2Fmedia&parent=4282"}],"wp:term":[{"taxonomy":"category","embeddable":true,"href":"https:\/\/dibenedettoproductions.com\/index.php?rest_route=%2Fwp%2Fv2%2Fcategories&post=4282"},{"taxonomy":"post_tag","embeddable":true,"href":"https:\/\/dibenedettoproductions.com\/index.php?rest_route=%2Fwp%2Fv2%2Ftags&post=4282"}],"curies":[{"name":"wp","href":"https:\/\/api.w.org\/{rel}","templated":true}]}}