{"id":4273,"date":"2021-02-25T10:46:08","date_gmt":"2021-02-25T10:46:08","guid":{"rendered":"https:\/\/dibenedettoproductions.com\/?page_id=4273"},"modified":"2021-08-05T15:20:05","modified_gmt":"2021-08-05T15:20:05","slug":"muneca-de-trapo","status":"publish","type":"page","link":"https:\/\/dibenedettoproductions.com\/?page_id=4273","title":{"rendered":"Mu\u00f1eca De Trapo"},"content":{"rendered":"\t\t<div data-elementor-type=\"wp-page\" data-elementor-id=\"4273\" class=\"elementor elementor-4273\" data-elementor-settings=\"[]\">\n\t\t\t\t\t\t<div class=\"elementor-inner\">\n\t\t\t\t\t\t\t<div class=\"elementor-section-wrap\">\n\t\t\t\t\t\t\t<section class=\"elementor-section elementor-top-section elementor-element elementor-element-27ae879 elementor-section-stretched elementor-section-boxed elementor-section-height-default elementor-section-height-default\" data-id=\"27ae879\" data-element_type=\"section\" data-settings=\"{&quot;stretch_section&quot;:&quot;section-stretched&quot;,&quot;background_background&quot;:&quot;classic&quot;}\">\n\t\t\t\t\t\t<div class=\"elementor-container elementor-column-gap-default\">\n\t\t\t\t\t\t\t<div class=\"elementor-row\">\n\t\t\t\t\t<div class=\"elementor-column elementor-col-25 elementor-top-column elementor-element elementor-element-f7a0403\" data-id=\"f7a0403\" data-element_type=\"column\">\n\t\t\t<div class=\"elementor-column-wrap elementor-element-populated\">\n\t\t\t\t\t\t\t<div class=\"elementor-widget-wrap\">\n\t\t\t\t\t\t<div class=\"elementor-element elementor-element-6ffb217 elementor-align-center elementor-widget elementor-widget-button\" data-id=\"6ffb217\" data-element_type=\"widget\" data-widget_type=\"button.default\">\n\t\t\t\t<div class=\"elementor-widget-container\">\n\t\t\t\t\t<div class=\"elementor-button-wrapper\">\n\t\t\t<a href=\"https:\/\/open.spotify.com\/track\/3VprGse2lG1cRc8TnxSi2V?si=QTttOr1aQUalGO72x6dlhg%20\" class=\"elementor-button-link elementor-button elementor-size-sm\" role=\"button\">\n\t\t\t\t\t\t<span class=\"elementor-button-content-wrapper\">\n\t\t\t\t\t\t<span class=\"elementor-button-text\">SPOTIFY<\/span>\n\t\t<\/span>\n\t\t\t\t\t<\/a>\n\t\t<\/div>\n\t\t\t\t<\/div>\n\t\t\t\t<\/div>\n\t\t\t\t\t\t<\/div>\n\t\t\t\t\t<\/div>\n\t\t<\/div>\n\t\t\t\t<div class=\"elementor-column elementor-col-25 elementor-top-column elementor-element elementor-element-c3e922b\" data-id=\"c3e922b\" data-element_type=\"column\">\n\t\t\t<div class=\"elementor-column-wrap elementor-element-populated\">\n\t\t\t\t\t\t\t<div class=\"elementor-widget-wrap\">\n\t\t\t\t\t\t<div class=\"elementor-element elementor-element-c2f90cd elementor-align-center elementor-widget elementor-widget-button\" data-id=\"c2f90cd\" data-element_type=\"widget\" data-widget_type=\"button.default\">\n\t\t\t\t<div class=\"elementor-widget-container\">\n\t\t\t\t\t<div class=\"elementor-button-wrapper\">\n\t\t\t<a href=\"https:\/\/music.apple.com\/us\/album\/mu%C3%B1eca-de-trapo\/1537458986?i=1537458988\" class=\"elementor-button-link elementor-button elementor-size-sm\" role=\"button\">\n\t\t\t\t\t\t<span class=\"elementor-button-content-wrapper\">\n\t\t\t\t\t\t<span class=\"elementor-button-text\">APPLE MUSIC<\/span>\n\t\t<\/span>\n\t\t\t\t\t<\/a>\n\t\t<\/div>\n\t\t\t\t<\/div>\n\t\t\t\t<\/div>\n\t\t\t\t\t\t<\/div>\n\t\t\t\t\t<\/div>\n\t\t<\/div>\n\t\t\t\t<div class=\"elementor-column elementor-col-25 elementor-top-column elementor-element elementor-element-92cc2d2\" data-id=\"92cc2d2\" data-element_type=\"column\">\n\t\t\t<div class=\"elementor-column-wrap elementor-element-populated\">\n\t\t\t\t\t\t\t<div class=\"elementor-widget-wrap\">\n\t\t\t\t\t\t<div class=\"elementor-element elementor-element-87dce7a elementor-align-center elementor-widget elementor-widget-button\" data-id=\"87dce7a\" data-element_type=\"widget\" data-widget_type=\"button.default\">\n\t\t\t\t<div class=\"elementor-widget-container\">\n\t\t\t\t\t<div class=\"elementor-button-wrapper\">\n\t\t\t<a href=\"https:\/\/deezer.page.link\/WhF6R9znEkyik9E29\" class=\"elementor-button-link elementor-button elementor-size-sm\" role=\"button\">\n\t\t\t\t\t\t<span class=\"elementor-button-content-wrapper\">\n\t\t\t\t\t\t<span class=\"elementor-button-text\">DEEZER<\/span>\n\t\t<\/span>\n\t\t\t\t\t<\/a>\n\t\t<\/div>\n\t\t\t\t<\/div>\n\t\t\t\t<\/div>\n\t\t\t\t\t\t<\/div>\n\t\t\t\t\t<\/div>\n\t\t<\/div>\n\t\t\t\t<div class=\"elementor-column elementor-col-25 elementor-top-column elementor-element elementor-element-8f99793\" data-id=\"8f99793\" data-element_type=\"column\">\n\t\t\t<div class=\"elementor-column-wrap elementor-element-populated\">\n\t\t\t\t\t\t\t<div class=\"elementor-widget-wrap\">\n\t\t\t\t\t\t<div class=\"elementor-element elementor-element-1424443 elementor-align-center elementor-widget elementor-widget-button\" data-id=\"1424443\" data-element_type=\"widget\" data-widget_type=\"button.default\">\n\t\t\t\t<div class=\"elementor-widget-container\">\n\t\t\t\t\t<div class=\"elementor-button-wrapper\">\n\t\t\t<a href=\"https:\/\/music.amazon.com\/albums\/B08LYD6W4D?marketplaceId=ATVPDKIKX0DER&#038;musicTerritory=US&#038;trackAsin=B08LYJM725%20\" class=\"elementor-button-link elementor-button elementor-size-sm\" role=\"button\">\n\t\t\t\t\t\t<span class=\"elementor-button-content-wrapper\">\n\t\t\t\t\t\t<span class=\"elementor-button-text\">AMAZON MUSIC<\/span>\n\t\t<\/span>\n\t\t\t\t\t<\/a>\n\t\t<\/div>\n\t\t\t\t<\/div>\n\t\t\t\t<\/div>\n\t\t\t\t\t\t<\/div>\n\t\t\t\t\t<\/div>\n\t\t<\/div>\n\t\t\t\t\t\t\t\t<\/div>\n\t\t\t\t\t<\/div>\n\t\t<\/section>\n\t\t\t\t<section class=\"elementor-section elementor-top-section elementor-element elementor-element-f2a8ea8 elementor-section-stretched elementor-section-boxed elementor-section-height-default elementor-section-height-default\" data-id=\"f2a8ea8\" data-element_type=\"section\" data-settings=\"{&quot;stretch_section&quot;:&quot;section-stretched&quot;,&quot;background_background&quot;:&quot;classic&quot;}\">\n\t\t\t\t\t\t<div class=\"elementor-container elementor-column-gap-default\">\n\t\t\t\t\t\t\t<div class=\"elementor-row\">\n\t\t\t\t\t<div class=\"elementor-column elementor-col-100 elementor-top-column elementor-element elementor-element-046e0ea\" data-id=\"046e0ea\" data-element_type=\"column\">\n\t\t\t<div class=\"elementor-column-wrap elementor-element-populated\">\n\t\t\t\t\t\t\t<div class=\"elementor-widget-wrap\">\n\t\t\t\t\t\t<div class=\"elementor-element elementor-element-0265f7e elementor-widget elementor-widget-text-editor\" data-id=\"0265f7e\" data-element_type=\"widget\" data-widget_type=\"text-editor.default\">\n\t\t\t\t<div class=\"elementor-widget-container\">\n\t\t\t\t\t\t\t\t<div class=\"elementor-text-editor elementor-clearfix\">\n\t\t\t\t<div><p style=\"text-align: center;\"><span style=\"color: #ffffff;\">Dachay indica<\/span><\/p><p style=\"text-align: center;\"><span style=\"color: #ffffff;\">Oo oo o o<\/span><\/p><p style=\"text-align: center;\"><span style=\"color: #ffffff;\">La cartera ya est\u00e1 lista pa salir<\/span><\/p><p style=\"text-align: center;\"><span style=\"color: #ffffff;\">En su rostro una sonrisa que te miente al sonre\u00edr<\/span><\/p><p style=\"text-align: center;\"><span style=\"color: #ffffff;\">Los ojos bien pintados pa que no se note el miedo<\/span><\/p><p style=\"text-align: center;\"><span style=\"color: #ffffff;\">Un beso una caricia y un te quiero<\/span><\/p><p style=\"text-align: center;\"><span style=\"color: #ffffff;\">Mu\u00f1eca de trapo no dejes que te utilicen<\/span><\/p><p style=\"text-align: center;\"><span style=\"color: #ffffff;\">Recuerda que hay colores<\/span><\/p><p style=\"text-align: center;\"><span style=\"color: #ffffff;\">En los d\u00edas grises<\/span><\/p><p style=\"text-align: center;\"><span style=\"color: #ffffff;\">Mu\u00f1eca de trapo siente el alma que te llama<\/span><\/p><p style=\"text-align: center;\"><span style=\"color: #ffffff;\">Mu\u00f1eca de trapo que trabaja en una cama<\/span><\/p><p style=\"text-align: center;\"><span style=\"color: #ffffff;\">Mu\u00f1eca de trapo<\/span><\/p><p style=\"text-align: center;\"><span style=\"color: #ffffff;\">Mu\u00f1eca de trapo<\/span><\/p><p style=\"text-align: center;\"><span style=\"color: #ffffff;\">Mu\u00f1eca de trapo siente el alma que te llama<\/span><\/p><p style=\"text-align: center;\"><span style=\"color: #ffffff;\">Mu\u00f1eca de trapo que trabaja en una cama<\/span><\/p><p style=\"text-align: center;\"><span style=\"color: #ffffff;\">Mu\u00f1eca de trapo levanta la cabeza<\/span><\/p><p style=\"text-align: center;\"><span style=\"color: #ffffff;\">Que siempre cae en santo<\/span><\/p><p style=\"text-align: center;\"><span style=\"color: #ffffff;\">A quien le reza<\/span><\/p><p style=\"text-align: center;\"><span style=\"color: #ffffff;\">Mu\u00f1eca de trapo con los labios color fresa<\/span><\/p><p style=\"text-align: center;\"><span style=\"color: #ffffff;\">Es hora de levantarse<\/span><\/p><p style=\"text-align: center;\"><span style=\"color: #ffffff;\">Es hora de tener fuerza<\/span><\/p><p style=\"text-align: center;\"><span style=\"color: #ffffff;\">Hay necesidad se le nota por los poros<\/span><\/p><p style=\"text-align: center;\"><span style=\"color: #ffffff;\">Pero a veces un abrazo es m\u00e1s rico que un tesoro<\/span><\/p><p style=\"text-align: center;\"><span style=\"color: #ffffff;\">Y un beso bien sincero brilla m\u00e1s que el oro<\/span><\/p><p style=\"text-align: center;\"><span style=\"color: #ffffff;\">Y la soledad la conoce el que est\u00e1 solo<\/span><\/p><p style=\"text-align: center;\"><span style=\"color: #ffffff;\">Mu\u00f1eca de trapo no vendas m\u00e1s tu cuerpo<\/span><\/p><p style=\"text-align: center;\"><span style=\"color: #ffffff;\">Lo \u00fanico que es tuyo hasta despu\u00e9s de muerto<\/span><\/p><p style=\"text-align: center;\"><span style=\"color: #ffffff;\">Mu\u00f1eca de trapo eso no tiene precio<\/span><\/p><p style=\"text-align: center;\"><span style=\"color: #ffffff;\">Mu\u00f1eca de trapo te lo dice este necio<\/span><\/p><p style=\"text-align: center;\"><span style=\"color: #ffffff;\">Recuerda que los logros uno lo lleva adentro<\/span><\/p><p style=\"text-align: center;\"><span style=\"color: #ffffff;\">T\u00fa no lo haces por placer y se te nota el sufrimiento<\/span><\/p><p style=\"text-align: center;\"><span style=\"color: #ffffff;\">A veces las mu\u00f1ecas<\/span><\/p><p style=\"text-align: center;\"><span style=\"color: #ffffff;\">Tienen sentimiento<\/span><\/p><p style=\"text-align: center;\"><span style=\"color: #ffffff;\">Mu\u00f1eca de trapo no dejes que te utilicen<\/span><\/p><p style=\"text-align: center;\"><span style=\"color: #ffffff;\">Recuerda que hay colores<\/span><\/p><p style=\"text-align: center;\"><span style=\"color: #ffffff;\">En los d\u00edas grises<\/span><\/p><p style=\"text-align: center;\"><span style=\"color: #ffffff;\">Mu\u00f1eca de trapo siente el alma que te llama<\/span><\/p><p style=\"text-align: center;\"><span style=\"color: #ffffff;\">Mu\u00f1eca de trapo que trabaja en una cama<\/span><\/p><p style=\"text-align: center;\"><span style=\"color: #ffffff;\">Mu\u00f1eca de trapo<\/span><\/p><p style=\"text-align: center;\"><span style=\"color: #ffffff;\">Mu\u00f1eca de trapo<\/span><\/p><p style=\"text-align: center;\"><span style=\"color: #ffffff;\">Mu\u00f1eca de trapo siente el alma que te llama<\/span><\/p><p style=\"text-align: center;\"><span style=\"color: #ffffff;\">Mu\u00f1eca de trapo que trabaja en una cama<\/span><\/p><p style=\"text-align: center;\"><span style=\"color: #ffffff;\">Mu\u00f1eca mu\u00f1eca<\/span><\/p><p style=\"text-align: center;\"><span style=\"color: #ffffff;\">La muy cabrona est\u00e1 hecha completa<\/span><\/p><p style=\"text-align: center;\"><span style=\"color: #ffffff;\">Se hace pasar por discreta<\/span><\/p><p style=\"text-align: center;\"><span style=\"color: #ffffff;\">Pero cuando ella llega la respetan<\/span><\/p><p style=\"text-align: center;\"><span style=\"color: #ffffff;\">En la discoteca<\/span><\/p><p style=\"text-align: center;\"><span style=\"color: #ffffff;\">Anda con un combo que esta duro<\/span><\/p><p style=\"text-align: center;\"><span style=\"color: #ffffff;\">Una pila de fula en la cartera<\/span><\/p><p style=\"text-align: center;\"><span style=\"color: #ffffff;\">Tremenda faceta<\/span><\/p><p style=\"text-align: center;\"><span style=\"color: #ffffff;\">En la discoteca<\/span><\/p><p style=\"text-align: center;\"><span style=\"color: #ffffff;\">E mira<\/span><\/p><p style=\"text-align: center;\"><span style=\"color: #ffffff;\">D\u00e1ndote d\u00e1ndote<\/span><\/p><p style=\"text-align: center;\"><span style=\"color: #ffffff;\">Lo que a ti te toca<\/span><\/p><p style=\"text-align: center;\"><span style=\"color: #ffffff;\">Los yakuza y el peseta<\/span><\/p><p style=\"text-align: center;\"><span style=\"color: #ffffff;\">De cuba pa la yunai<\/span><\/p><p style=\"text-align: center;\"><span style=\"color: #ffffff;\">De yunai pa Europa po po po<\/span><\/p><p style=\"text-align: center;\"><span style=\"color: #ffffff;\">Po po po po<\/span><\/p><p style=\"text-align: center;\"><span style=\"color: #ffffff;\">Po po po po po<\/span><\/p><p style=\"text-align: center;\"><span style=\"color: #ffffff;\">Po po po po po po po po<\/span><\/p><p style=\"text-align: center;\"><span style=\"color: #ffffff;\">La bandera del reparto soy yo<\/span><\/p><p style=\"text-align: center;\"><span style=\"color: #ffffff;\">Vamo pa all\u00e1<\/span><\/p><p style=\"text-align: center;\"><span style=\"color: #ffffff;\">Mu\u00f1eca de trapo no dejes que te utilicen<\/span><\/p><p style=\"text-align: center;\"><span style=\"color: #ffffff;\">Recuerda que hay colores<\/span><\/p><p style=\"text-align: center;\"><span style=\"color: #ffffff;\">En los d\u00edas grises<\/span><\/p><p style=\"text-align: center;\"><span style=\"color: #ffffff;\">Mu\u00f1eca de trapo siente el alma que te llama<\/span><\/p><p style=\"text-align: center;\"><span style=\"color: #ffffff;\">Mu\u00f1eca de trapo que trabaja en una cama<\/span><\/p><p style=\"text-align: center;\"><span style=\"color: #ffffff;\">Mu\u00f1eca de trapo<\/span><\/p><p style=\"text-align: center;\"><span style=\"color: #ffffff;\">Mu\u00f1eca de trapo<\/span><\/p><p style=\"text-align: center;\"><span style=\"color: #ffffff;\">Mu\u00f1eca de trapo siente el alma que te llama<\/span><\/p><p style=\"text-align: center;\"><span style=\"color: #ffffff;\">Mu\u00f1eca de trapo que trabaja en una cama<\/span><\/p><p style=\"text-align: center;\"><span style=\"color: #ffffff;\">Nosotros somos los yakuza<\/span><\/p><p style=\"text-align: center;\"><span style=\"color: #ffffff;\">Y el miedo lo dejamo en la gaveta<\/span><\/p><p style=\"text-align: center;\"><span style=\"color: #ffffff;\">Andamo con el peseta<\/span><\/p><p style=\"text-align: center;\"><span style=\"color: #ffffff;\">As\u00ed que mejor respeta prrrr<\/span><\/p><p style=\"text-align: center;\"><span style=\"color: #ffffff;\">Ey dachay<\/span><\/p><p style=\"text-align: center;\"><span style=\"color: #ffffff;\">Ey al vino vino y al pan pan los yakuza<\/span><\/p><p style=\"text-align: center;\"><span style=\"color: #ffffff;\">El pesao<\/span><\/p><p style=\"text-align: center;\"><span style=\"color: #ffffff;\">Ni\u00f1o record<\/span><\/p><p style=\"text-align: center;\"><span style=\"color: #ffffff;\">Chili chileko<\/span><\/p><p style=\"text-align: center;\"><span style=\"color: #ffffff;\">Tu sabe pa mi bala no hay chaleco que fue<\/span><\/p><p style=\"text-align: center;\"><span style=\"color: #ffffff;\">Di Benedetto Production pipo<\/span><\/p><p style=\"text-align: center;\"><span style=\"color: #ffffff;\">Tu sabe lo matamos jovencito Vitico<\/span><\/p><p style=\"text-align: center;\"><span style=\"color: #ffffff;\">O o o o o<\/span><\/p><p style=\"text-align: center;\"><span style=\"color: #ffffff;\">O o o o o<\/span><\/p><p style=\"text-align: center;\"><span style=\"color: #ffffff;\">Pa ti bebe<\/span><\/p><p style=\"text-align: center;\"><span style=\"color: #ffffff;\">O o o o o<\/span><\/p><p style=\"text-align: center;\"><span style=\"color: #ffffff;\">O o o o o<\/span><\/p><\/div>\t\t\t\t\t<\/div>\n\t\t\t\t\t\t<\/div>\n\t\t\t\t<\/div>\n\t\t\t\t\t\t<\/div>\n\t\t\t\t\t<\/div>\n\t\t<\/div>\n\t\t\t\t\t\t\t\t<\/div>\n\t\t\t\t\t<\/div>\n\t\t<\/section>\n\t\t\t\t\t\t<\/div>\n\t\t\t\t\t\t<\/div>\n\t\t\t\t\t<\/div>\n\t\t","protected":false},"excerpt":{"rendered":"<p>SPOTIFY APPLE MUSIC DEEZER AMAZON MUSIC Dachay indica Oo oo o o La cartera ya est\u00e1 lista pa salir En su rostro una sonrisa que te miente al sonre\u00edr Los ojos bien pintados pa que no se note el miedo Un beso una caricia y un te quiero Mu\u00f1eca de trapo no dejes que te.<\/p>\n","protected":false},"author":1,"featured_media":0,"parent":0,"menu_order":0,"comment_status":"closed","ping_status":"closed","template":"","meta":{"footnotes":""},"categories":[42],"tags":[],"class_list":["post-4273","page","type-page","status-publish","hentry","category-testi"],"yoast_head":"<!-- This site is optimized with the Yoast SEO plugin v19.6.1 - https:\/\/yoast.com\/wordpress\/plugins\/seo\/ -->\n<title>Mu\u00f1eca De Trapo - Di Benedetto Productions<\/title>\n<meta name=\"robots\" content=\"index, follow, max-snippet:-1, max-image-preview:large, max-video-preview:-1\" \/>\n<link rel=\"canonical\" href=\"https:\/\/dibenedettoproductions.com\/?page_id=4273\" \/>\n<meta property=\"og:locale\" content=\"it_IT\" \/>\n<meta property=\"og:type\" content=\"article\" \/>\n<meta property=\"og:title\" content=\"Mu\u00f1eca De Trapo - Di Benedetto Productions\" \/>\n<meta property=\"og:description\" content=\"SPOTIFY APPLE MUSIC DEEZER AMAZON MUSIC Dachay indica Oo oo o o La cartera ya est\u00e1 lista pa salir En su rostro una sonrisa que te miente al sonre\u00edr Los ojos bien pintados pa que no se note el miedo Un beso una caricia y un te quiero Mu\u00f1eca de trapo no dejes que te.\" \/>\n<meta property=\"og:url\" content=\"https:\/\/dibenedettoproductions.com\/?page_id=4273\" \/>\n<meta property=\"og:site_name\" content=\"Di Benedetto Productions\" \/>\n<meta property=\"article:modified_time\" content=\"2021-08-05T15:20:05+00:00\" \/>\n<meta name=\"twitter:card\" content=\"summary_large_image\" \/>\n<meta name=\"twitter:label1\" content=\"Tempo di lettura stimato\" \/>\n\t<meta name=\"twitter:data1\" content=\"2 minuti\" \/>\n<script type=\"application\/ld+json\" class=\"yoast-schema-graph\">{\"@context\":\"https:\/\/schema.org\",\"@graph\":[{\"@type\":\"WebPage\",\"@id\":\"https:\/\/dibenedettoproductions.com\/?page_id=4273\",\"url\":\"https:\/\/dibenedettoproductions.com\/?page_id=4273\",\"name\":\"Mu\u00f1eca De Trapo - Di Benedetto Productions\",\"isPartOf\":{\"@id\":\"https:\/\/dibenedettoproductions.com\/#website\"},\"datePublished\":\"2021-02-25T10:46:08+00:00\",\"dateModified\":\"2021-08-05T15:20:05+00:00\",\"breadcrumb\":{\"@id\":\"https:\/\/dibenedettoproductions.com\/?page_id=4273#breadcrumb\"},\"inLanguage\":\"it-IT\",\"potentialAction\":[{\"@type\":\"ReadAction\",\"target\":[\"https:\/\/dibenedettoproductions.com\/?page_id=4273\"]}]},{\"@type\":\"BreadcrumbList\",\"@id\":\"https:\/\/dibenedettoproductions.com\/?page_id=4273#breadcrumb\",\"itemListElement\":[{\"@type\":\"ListItem\",\"position\":1,\"name\":\"Home\",\"item\":\"https:\/\/dibenedettoproductions.com\/\"},{\"@type\":\"ListItem\",\"position\":2,\"name\":\"Mu\u00f1eca De Trapo\"}]},{\"@type\":\"WebSite\",\"@id\":\"https:\/\/dibenedettoproductions.com\/#website\",\"url\":\"https:\/\/dibenedettoproductions.com\/\",\"name\":\"Di Benedetto Productions\",\"description\":\"\",\"publisher\":{\"@id\":\"https:\/\/dibenedettoproductions.com\/#organization\"},\"potentialAction\":[{\"@type\":\"SearchAction\",\"target\":{\"@type\":\"EntryPoint\",\"urlTemplate\":\"https:\/\/dibenedettoproductions.com\/?s={search_term_string}\"},\"query-input\":\"required name=search_term_string\"}],\"inLanguage\":\"it-IT\"},{\"@type\":\"Organization\",\"@id\":\"https:\/\/dibenedettoproductions.com\/#organization\",\"name\":\"DI BENEDETTO PRODUCTIONS\",\"url\":\"https:\/\/dibenedettoproductions.com\/\",\"sameAs\":[],\"logo\":{\"@type\":\"ImageObject\",\"inLanguage\":\"it-IT\",\"@id\":\"https:\/\/dibenedettoproductions.com\/#\/schema\/logo\/image\/\",\"url\":\"https:\/\/dibenedettoproductions.com\/wp-content\/uploads\/2021\/09\/logo_di_benedetto_productions.jpg\",\"contentUrl\":\"https:\/\/dibenedettoproductions.com\/wp-content\/uploads\/2021\/09\/logo_di_benedetto_productions.jpg\",\"width\":225,\"height\":225,\"caption\":\"DI BENEDETTO PRODUCTIONS\"},\"image\":{\"@id\":\"https:\/\/dibenedettoproductions.com\/#\/schema\/logo\/image\/\"}}]}<\/script>\n<!-- \/ Yoast SEO plugin. -->","yoast_head_json":{"title":"Mu\u00f1eca De Trapo - Di Benedetto Productions","robots":{"index":"index","follow":"follow","max-snippet":"max-snippet:-1","max-image-preview":"max-image-preview:large","max-video-preview":"max-video-preview:-1"},"canonical":"https:\/\/dibenedettoproductions.com\/?page_id=4273","og_locale":"it_IT","og_type":"article","og_title":"Mu\u00f1eca De Trapo - Di Benedetto Productions","og_description":"SPOTIFY APPLE MUSIC DEEZER AMAZON MUSIC Dachay indica Oo oo o o La cartera ya est\u00e1 lista pa salir En su rostro una sonrisa que te miente al sonre\u00edr Los ojos bien pintados pa que no se note el miedo Un beso una caricia y un te quiero Mu\u00f1eca de trapo no dejes que te.","og_url":"https:\/\/dibenedettoproductions.com\/?page_id=4273","og_site_name":"Di Benedetto Productions","article_modified_time":"2021-08-05T15:20:05+00:00","twitter_card":"summary_large_image","twitter_misc":{"Tempo di lettura stimato":"2 minuti"},"schema":{"@context":"https:\/\/schema.org","@graph":[{"@type":"WebPage","@id":"https:\/\/dibenedettoproductions.com\/?page_id=4273","url":"https:\/\/dibenedettoproductions.com\/?page_id=4273","name":"Mu\u00f1eca De Trapo - Di Benedetto Productions","isPartOf":{"@id":"https:\/\/dibenedettoproductions.com\/#website"},"datePublished":"2021-02-25T10:46:08+00:00","dateModified":"2021-08-05T15:20:05+00:00","breadcrumb":{"@id":"https:\/\/dibenedettoproductions.com\/?page_id=4273#breadcrumb"},"inLanguage":"it-IT","potentialAction":[{"@type":"ReadAction","target":["https:\/\/dibenedettoproductions.com\/?page_id=4273"]}]},{"@type":"BreadcrumbList","@id":"https:\/\/dibenedettoproductions.com\/?page_id=4273#breadcrumb","itemListElement":[{"@type":"ListItem","position":1,"name":"Home","item":"https:\/\/dibenedettoproductions.com\/"},{"@type":"ListItem","position":2,"name":"Mu\u00f1eca De Trapo"}]},{"@type":"WebSite","@id":"https:\/\/dibenedettoproductions.com\/#website","url":"https:\/\/dibenedettoproductions.com\/","name":"Di Benedetto Productions","description":"","publisher":{"@id":"https:\/\/dibenedettoproductions.com\/#organization"},"potentialAction":[{"@type":"SearchAction","target":{"@type":"EntryPoint","urlTemplate":"https:\/\/dibenedettoproductions.com\/?s={search_term_string}"},"query-input":"required name=search_term_string"}],"inLanguage":"it-IT"},{"@type":"Organization","@id":"https:\/\/dibenedettoproductions.com\/#organization","name":"DI BENEDETTO PRODUCTIONS","url":"https:\/\/dibenedettoproductions.com\/","sameAs":[],"logo":{"@type":"ImageObject","inLanguage":"it-IT","@id":"https:\/\/dibenedettoproductions.com\/#\/schema\/logo\/image\/","url":"https:\/\/dibenedettoproductions.com\/wp-content\/uploads\/2021\/09\/logo_di_benedetto_productions.jpg","contentUrl":"https:\/\/dibenedettoproductions.com\/wp-content\/uploads\/2021\/09\/logo_di_benedetto_productions.jpg","width":225,"height":225,"caption":"DI BENEDETTO PRODUCTIONS"},"image":{"@id":"https:\/\/dibenedettoproductions.com\/#\/schema\/logo\/image\/"}}]}},"_links":{"self":[{"href":"https:\/\/dibenedettoproductions.com\/index.php?rest_route=\/wp\/v2\/pages\/4273","targetHints":{"allow":["GET"]}}],"collection":[{"href":"https:\/\/dibenedettoproductions.com\/index.php?rest_route=\/wp\/v2\/pages"}],"about":[{"href":"https:\/\/dibenedettoproductions.com\/index.php?rest_route=\/wp\/v2\/types\/page"}],"author":[{"embeddable":true,"href":"https:\/\/dibenedettoproductions.com\/index.php?rest_route=\/wp\/v2\/users\/1"}],"replies":[{"embeddable":true,"href":"https:\/\/dibenedettoproductions.com\/index.php?rest_route=%2Fwp%2Fv2%2Fcomments&post=4273"}],"version-history":[{"count":7,"href":"https:\/\/dibenedettoproductions.com\/index.php?rest_route=\/wp\/v2\/pages\/4273\/revisions"}],"predecessor-version":[{"id":5803,"href":"https:\/\/dibenedettoproductions.com\/index.php?rest_route=\/wp\/v2\/pages\/4273\/revisions\/5803"}],"wp:attachment":[{"href":"https:\/\/dibenedettoproductions.com\/index.php?rest_route=%2Fwp%2Fv2%2Fmedia&parent=4273"}],"wp:term":[{"taxonomy":"category","embeddable":true,"href":"https:\/\/dibenedettoproductions.com\/index.php?rest_route=%2Fwp%2Fv2%2Fcategories&post=4273"},{"taxonomy":"post_tag","embeddable":true,"href":"https:\/\/dibenedettoproductions.com\/index.php?rest_route=%2Fwp%2Fv2%2Ftags&post=4273"}],"curies":[{"name":"wp","href":"https:\/\/api.w.org\/{rel}","templated":true}]}}