{"id":4254,"date":"2021-02-25T10:20:11","date_gmt":"2021-02-25T10:20:11","guid":{"rendered":"https:\/\/dibenedettoproductions.com\/?page_id=4254"},"modified":"2021-08-05T15:15:31","modified_gmt":"2021-08-05T15:15:31","slug":"la-culpa","status":"publish","type":"page","link":"https:\/\/dibenedettoproductions.com\/?page_id=4254","title":{"rendered":"La Culpa"},"content":{"rendered":"\t\t<div data-elementor-type=\"wp-page\" data-elementor-id=\"4254\" class=\"elementor elementor-4254\" data-elementor-settings=\"[]\">\n\t\t\t\t\t\t<div class=\"elementor-inner\">\n\t\t\t\t\t\t\t<div class=\"elementor-section-wrap\">\n\t\t\t\t\t\t\t<section class=\"elementor-section elementor-top-section elementor-element elementor-element-80beded elementor-section-stretched elementor-section-boxed elementor-section-height-default elementor-section-height-default\" data-id=\"80beded\" data-element_type=\"section\" data-settings=\"{&quot;stretch_section&quot;:&quot;section-stretched&quot;,&quot;background_background&quot;:&quot;classic&quot;}\">\n\t\t\t\t\t\t<div class=\"elementor-container elementor-column-gap-default\">\n\t\t\t\t\t\t\t<div class=\"elementor-row\">\n\t\t\t\t\t<div class=\"elementor-column elementor-col-25 elementor-top-column elementor-element elementor-element-53e90fc\" data-id=\"53e90fc\" data-element_type=\"column\">\n\t\t\t<div class=\"elementor-column-wrap elementor-element-populated\">\n\t\t\t\t\t\t\t<div class=\"elementor-widget-wrap\">\n\t\t\t\t\t\t<div class=\"elementor-element elementor-element-8ca8cab elementor-align-center elementor-widget elementor-widget-button\" data-id=\"8ca8cab\" data-element_type=\"widget\" data-widget_type=\"button.default\">\n\t\t\t\t<div class=\"elementor-widget-container\">\n\t\t\t\t\t<div class=\"elementor-button-wrapper\">\n\t\t\t<a href=\"https:\/\/open.spotify.com\/track\/5XZ5iIExbZa6iwjIyLZGGI?si=rpFwNWlySgScTRAyZL16Vw\" class=\"elementor-button-link elementor-button elementor-size-sm\" role=\"button\">\n\t\t\t\t\t\t<span class=\"elementor-button-content-wrapper\">\n\t\t\t\t\t\t<span class=\"elementor-button-text\">SPOTIFY<\/span>\n\t\t<\/span>\n\t\t\t\t\t<\/a>\n\t\t<\/div>\n\t\t\t\t<\/div>\n\t\t\t\t<\/div>\n\t\t\t\t\t\t<\/div>\n\t\t\t\t\t<\/div>\n\t\t<\/div>\n\t\t\t\t<div class=\"elementor-column elementor-col-25 elementor-top-column elementor-element elementor-element-db71380\" data-id=\"db71380\" data-element_type=\"column\">\n\t\t\t<div class=\"elementor-column-wrap elementor-element-populated\">\n\t\t\t\t\t\t\t<div class=\"elementor-widget-wrap\">\n\t\t\t\t\t\t<div class=\"elementor-element elementor-element-a01685e elementor-align-center elementor-widget elementor-widget-button\" data-id=\"a01685e\" data-element_type=\"widget\" data-widget_type=\"button.default\">\n\t\t\t\t<div class=\"elementor-widget-container\">\n\t\t\t\t\t<div class=\"elementor-button-wrapper\">\n\t\t\t<a href=\"https:\/\/music.apple.com\/us\/album\/la-culpa\/1511502852?i=1511502853%20\" class=\"elementor-button-link elementor-button elementor-size-sm\" role=\"button\">\n\t\t\t\t\t\t<span class=\"elementor-button-content-wrapper\">\n\t\t\t\t\t\t<span class=\"elementor-button-text\">APPLE MUSIC<\/span>\n\t\t<\/span>\n\t\t\t\t\t<\/a>\n\t\t<\/div>\n\t\t\t\t<\/div>\n\t\t\t\t<\/div>\n\t\t\t\t\t\t<\/div>\n\t\t\t\t\t<\/div>\n\t\t<\/div>\n\t\t\t\t<div class=\"elementor-column elementor-col-25 elementor-top-column elementor-element elementor-element-a27dc1b\" data-id=\"a27dc1b\" data-element_type=\"column\">\n\t\t\t<div class=\"elementor-column-wrap elementor-element-populated\">\n\t\t\t\t\t\t\t<div class=\"elementor-widget-wrap\">\n\t\t\t\t\t\t<div class=\"elementor-element elementor-element-0de1301 elementor-align-center elementor-widget elementor-widget-button\" data-id=\"0de1301\" data-element_type=\"widget\" data-widget_type=\"button.default\">\n\t\t\t\t<div class=\"elementor-widget-container\">\n\t\t\t\t\t<div class=\"elementor-button-wrapper\">\n\t\t\t<a href=\"https:\/\/deezer.page.link\/4rWr4scGrrvXgYDs7%20\" class=\"elementor-button-link elementor-button elementor-size-sm\" role=\"button\">\n\t\t\t\t\t\t<span class=\"elementor-button-content-wrapper\">\n\t\t\t\t\t\t<span class=\"elementor-button-text\">DEEZER<\/span>\n\t\t<\/span>\n\t\t\t\t\t<\/a>\n\t\t<\/div>\n\t\t\t\t<\/div>\n\t\t\t\t<\/div>\n\t\t\t\t\t\t<\/div>\n\t\t\t\t\t<\/div>\n\t\t<\/div>\n\t\t\t\t<div class=\"elementor-column elementor-col-25 elementor-top-column elementor-element elementor-element-d7cc2cf\" data-id=\"d7cc2cf\" data-element_type=\"column\">\n\t\t\t<div class=\"elementor-column-wrap elementor-element-populated\">\n\t\t\t\t\t\t\t<div class=\"elementor-widget-wrap\">\n\t\t\t\t\t\t<div class=\"elementor-element elementor-element-8b0eb8a elementor-align-center elementor-widget elementor-widget-button\" data-id=\"8b0eb8a\" data-element_type=\"widget\" data-widget_type=\"button.default\">\n\t\t\t\t<div class=\"elementor-widget-container\">\n\t\t\t\t\t<div class=\"elementor-button-wrapper\">\n\t\t\t<a href=\"https:\/\/music.amazon.com\/albums\/B0881VN84T?trackAsin=B0881VNPG8&#038;ref=dm_sh_8eec-2782-dmcp-d89a-ecc8b&#038;musicTerritory=US&#038;marketplaceId=ATVPDKIKX0DER%20\" class=\"elementor-button-link elementor-button elementor-size-sm\" role=\"button\">\n\t\t\t\t\t\t<span class=\"elementor-button-content-wrapper\">\n\t\t\t\t\t\t<span class=\"elementor-button-text\">AMAZON MUSIC<\/span>\n\t\t<\/span>\n\t\t\t\t\t<\/a>\n\t\t<\/div>\n\t\t\t\t<\/div>\n\t\t\t\t<\/div>\n\t\t\t\t\t\t<\/div>\n\t\t\t\t\t<\/div>\n\t\t<\/div>\n\t\t\t\t\t\t\t\t<\/div>\n\t\t\t\t\t<\/div>\n\t\t<\/section>\n\t\t\t\t<section class=\"elementor-section elementor-top-section elementor-element elementor-element-9453062 elementor-section-stretched elementor-section-boxed elementor-section-height-default elementor-section-height-default\" data-id=\"9453062\" data-element_type=\"section\" data-settings=\"{&quot;stretch_section&quot;:&quot;section-stretched&quot;,&quot;background_background&quot;:&quot;classic&quot;}\">\n\t\t\t\t\t\t<div class=\"elementor-container elementor-column-gap-default\">\n\t\t\t\t\t\t\t<div class=\"elementor-row\">\n\t\t\t\t\t<div class=\"elementor-column elementor-col-100 elementor-top-column elementor-element elementor-element-34502f5\" data-id=\"34502f5\" data-element_type=\"column\">\n\t\t\t<div class=\"elementor-column-wrap elementor-element-populated\">\n\t\t\t\t\t\t\t<div class=\"elementor-widget-wrap\">\n\t\t\t\t\t\t<div class=\"elementor-element elementor-element-9528386 elementor-widget elementor-widget-text-editor\" data-id=\"9528386\" data-element_type=\"widget\" data-widget_type=\"text-editor.default\">\n\t\t\t\t<div class=\"elementor-widget-container\">\n\t\t\t\t\t\t\t\t<div class=\"elementor-text-editor elementor-clearfix\">\n\t\t\t\t<div><p style=\"text-align: center;\"><span style=\"color: #ffffff;\">Es hora de cambiarle el juego<\/span><\/p><p style=\"text-align: center;\"><span style=\"color: #ffffff;\">C\u00f3digo de barra<\/span><\/p><p style=\"text-align: center;\">\u00a0<\/p><p style=\"text-align: center;\"><span style=\"color: #ffffff;\">Por hoy me detendr\u00e9 a explicarte<\/span><\/p><p style=\"text-align: center;\"><span style=\"color: #ffffff;\">Lo \u00fanico que hice fue amarte y en el intento fracase<\/span><\/p><p style=\"text-align: center;\"><span style=\"color: #ffffff;\">Aparecieron los defectos<\/span><\/p><p style=\"text-align: center;\"><span style=\"color: #ffffff;\">Que un d\u00eda me hac\u00edan perfecto pero mis ojos se rinden<\/span><\/p><p style=\"text-align: center;\"><span style=\"color: #ffffff;\">Y te dir\u00e9<\/span><\/p><p style=\"text-align: center;\">\u00a0<\/p><p style=\"text-align: center;\"><span style=\"color: #ffffff;\">La culpa es tuya<\/span><\/p><p style=\"text-align: center;\"><span style=\"color: #ffffff;\">Que no supiste valorar lo que sent\u00eda<\/span><\/p><p style=\"text-align: center;\"><span style=\"color: #ffffff;\">Ya tus besos me saben a agua fr\u00eda<\/span><\/p><p style=\"text-align: center;\"><span style=\"color: #ffffff;\">Y en el aire quedaron porque<\/span><\/p><p style=\"text-align: center;\"><span style=\"color: #ffffff;\">La culpa es tuya<\/span><\/p><p style=\"text-align: center;\"><span style=\"color: #ffffff;\">Ve recogiendo todas tus mentiras<\/span><\/p><p style=\"text-align: center;\"><span style=\"color: #ffffff;\">Incluyendo la monoton\u00eda<\/span><\/p><p style=\"text-align: center;\"><span style=\"color: #ffffff;\">Por mi parte estar\u00e9 muy bien<\/span><\/p><p style=\"text-align: center;\">\u00a0<\/p><p style=\"text-align: center;\"><span style=\"color: #ffffff;\">No supiste valorar ma y entonces me fallaste<\/span><\/p><p style=\"text-align: center;\"><span style=\"color: #ffffff;\">Y no te diste cuenta que nada m\u00e1s sab\u00eda amarte<\/span><\/p><p style=\"text-align: center;\"><span style=\"color: #ffffff;\">T\u00fa me utilizaste con mi coraz\u00f3n jugaste<\/span><\/p><p style=\"text-align: center;\"><span style=\"color: #ffffff;\">Y lo maltrataste<\/span><\/p><p style=\"text-align: center;\"><span style=\"color: #ffffff;\">Ahora recoge tus mentiras y m\u00e9telas en el malet\u00edn<\/span><\/p><p style=\"text-align: center;\"><span style=\"color: #ffffff;\">Yo me sent\u00eda el yang cuando no exist\u00eda ni ying<\/span><\/p><p style=\"text-align: center;\"><span style=\"color: #ffffff;\">Saque un pa\u00f1uelo blanco sin subirme al ring<\/span><\/p><p style=\"text-align: center;\"><span style=\"color: #ffffff;\">Borre todo el whatsapp<\/span><\/p><p style=\"text-align: center;\"><span style=\"color: #ffffff;\">Le di delete al screen<\/span><\/p><p style=\"text-align: center;\">\u00a0<\/p><p style=\"text-align: center;\"><span style=\"color: #ffffff;\">La culpa es tuya<\/span><\/p><p style=\"text-align: center;\"><span style=\"color: #ffffff;\">Que no supiste valorar lo que sent\u00eda<\/span><\/p><p style=\"text-align: center;\"><span style=\"color: #ffffff;\">Ya tus besos me saben a agua fr\u00eda<\/span><\/p><p style=\"text-align: center;\"><span style=\"color: #ffffff;\">Y en el aire quedaron porque<\/span><\/p><p style=\"text-align: center;\"><span style=\"color: #ffffff;\">La culpa es tuya<\/span><\/p><p style=\"text-align: center;\"><span style=\"color: #ffffff;\">Ve recogiendo todas tus mentiras<\/span><\/p><p style=\"text-align: center;\"><span style=\"color: #ffffff;\">Incluyendo la monoton\u00eda<\/span><\/p><p style=\"text-align: center;\"><span style=\"color: #ffffff;\">Por mi parte estar\u00e9 muy bien<\/span><\/p><p style=\"text-align: center;\">\u00a0<\/p><p style=\"text-align: center;\"><span style=\"color: #ffffff;\">No mires como cae al suelo<\/span><\/p><p style=\"text-align: center;\"><span style=\"color: #ffffff;\">La culpa buscando un consuelo<\/span><\/p><p style=\"text-align: center;\"><span style=\"color: #ffffff;\">Entre buenos y malos ratos<\/span><\/p><p style=\"text-align: center;\"><span style=\"color: #ffffff;\">Se desgastaron mis zapatos<\/span><\/p><p style=\"text-align: center;\"><span style=\"color: #ffffff;\">A\u00fan quedan muchas preguntas<\/span><\/p><p style=\"text-align: center;\"><span style=\"color: #ffffff;\">La duda es que todas se juntan<\/span><\/p><p style=\"text-align: center;\"><span style=\"color: #ffffff;\">Viendo c\u00f3mo alzas el vuelo<\/span><\/p><p style=\"text-align: center;\"><span style=\"color: #ffffff;\">Desorganizando el ropero mujer<\/span><\/p><p style=\"text-align: center;\">\u00a0<\/p><p style=\"text-align: center;\"><span style=\"color: #ffffff;\">La culpa es tuya<\/span><\/p><p style=\"text-align: center;\"><span style=\"color: #ffffff;\">Que no supiste valorar lo que sent\u00eda<\/span><\/p><p style=\"text-align: center;\"><span style=\"color: #ffffff;\">Ya tus besos me saben a agua fr\u00eda<\/span><\/p><p style=\"text-align: center;\"><span style=\"color: #ffffff;\">Y en el aire quedaron porque<\/span><\/p><p style=\"text-align: center;\"><span style=\"color: #ffffff;\">La culpa es tuya<\/span><\/p><p style=\"text-align: center;\"><span style=\"color: #ffffff;\">Ve recogiendo todas tus mentiras<\/span><\/p><p style=\"text-align: center;\"><span style=\"color: #ffffff;\">Incluyendo la monoton\u00eda<\/span><\/p><p style=\"text-align: center;\"><span style=\"color: #ffffff;\">Por mi parte estar\u00e9 muy bien<\/span><\/p><p style=\"text-align: center;\">\u00a0<\/p><p style=\"text-align: center;\"><span style=\"color: #ffffff;\">S\u00fabeme la mano<\/span><\/p><p style=\"text-align: center;\"><span style=\"color: #ffffff;\">O o o o o<\/span><\/p><p style=\"text-align: center;\"><span style=\"color: #ffffff;\">S\u00fabeme la mano<\/span><\/p><p style=\"text-align: center;\"><span style=\"color: #ffffff;\">O o o o o<\/span><\/p><p style=\"text-align: center;\"><span style=\"color: #ffffff;\">La culpa es tuya<\/span><\/p><p style=\"text-align: center;\"><span style=\"color: #ffffff;\">Fuiste t\u00fa la que fallo<\/span><\/p><p style=\"text-align: center;\"><span style=\"color: #ffffff;\">O o o o o<\/span><\/p><p style=\"text-align: center;\"><span style=\"color: #ffffff;\">O o o o o<\/span><\/p><p style=\"text-align: center;\"><span style=\"color: #ffffff;\">La culpa es tuya<\/span><\/p><p style=\"text-align: center;\"><span style=\"color: #ffffff;\">Fuiste t\u00fa la que fallo<\/span><\/p><p style=\"text-align: center;\">\u00a0<\/p><p style=\"text-align: center;\"><span style=\"color: #ffffff;\">El es dachay<\/span><\/p><p style=\"text-align: center;\"><span style=\"color: #ffffff;\">Pa ti bebe bebe bebe<\/span><\/p><p style=\"text-align: center;\"><span style=\"color: #ffffff;\">Nosotros somos los yakuza<\/span><\/p><p style=\"text-align: center;\"><span style=\"color: #ffffff;\">C\u00f3digo de barra<\/span><\/p><p style=\"text-align: center;\">\u00a0<\/p><p style=\"text-align: center;\"><span style=\"color: #ffffff;\">S\u00fabeme la mano cuba<\/span><\/p><p style=\"text-align: center;\"><span style=\"color: #ffffff;\">O o o o o<\/span><\/p><p style=\"text-align: center;\"><span style=\"color: #ffffff;\">O o o o o<\/span><\/p><p style=\"text-align: center;\"><span style=\"color: #ffffff;\">Todo el mundo con la mano arriba<\/span><\/p><p style=\"text-align: center;\"><span style=\"color: #ffffff;\">La culpa es tuya<\/span><\/p><p style=\"text-align: center;\"><span style=\"color: #ffffff;\">Fuiste t\u00fa la que fallo<\/span><\/p><p style=\"text-align: center;\"><span style=\"color: #ffffff;\">Nosotros tenemos la sangre latina<\/span><\/p><p style=\"text-align: center;\"><span style=\"color: #ffffff;\">O o o o o<\/span><\/p><p style=\"text-align: center;\"><span style=\"color: #ffffff;\">O o o o o<\/span><\/p><p style=\"text-align: center;\"><span style=\"color: #ffffff;\">La culpa es tuya<\/span><\/p><p style=\"text-align: center;\"><span style=\"color: #ffffff;\">Fuiste t\u00fa la que fallo<\/span><\/p><p style=\"text-align: center;\"><span style=\"color: #ffffff;\">Fuiste t\u00fa la que fallo<\/span><\/p><\/div>\t\t\t\t\t<\/div>\n\t\t\t\t\t\t<\/div>\n\t\t\t\t<\/div>\n\t\t\t\t\t\t<\/div>\n\t\t\t\t\t<\/div>\n\t\t<\/div>\n\t\t\t\t\t\t\t\t<\/div>\n\t\t\t\t\t<\/div>\n\t\t<\/section>\n\t\t\t\t\t\t<\/div>\n\t\t\t\t\t\t<\/div>\n\t\t\t\t\t<\/div>\n\t\t","protected":false},"excerpt":{"rendered":"<p>SPOTIFY APPLE MUSIC DEEZER AMAZON MUSIC Es hora de cambiarle el juego C\u00f3digo de barra \u00a0 Por hoy me detendr\u00e9 a explicarte Lo \u00fanico que hice fue amarte y en el intento fracase Aparecieron los defectos Que un d\u00eda me hac\u00edan perfecto pero mis ojos se rinden Y te dir\u00e9 \u00a0 La culpa es tuya.<\/p>\n","protected":false},"author":1,"featured_media":0,"parent":0,"menu_order":0,"comment_status":"closed","ping_status":"closed","template":"","meta":{"footnotes":""},"categories":[42],"tags":[],"class_list":["post-4254","page","type-page","status-publish","hentry","category-testi"],"yoast_head":"<!-- This site is optimized with the Yoast SEO plugin v19.6.1 - https:\/\/yoast.com\/wordpress\/plugins\/seo\/ -->\n<title>La Culpa - Di Benedetto Productions<\/title>\n<meta name=\"robots\" content=\"index, follow, max-snippet:-1, max-image-preview:large, max-video-preview:-1\" \/>\n<link rel=\"canonical\" href=\"https:\/\/dibenedettoproductions.com\/?page_id=4254\" \/>\n<meta property=\"og:locale\" content=\"it_IT\" \/>\n<meta property=\"og:type\" content=\"article\" \/>\n<meta property=\"og:title\" content=\"La Culpa - Di Benedetto Productions\" \/>\n<meta property=\"og:description\" content=\"SPOTIFY APPLE MUSIC DEEZER AMAZON MUSIC Es hora de cambiarle el juego C\u00f3digo de barra \u00a0 Por hoy me detendr\u00e9 a explicarte Lo \u00fanico que hice fue amarte y en el intento fracase Aparecieron los defectos Que un d\u00eda me hac\u00edan perfecto pero mis ojos se rinden Y te dir\u00e9 \u00a0 La culpa es tuya.\" \/>\n<meta property=\"og:url\" content=\"https:\/\/dibenedettoproductions.com\/?page_id=4254\" \/>\n<meta property=\"og:site_name\" content=\"Di Benedetto Productions\" \/>\n<meta property=\"article:modified_time\" content=\"2021-08-05T15:15:31+00:00\" \/>\n<meta name=\"twitter:card\" content=\"summary_large_image\" \/>\n<meta name=\"twitter:label1\" content=\"Tempo di lettura stimato\" \/>\n\t<meta name=\"twitter:data1\" content=\"2 minuti\" \/>\n<script type=\"application\/ld+json\" class=\"yoast-schema-graph\">{\"@context\":\"https:\/\/schema.org\",\"@graph\":[{\"@type\":\"WebPage\",\"@id\":\"https:\/\/dibenedettoproductions.com\/?page_id=4254\",\"url\":\"https:\/\/dibenedettoproductions.com\/?page_id=4254\",\"name\":\"La Culpa - Di Benedetto Productions\",\"isPartOf\":{\"@id\":\"https:\/\/dibenedettoproductions.com\/#website\"},\"datePublished\":\"2021-02-25T10:20:11+00:00\",\"dateModified\":\"2021-08-05T15:15:31+00:00\",\"breadcrumb\":{\"@id\":\"https:\/\/dibenedettoproductions.com\/?page_id=4254#breadcrumb\"},\"inLanguage\":\"it-IT\",\"potentialAction\":[{\"@type\":\"ReadAction\",\"target\":[\"https:\/\/dibenedettoproductions.com\/?page_id=4254\"]}]},{\"@type\":\"BreadcrumbList\",\"@id\":\"https:\/\/dibenedettoproductions.com\/?page_id=4254#breadcrumb\",\"itemListElement\":[{\"@type\":\"ListItem\",\"position\":1,\"name\":\"Home\",\"item\":\"https:\/\/dibenedettoproductions.com\/\"},{\"@type\":\"ListItem\",\"position\":2,\"name\":\"La Culpa\"}]},{\"@type\":\"WebSite\",\"@id\":\"https:\/\/dibenedettoproductions.com\/#website\",\"url\":\"https:\/\/dibenedettoproductions.com\/\",\"name\":\"Di Benedetto Productions\",\"description\":\"\",\"publisher\":{\"@id\":\"https:\/\/dibenedettoproductions.com\/#organization\"},\"potentialAction\":[{\"@type\":\"SearchAction\",\"target\":{\"@type\":\"EntryPoint\",\"urlTemplate\":\"https:\/\/dibenedettoproductions.com\/?s={search_term_string}\"},\"query-input\":\"required name=search_term_string\"}],\"inLanguage\":\"it-IT\"},{\"@type\":\"Organization\",\"@id\":\"https:\/\/dibenedettoproductions.com\/#organization\",\"name\":\"DI BENEDETTO PRODUCTIONS\",\"url\":\"https:\/\/dibenedettoproductions.com\/\",\"sameAs\":[],\"logo\":{\"@type\":\"ImageObject\",\"inLanguage\":\"it-IT\",\"@id\":\"https:\/\/dibenedettoproductions.com\/#\/schema\/logo\/image\/\",\"url\":\"https:\/\/dibenedettoproductions.com\/wp-content\/uploads\/2021\/09\/logo_di_benedetto_productions.jpg\",\"contentUrl\":\"https:\/\/dibenedettoproductions.com\/wp-content\/uploads\/2021\/09\/logo_di_benedetto_productions.jpg\",\"width\":225,\"height\":225,\"caption\":\"DI BENEDETTO PRODUCTIONS\"},\"image\":{\"@id\":\"https:\/\/dibenedettoproductions.com\/#\/schema\/logo\/image\/\"}}]}<\/script>\n<!-- \/ Yoast SEO plugin. -->","yoast_head_json":{"title":"La Culpa - Di Benedetto Productions","robots":{"index":"index","follow":"follow","max-snippet":"max-snippet:-1","max-image-preview":"max-image-preview:large","max-video-preview":"max-video-preview:-1"},"canonical":"https:\/\/dibenedettoproductions.com\/?page_id=4254","og_locale":"it_IT","og_type":"article","og_title":"La Culpa - Di Benedetto Productions","og_description":"SPOTIFY APPLE MUSIC DEEZER AMAZON MUSIC Es hora de cambiarle el juego C\u00f3digo de barra \u00a0 Por hoy me detendr\u00e9 a explicarte Lo \u00fanico que hice fue amarte y en el intento fracase Aparecieron los defectos Que un d\u00eda me hac\u00edan perfecto pero mis ojos se rinden Y te dir\u00e9 \u00a0 La culpa es tuya.","og_url":"https:\/\/dibenedettoproductions.com\/?page_id=4254","og_site_name":"Di Benedetto Productions","article_modified_time":"2021-08-05T15:15:31+00:00","twitter_card":"summary_large_image","twitter_misc":{"Tempo di lettura stimato":"2 minuti"},"schema":{"@context":"https:\/\/schema.org","@graph":[{"@type":"WebPage","@id":"https:\/\/dibenedettoproductions.com\/?page_id=4254","url":"https:\/\/dibenedettoproductions.com\/?page_id=4254","name":"La Culpa - Di Benedetto Productions","isPartOf":{"@id":"https:\/\/dibenedettoproductions.com\/#website"},"datePublished":"2021-02-25T10:20:11+00:00","dateModified":"2021-08-05T15:15:31+00:00","breadcrumb":{"@id":"https:\/\/dibenedettoproductions.com\/?page_id=4254#breadcrumb"},"inLanguage":"it-IT","potentialAction":[{"@type":"ReadAction","target":["https:\/\/dibenedettoproductions.com\/?page_id=4254"]}]},{"@type":"BreadcrumbList","@id":"https:\/\/dibenedettoproductions.com\/?page_id=4254#breadcrumb","itemListElement":[{"@type":"ListItem","position":1,"name":"Home","item":"https:\/\/dibenedettoproductions.com\/"},{"@type":"ListItem","position":2,"name":"La Culpa"}]},{"@type":"WebSite","@id":"https:\/\/dibenedettoproductions.com\/#website","url":"https:\/\/dibenedettoproductions.com\/","name":"Di Benedetto Productions","description":"","publisher":{"@id":"https:\/\/dibenedettoproductions.com\/#organization"},"potentialAction":[{"@type":"SearchAction","target":{"@type":"EntryPoint","urlTemplate":"https:\/\/dibenedettoproductions.com\/?s={search_term_string}"},"query-input":"required name=search_term_string"}],"inLanguage":"it-IT"},{"@type":"Organization","@id":"https:\/\/dibenedettoproductions.com\/#organization","name":"DI BENEDETTO PRODUCTIONS","url":"https:\/\/dibenedettoproductions.com\/","sameAs":[],"logo":{"@type":"ImageObject","inLanguage":"it-IT","@id":"https:\/\/dibenedettoproductions.com\/#\/schema\/logo\/image\/","url":"https:\/\/dibenedettoproductions.com\/wp-content\/uploads\/2021\/09\/logo_di_benedetto_productions.jpg","contentUrl":"https:\/\/dibenedettoproductions.com\/wp-content\/uploads\/2021\/09\/logo_di_benedetto_productions.jpg","width":225,"height":225,"caption":"DI BENEDETTO PRODUCTIONS"},"image":{"@id":"https:\/\/dibenedettoproductions.com\/#\/schema\/logo\/image\/"}}]}},"_links":{"self":[{"href":"https:\/\/dibenedettoproductions.com\/index.php?rest_route=\/wp\/v2\/pages\/4254","targetHints":{"allow":["GET"]}}],"collection":[{"href":"https:\/\/dibenedettoproductions.com\/index.php?rest_route=\/wp\/v2\/pages"}],"about":[{"href":"https:\/\/dibenedettoproductions.com\/index.php?rest_route=\/wp\/v2\/types\/page"}],"author":[{"embeddable":true,"href":"https:\/\/dibenedettoproductions.com\/index.php?rest_route=\/wp\/v2\/users\/1"}],"replies":[{"embeddable":true,"href":"https:\/\/dibenedettoproductions.com\/index.php?rest_route=%2Fwp%2Fv2%2Fcomments&post=4254"}],"version-history":[{"count":7,"href":"https:\/\/dibenedettoproductions.com\/index.php?rest_route=\/wp\/v2\/pages\/4254\/revisions"}],"predecessor-version":[{"id":5734,"href":"https:\/\/dibenedettoproductions.com\/index.php?rest_route=\/wp\/v2\/pages\/4254\/revisions\/5734"}],"wp:attachment":[{"href":"https:\/\/dibenedettoproductions.com\/index.php?rest_route=%2Fwp%2Fv2%2Fmedia&parent=4254"}],"wp:term":[{"taxonomy":"category","embeddable":true,"href":"https:\/\/dibenedettoproductions.com\/index.php?rest_route=%2Fwp%2Fv2%2Fcategories&post=4254"},{"taxonomy":"post_tag","embeddable":true,"href":"https:\/\/dibenedettoproductions.com\/index.php?rest_route=%2Fwp%2Fv2%2Ftags&post=4254"}],"curies":[{"name":"wp","href":"https:\/\/api.w.org\/{rel}","templated":true}]}}