{"id":4245,"date":"2021-02-25T10:15:40","date_gmt":"2021-02-25T10:15:40","guid":{"rendered":"https:\/\/dibenedettoproductions.com\/?page_id=4245"},"modified":"2021-08-05T15:15:08","modified_gmt":"2021-08-05T15:15:08","slug":"hipocrita","status":"publish","type":"page","link":"https:\/\/dibenedettoproductions.com\/?page_id=4245","title":{"rendered":"Hip\u00f3crita"},"content":{"rendered":"\t\t<div data-elementor-type=\"wp-page\" data-elementor-id=\"4245\" class=\"elementor elementor-4245\" data-elementor-settings=\"[]\">\n\t\t\t\t\t\t<div class=\"elementor-inner\">\n\t\t\t\t\t\t\t<div class=\"elementor-section-wrap\">\n\t\t\t\t\t\t\t<section class=\"elementor-section elementor-top-section elementor-element elementor-element-0c66ea2 elementor-section-stretched elementor-section-boxed elementor-section-height-default elementor-section-height-default\" data-id=\"0c66ea2\" data-element_type=\"section\" data-settings=\"{&quot;stretch_section&quot;:&quot;section-stretched&quot;,&quot;background_background&quot;:&quot;classic&quot;}\">\n\t\t\t\t\t\t<div class=\"elementor-container elementor-column-gap-default\">\n\t\t\t\t\t\t\t<div class=\"elementor-row\">\n\t\t\t\t\t<div class=\"elementor-column elementor-col-25 elementor-top-column elementor-element elementor-element-9967f1e\" data-id=\"9967f1e\" data-element_type=\"column\">\n\t\t\t<div class=\"elementor-column-wrap elementor-element-populated\">\n\t\t\t\t\t\t\t<div class=\"elementor-widget-wrap\">\n\t\t\t\t\t\t<div class=\"elementor-element elementor-element-c4232ea elementor-align-center elementor-widget elementor-widget-button\" data-id=\"c4232ea\" data-element_type=\"widget\" data-widget_type=\"button.default\">\n\t\t\t\t<div class=\"elementor-widget-container\">\n\t\t\t\t\t<div class=\"elementor-button-wrapper\">\n\t\t\t<a href=\"https:\/\/open.spotify.com\/track\/5P03LEGS7fmDqHMS3r0643?si=z5Be_rfjSKyXqAYYAKZ1eg%20\" class=\"elementor-button-link elementor-button elementor-size-sm\" role=\"button\">\n\t\t\t\t\t\t<span class=\"elementor-button-content-wrapper\">\n\t\t\t\t\t\t<span class=\"elementor-button-text\">SPOTIFY<\/span>\n\t\t<\/span>\n\t\t\t\t\t<\/a>\n\t\t<\/div>\n\t\t\t\t<\/div>\n\t\t\t\t<\/div>\n\t\t\t\t\t\t<\/div>\n\t\t\t\t\t<\/div>\n\t\t<\/div>\n\t\t\t\t<div class=\"elementor-column elementor-col-25 elementor-top-column elementor-element elementor-element-7773be5\" data-id=\"7773be5\" data-element_type=\"column\">\n\t\t\t<div class=\"elementor-column-wrap elementor-element-populated\">\n\t\t\t\t\t\t\t<div class=\"elementor-widget-wrap\">\n\t\t\t\t\t\t<div class=\"elementor-element elementor-element-a6a55e2 elementor-align-center elementor-widget elementor-widget-button\" data-id=\"a6a55e2\" data-element_type=\"widget\" data-widget_type=\"button.default\">\n\t\t\t\t<div class=\"elementor-widget-container\">\n\t\t\t\t\t<div class=\"elementor-button-wrapper\">\n\t\t\t<a href=\"https:\/\/music.apple.com\/us\/album\/hip%C3%B3crita-feat-imale-indio-yohman-young-k\/1492488599?i=1492488601\" class=\"elementor-button-link elementor-button elementor-size-sm\" role=\"button\">\n\t\t\t\t\t\t<span class=\"elementor-button-content-wrapper\">\n\t\t\t\t\t\t<span class=\"elementor-button-text\">APPLE MUSIC<\/span>\n\t\t<\/span>\n\t\t\t\t\t<\/a>\n\t\t<\/div>\n\t\t\t\t<\/div>\n\t\t\t\t<\/div>\n\t\t\t\t\t\t<\/div>\n\t\t\t\t\t<\/div>\n\t\t<\/div>\n\t\t\t\t<div class=\"elementor-column elementor-col-25 elementor-top-column elementor-element elementor-element-b07894c\" data-id=\"b07894c\" data-element_type=\"column\">\n\t\t\t<div class=\"elementor-column-wrap elementor-element-populated\">\n\t\t\t\t\t\t\t<div class=\"elementor-widget-wrap\">\n\t\t\t\t\t\t<div class=\"elementor-element elementor-element-4dd6f2b elementor-align-center elementor-widget elementor-widget-button\" data-id=\"4dd6f2b\" data-element_type=\"widget\" data-widget_type=\"button.default\">\n\t\t\t\t<div class=\"elementor-widget-container\">\n\t\t\t\t\t<div class=\"elementor-button-wrapper\">\n\t\t\t<a href=\"https:\/\/deezer.page.link\/zi2Wq38J8USiCpdNA%20\" class=\"elementor-button-link elementor-button elementor-size-sm\" role=\"button\">\n\t\t\t\t\t\t<span class=\"elementor-button-content-wrapper\">\n\t\t\t\t\t\t<span class=\"elementor-button-text\">DEEZER<\/span>\n\t\t<\/span>\n\t\t\t\t\t<\/a>\n\t\t<\/div>\n\t\t\t\t<\/div>\n\t\t\t\t<\/div>\n\t\t\t\t\t\t<\/div>\n\t\t\t\t\t<\/div>\n\t\t<\/div>\n\t\t\t\t<div class=\"elementor-column elementor-col-25 elementor-top-column elementor-element elementor-element-191445c\" data-id=\"191445c\" data-element_type=\"column\">\n\t\t\t<div class=\"elementor-column-wrap elementor-element-populated\">\n\t\t\t\t\t\t\t<div class=\"elementor-widget-wrap\">\n\t\t\t\t\t\t<div class=\"elementor-element elementor-element-bb453dd elementor-align-center elementor-widget elementor-widget-button\" data-id=\"bb453dd\" data-element_type=\"widget\" data-widget_type=\"button.default\">\n\t\t\t\t<div class=\"elementor-widget-container\">\n\t\t\t\t\t<div class=\"elementor-button-wrapper\">\n\t\t\t<a href=\"https:\/\/music.amazon.com\/albums\/B082YFZN4T?trackAsin=B082YGPP3T&#038;ref=dm_sh_be81-d954-dmcp-e261-2a817&#038;musicTerritory=US&#038;marketplaceId=ATVPDKIKX0DER%20\" class=\"elementor-button-link elementor-button elementor-size-sm\" role=\"button\">\n\t\t\t\t\t\t<span class=\"elementor-button-content-wrapper\">\n\t\t\t\t\t\t<span class=\"elementor-button-text\">AMAZON MUSIC<\/span>\n\t\t<\/span>\n\t\t\t\t\t<\/a>\n\t\t<\/div>\n\t\t\t\t<\/div>\n\t\t\t\t<\/div>\n\t\t\t\t\t\t<\/div>\n\t\t\t\t\t<\/div>\n\t\t<\/div>\n\t\t\t\t\t\t\t\t<\/div>\n\t\t\t\t\t<\/div>\n\t\t<\/section>\n\t\t\t\t<section class=\"elementor-section elementor-top-section elementor-element elementor-element-f774a6c elementor-section-stretched elementor-section-boxed elementor-section-height-default elementor-section-height-default\" data-id=\"f774a6c\" data-element_type=\"section\" data-settings=\"{&quot;stretch_section&quot;:&quot;section-stretched&quot;,&quot;background_background&quot;:&quot;classic&quot;}\">\n\t\t\t\t\t\t<div class=\"elementor-container elementor-column-gap-default\">\n\t\t\t\t\t\t\t<div class=\"elementor-row\">\n\t\t\t\t\t<div class=\"elementor-column elementor-col-100 elementor-top-column elementor-element elementor-element-b9fb7ac\" data-id=\"b9fb7ac\" data-element_type=\"column\">\n\t\t\t<div class=\"elementor-column-wrap elementor-element-populated\">\n\t\t\t\t\t\t\t<div class=\"elementor-widget-wrap\">\n\t\t\t\t\t\t<div class=\"elementor-element elementor-element-52b4ae3 elementor-widget elementor-widget-text-editor\" data-id=\"52b4ae3\" data-element_type=\"widget\" data-widget_type=\"text-editor.default\">\n\t\t\t\t<div class=\"elementor-widget-container\">\n\t\t\t\t\t\t\t\t<div class=\"elementor-text-editor elementor-clearfix\">\n\t\t\t\t<div><p style=\"text-align: center;\"><span style=\"color: #ffffff;\">\u00c9ste es el sonido<\/span><\/p><p style=\"text-align: center;\"><span style=\"color: #ffffff;\">Ahora me dices que no te moleste<\/span><\/p><p style=\"text-align: center;\"><span style=\"color: #ffffff;\">que todo te va bien<\/span><\/p><p style=\"text-align: center;\"><span style=\"color: #ffffff;\">cambiaste el dinero por suerte<\/span><\/p><p style=\"text-align: center;\"><span style=\"color: #ffffff;\">ahora te vas a joder<\/span><\/p><p style=\"text-align: center;\"><span style=\"color: #ffffff;\">que t\u00fa lo amas eso no es verdad<\/span><\/p><p style=\"text-align: center;\"><span style=\"color: #ffffff;\">no seas hip\u00f3crita no enga\u00f1es m\u00e1s<\/span><\/p><p style=\"text-align: center;\"><span style=\"color: #ffffff;\">dile a ese bobo que no est\u00e1s para nada<\/span><\/p><p style=\"text-align: center;\">\u00a0<\/p><p style=\"text-align: center;\"><span style=\"color: #ffffff;\">S\u00e9 que me extra\u00f1as todav\u00eda<\/span><\/p><p style=\"text-align: center;\"><span style=\"color: #ffffff;\">porque recuerdas Baby como te lo hac\u00eda<\/span><\/p><p style=\"text-align: center;\"><span style=\"color: #ffffff;\">ahora tu cama por la noche est\u00e1 m\u00e1s fr\u00eda<\/span><\/p><p style=\"text-align: center;\"><span style=\"color: #ffffff;\">dile a ese bobo que t\u00fa sigues siendo m\u00eda<\/span><\/p><p style=\"text-align: center;\"><span style=\"color: #ffffff;\">deja la hipocres\u00eda<\/span><\/p><p style=\"text-align: center;\"><span style=\"color: #ffffff;\">S\u00e9 que me extra\u00f1as todav\u00eda<\/span><\/p><p style=\"text-align: center;\"><span style=\"color: #ffffff;\">porque recuerda Baby como te lo hac\u00eda<\/span><\/p><p style=\"text-align: center;\"><span style=\"color: #ffffff;\">ahora tu cama por la noche est\u00e1 m\u00e1s fr\u00eda<\/span><\/p><p style=\"text-align: center;\"><span style=\"color: #ffffff;\">dile a ese bobo que t\u00fa sigues siendo m\u00eda<\/span><\/p><p style=\"text-align: center;\"><span style=\"color: #ffffff;\">deja la hipocres\u00eda<\/span><\/p><p style=\"text-align: center;\">\u00a0<\/p><p style=\"text-align: center;\"><span style=\"color: #ffffff;\">No conf\u00eda en m\u00ed pero no me suelta<\/span><\/p><p style=\"text-align: center;\"><span style=\"color: #ffffff;\">no conf\u00edo en ella pero no la suelto<\/span><\/p><p style=\"text-align: center;\"><span style=\"color: #ffffff;\">somos par de polos opuestos<\/span><\/p><p style=\"text-align: center;\"><span style=\"color: #ffffff;\">pero nos amamos por supuesto<\/span><\/p><p style=\"text-align: center;\"><span style=\"color: #ffffff;\">yo la tuve todo el fin cuando lo hace con \u00e9l finge<\/span><\/p><p style=\"text-align: center;\"><span style=\"color: #ffffff;\">\u00c9l sabe que ella a m\u00ed me ama y no se rinde<\/span><\/p><p style=\"text-align: center;\"><span style=\"color: #ffffff;\">y de esa burbuja quien la saca<\/span><\/p><p style=\"text-align: center;\"><span style=\"color: #ffffff;\">\u00e8l puede tener mucho ticket pero no me opaca<\/span><\/p><p style=\"text-align: center;\"><span style=\"color: #ffffff;\">sabe que yo la toque como se la coloque<\/span><\/p><p style=\"text-align: center;\"><span style=\"color: #ffffff;\">imposible que me olvide no para de llamarme quiere acariciarme en vez<\/span><\/p><p style=\"text-align: center;\"><span style=\"color: #ffffff;\">estar contigo es cosa del pasado<\/span><\/p><p style=\"text-align: center;\"><span style=\"color: #ffffff;\">conmigo se siente bien tus mensajes no son de su agrado<\/span><\/p><p style=\"text-align: center;\"><span style=\"color: #ffffff;\">ya no es que yo pueda estar solo<\/span><\/p><p style=\"text-align: center;\"><span style=\"color: #ffffff;\">porque solo yo soy un peligro y t\u00fa eres un aficionado<\/span><\/p><p style=\"text-align: center;\"><span style=\"color: #ffffff;\">se llev\u00f3 la marca m\u00eda y todos mis recuerdos<\/span><\/p><p style=\"text-align: center;\">\u00a0<\/p><p style=\"text-align: center;\"><span style=\"color: #ffffff;\">S\u00e9 que me extra\u00f1as todav\u00eda<\/span><\/p><p style=\"text-align: center;\"><span style=\"color: #ffffff;\">porque recuerdas Baby como te lo hac\u00eda<\/span><\/p><p style=\"text-align: center;\"><span style=\"color: #ffffff;\">ahora tu cama por la noche est\u00e1 m\u00e1s fr\u00eda<\/span><\/p><p style=\"text-align: center;\"><span style=\"color: #ffffff;\">dile a ese bobo que t\u00fa sigues siendo m\u00eda<\/span><\/p><p style=\"text-align: center;\"><span style=\"color: #ffffff;\">deja la hipocres\u00eda<\/span><\/p><p style=\"text-align: center;\"><span style=\"color: #ffffff;\">S\u00e9 que me extra\u00f1as todav\u00eda<\/span><\/p><p style=\"text-align: center;\"><span style=\"color: #ffffff;\">porque recuerda Baby como te lo hac\u00eda<\/span><\/p><p style=\"text-align: center;\"><span style=\"color: #ffffff;\">ahora tu cama por la noche est\u00e1 m\u00e1s fr\u00eda<\/span><\/p><p style=\"text-align: center;\"><span style=\"color: #ffffff;\">dile a ese bobo que t\u00fa sigues siendo m\u00eda<\/span><\/p><p style=\"text-align: center;\"><span style=\"color: #ffffff;\">deja la hipocres\u00eda<\/span><\/p><p style=\"text-align: center;\">\u00a0<\/p><p style=\"text-align: center;\"><span style=\"color: #ffffff;\">Pasa el tiempo aunque pase lento<\/span><\/p><p style=\"text-align: center;\"><span style=\"color: #ffffff;\">si t\u00fa no est\u00e1s Baby yo te pienso<\/span><\/p><p style=\"text-align: center;\"><span style=\"color: #ffffff;\">me quedar\u00e9 te esperar\u00e9<\/span><\/p><p style=\"text-align: center;\"><span style=\"color: #ffffff;\">solo por ti aqu\u00ed en mi cama esperando en la noche Baby<\/span><\/p><p style=\"text-align: center;\"><span style=\"color: #ffffff;\">cuando t\u00fa me llamas pide que te busque Y que te quedes hasta ma\u00f1ana<\/span><\/p><p style=\"text-align: center;\"><span style=\"color: #ffffff;\">y que te quedes hasta ma\u00f1ana<\/span><\/p><p style=\"text-align: center;\"><span style=\"color: #ffffff;\">esa luz que hab\u00eda en tu cuarto se apag\u00f3<\/span><\/p><p style=\"text-align: center;\"><span style=\"color: #ffffff;\">el no te lo hace como te lo hac\u00eda yo<\/span><\/p><p style=\"text-align: center;\"><span style=\"color: #ffffff;\">Y ahora t\u00fa quieres regresar<\/span><\/p><p style=\"text-align: center;\"><span style=\"color: #ffffff;\">como olvidar como lo hac\u00edamos despu\u00e9s de fumar<\/span><\/p><p style=\"text-align: center;\"><span style=\"color: #ffffff;\">y que te vaya bien t\u00fa me cambiaste por billetes de 100<\/span><\/p><p style=\"text-align: center;\"><span style=\"color: #ffffff;\">si con dinero no se arregla el ayer<\/span><\/p><p style=\"text-align: center;\"><span style=\"color: #ffffff;\">quieres volver y ahora te vas a joder y yo voy a joder<\/span><\/p><p style=\"text-align: center;\">\u00a0<\/p><p style=\"text-align: center;\"><span style=\"color: #ffffff;\">S\u00e9 que me extra\u00f1as todav\u00eda<\/span><\/p><p style=\"text-align: center;\"><span style=\"color: #ffffff;\">porque recuerdas Baby como te lo hac\u00eda<\/span><\/p><p style=\"text-align: center;\"><span style=\"color: #ffffff;\">ahora tu cama por la noche est\u00e1 m\u00e1s fr\u00eda<\/span><\/p><p style=\"text-align: center;\"><span style=\"color: #ffffff;\">dile a ese bobo que t\u00fa sigues siendo m\u00eda<\/span><\/p><p style=\"text-align: center;\"><span style=\"color: #ffffff;\">deja la hipocres\u00eda<\/span><\/p><p style=\"text-align: center;\"><span style=\"color: #ffffff;\">Que t\u00fa me extra\u00f1as todav\u00eda<\/span><\/p><p style=\"text-align: center;\"><span style=\"color: #ffffff;\">porque recuerda Baby como te lo hac\u00eda<\/span><\/p><p style=\"text-align: center;\"><span style=\"color: #ffffff;\">ahora tu cama por la noche est\u00e1 m\u00e1s fr\u00eda<\/span><\/p><p style=\"text-align: center;\"><span style=\"color: #ffffff;\">dile a ese bobo que t\u00fa sigues siendo m\u00eda<\/span><\/p><p style=\"text-align: center;\"><span style=\"color: #ffffff;\">deja la hipocres\u00eda<\/span><\/p><p style=\"text-align: center;\">\u00a0<\/p><p style=\"text-align: center;\"><span style=\"color: #ffffff;\">Puedes decir lo contrario y enga\u00f1ar al mundo entero<\/span><\/p><p style=\"text-align: center;\"><span style=\"color: #ffffff;\">que tu coraz\u00f3n est\u00e1 claro y sabes qui\u00e9n es el primero<\/span><\/p><p style=\"text-align: center;\"><span style=\"color: #ffffff;\">a esos bobos que te siguen ap\u00farate y cu\u00e9ntales<\/span><\/p><p style=\"text-align: center;\"><span style=\"color: #ffffff;\">quien es el due\u00f1o de tu orgasmo y de tu punto G<\/span><\/p><p style=\"text-align: center;\"><span style=\"color: #ffffff;\">invent\u00f3 conmigo Level pero Never los grupos de tu vagina<\/span><\/p><p style=\"text-align: center;\"><span style=\"color: #ffffff;\">Son la magia de mi semen<\/span><\/p><p style=\"text-align: center;\"><span style=\"color: #ffffff;\">en tu cama est\u00e1 mi nombre y tus apellidos<\/span><\/p><p style=\"text-align: center;\"><span style=\"color: #ffffff;\">eso lo sabe tu sombra y tu sexto sentido<\/span><\/p><p style=\"text-align: center;\"><span style=\"color: #ffffff;\">Dile que t\u00fa eres m\u00eda que por las noches me llamas<\/span><\/p><p style=\"text-align: center;\"><span style=\"color: #ffffff;\">dile que te sientes fr\u00eda y el calor est\u00e1 en mi cama<\/span><\/p><p style=\"text-align: center;\"><span style=\"color: #ffffff;\">esta noche yo te mato y te amarro en el cuarto<\/span><\/p><p style=\"text-align: center;\"><span style=\"color: #ffffff;\">esta es mi casa de papel te juro que yo te asalto<\/span><\/p><p style=\"text-align: center;\"><span style=\"color: #ffffff;\">Quiero ser tu vagabundo esta noche yo soy vuelto<\/span><\/p><p style=\"text-align: center;\"><span style=\"color: #ffffff;\">vuelto como el tit\u00e1n y te lo juro soy un barco<\/span><\/p><p style=\"text-align: center;\"><span style=\"color: #ffffff;\">yo quiero que te muevas Baby t\u00fa bailes para m\u00ed<\/span><\/p><p style=\"text-align: center;\"><span style=\"color: #ffffff;\">bailando en el tubo nena hazme un Striptease<\/span><\/p><p style=\"text-align: center;\"><span style=\"color: #ffffff;\">y yo s\u00e9 que te derrumbas como el muro de Berl\u00edn<\/span><\/p><p style=\"text-align: center;\"><span style=\"color: #ffffff;\">si quieres te hago un truco a mi me dicen Merl\u00edn<\/span><\/p><p style=\"text-align: center;\">\u00a0<\/p><p style=\"text-align: center;\"><span style=\"color: #ffffff;\">My Voice los presento los Yakuza<\/span><\/p><p style=\"text-align: center;\"><span style=\"color: #ffffff;\">Titan Brian G iman\u00e9 Himalaya la comisi\u00f3n del 11<\/span><\/p><p style=\"text-align: center;\"><span style=\"color: #ffffff;\">Tito Marlon Fran<\/span><\/p><\/div>\t\t\t\t\t<\/div>\n\t\t\t\t\t\t<\/div>\n\t\t\t\t<\/div>\n\t\t\t\t\t\t<\/div>\n\t\t\t\t\t<\/div>\n\t\t<\/div>\n\t\t\t\t\t\t\t\t<\/div>\n\t\t\t\t\t<\/div>\n\t\t<\/section>\n\t\t\t\t\t\t<\/div>\n\t\t\t\t\t\t<\/div>\n\t\t\t\t\t<\/div>\n\t\t","protected":false},"excerpt":{"rendered":"<p>SPOTIFY APPLE MUSIC DEEZER AMAZON MUSIC \u00c9ste es el sonido Ahora me dices que no te moleste que todo te va bien cambiaste el dinero por suerte ahora te vas a joder que t\u00fa lo amas eso no es verdad no seas hip\u00f3crita no enga\u00f1es m\u00e1s dile a ese bobo que no est\u00e1s para nada.<\/p>\n","protected":false},"author":1,"featured_media":0,"parent":0,"menu_order":0,"comment_status":"closed","ping_status":"closed","template":"","meta":{"footnotes":""},"categories":[42],"tags":[],"class_list":["post-4245","page","type-page","status-publish","hentry","category-testi"],"yoast_head":"<!-- This site is optimized with the Yoast SEO plugin v19.6.1 - https:\/\/yoast.com\/wordpress\/plugins\/seo\/ -->\n<title>Hip\u00f3crita - Di Benedetto Productions<\/title>\n<meta name=\"robots\" content=\"index, follow, max-snippet:-1, max-image-preview:large, max-video-preview:-1\" \/>\n<link rel=\"canonical\" href=\"https:\/\/dibenedettoproductions.com\/?page_id=4245\" \/>\n<meta property=\"og:locale\" content=\"it_IT\" \/>\n<meta property=\"og:type\" content=\"article\" \/>\n<meta property=\"og:title\" content=\"Hip\u00f3crita - Di Benedetto Productions\" \/>\n<meta property=\"og:description\" content=\"SPOTIFY APPLE MUSIC DEEZER AMAZON MUSIC \u00c9ste es el sonido Ahora me dices que no te moleste que todo te va bien cambiaste el dinero por suerte ahora te vas a joder que t\u00fa lo amas eso no es verdad no seas hip\u00f3crita no enga\u00f1es m\u00e1s dile a ese bobo que no est\u00e1s para nada.\" \/>\n<meta property=\"og:url\" content=\"https:\/\/dibenedettoproductions.com\/?page_id=4245\" \/>\n<meta property=\"og:site_name\" content=\"Di Benedetto Productions\" \/>\n<meta property=\"article:modified_time\" content=\"2021-08-05T15:15:08+00:00\" \/>\n<meta name=\"twitter:card\" content=\"summary_large_image\" \/>\n<meta name=\"twitter:label1\" content=\"Tempo di lettura stimato\" \/>\n\t<meta name=\"twitter:data1\" content=\"3 minuti\" \/>\n<script type=\"application\/ld+json\" class=\"yoast-schema-graph\">{\"@context\":\"https:\/\/schema.org\",\"@graph\":[{\"@type\":\"WebPage\",\"@id\":\"https:\/\/dibenedettoproductions.com\/?page_id=4245\",\"url\":\"https:\/\/dibenedettoproductions.com\/?page_id=4245\",\"name\":\"Hip\u00f3crita - Di Benedetto Productions\",\"isPartOf\":{\"@id\":\"https:\/\/dibenedettoproductions.com\/#website\"},\"datePublished\":\"2021-02-25T10:15:40+00:00\",\"dateModified\":\"2021-08-05T15:15:08+00:00\",\"breadcrumb\":{\"@id\":\"https:\/\/dibenedettoproductions.com\/?page_id=4245#breadcrumb\"},\"inLanguage\":\"it-IT\",\"potentialAction\":[{\"@type\":\"ReadAction\",\"target\":[\"https:\/\/dibenedettoproductions.com\/?page_id=4245\"]}]},{\"@type\":\"BreadcrumbList\",\"@id\":\"https:\/\/dibenedettoproductions.com\/?page_id=4245#breadcrumb\",\"itemListElement\":[{\"@type\":\"ListItem\",\"position\":1,\"name\":\"Home\",\"item\":\"https:\/\/dibenedettoproductions.com\/\"},{\"@type\":\"ListItem\",\"position\":2,\"name\":\"Hip\u00f3crita\"}]},{\"@type\":\"WebSite\",\"@id\":\"https:\/\/dibenedettoproductions.com\/#website\",\"url\":\"https:\/\/dibenedettoproductions.com\/\",\"name\":\"Di Benedetto Productions\",\"description\":\"\",\"publisher\":{\"@id\":\"https:\/\/dibenedettoproductions.com\/#organization\"},\"potentialAction\":[{\"@type\":\"SearchAction\",\"target\":{\"@type\":\"EntryPoint\",\"urlTemplate\":\"https:\/\/dibenedettoproductions.com\/?s={search_term_string}\"},\"query-input\":\"required name=search_term_string\"}],\"inLanguage\":\"it-IT\"},{\"@type\":\"Organization\",\"@id\":\"https:\/\/dibenedettoproductions.com\/#organization\",\"name\":\"DI BENEDETTO PRODUCTIONS\",\"url\":\"https:\/\/dibenedettoproductions.com\/\",\"sameAs\":[],\"logo\":{\"@type\":\"ImageObject\",\"inLanguage\":\"it-IT\",\"@id\":\"https:\/\/dibenedettoproductions.com\/#\/schema\/logo\/image\/\",\"url\":\"https:\/\/dibenedettoproductions.com\/wp-content\/uploads\/2021\/09\/logo_di_benedetto_productions.jpg\",\"contentUrl\":\"https:\/\/dibenedettoproductions.com\/wp-content\/uploads\/2021\/09\/logo_di_benedetto_productions.jpg\",\"width\":225,\"height\":225,\"caption\":\"DI BENEDETTO PRODUCTIONS\"},\"image\":{\"@id\":\"https:\/\/dibenedettoproductions.com\/#\/schema\/logo\/image\/\"}}]}<\/script>\n<!-- \/ Yoast SEO plugin. -->","yoast_head_json":{"title":"Hip\u00f3crita - Di Benedetto Productions","robots":{"index":"index","follow":"follow","max-snippet":"max-snippet:-1","max-image-preview":"max-image-preview:large","max-video-preview":"max-video-preview:-1"},"canonical":"https:\/\/dibenedettoproductions.com\/?page_id=4245","og_locale":"it_IT","og_type":"article","og_title":"Hip\u00f3crita - Di Benedetto Productions","og_description":"SPOTIFY APPLE MUSIC DEEZER AMAZON MUSIC \u00c9ste es el sonido Ahora me dices que no te moleste que todo te va bien cambiaste el dinero por suerte ahora te vas a joder que t\u00fa lo amas eso no es verdad no seas hip\u00f3crita no enga\u00f1es m\u00e1s dile a ese bobo que no est\u00e1s para nada.","og_url":"https:\/\/dibenedettoproductions.com\/?page_id=4245","og_site_name":"Di Benedetto Productions","article_modified_time":"2021-08-05T15:15:08+00:00","twitter_card":"summary_large_image","twitter_misc":{"Tempo di lettura stimato":"3 minuti"},"schema":{"@context":"https:\/\/schema.org","@graph":[{"@type":"WebPage","@id":"https:\/\/dibenedettoproductions.com\/?page_id=4245","url":"https:\/\/dibenedettoproductions.com\/?page_id=4245","name":"Hip\u00f3crita - Di Benedetto Productions","isPartOf":{"@id":"https:\/\/dibenedettoproductions.com\/#website"},"datePublished":"2021-02-25T10:15:40+00:00","dateModified":"2021-08-05T15:15:08+00:00","breadcrumb":{"@id":"https:\/\/dibenedettoproductions.com\/?page_id=4245#breadcrumb"},"inLanguage":"it-IT","potentialAction":[{"@type":"ReadAction","target":["https:\/\/dibenedettoproductions.com\/?page_id=4245"]}]},{"@type":"BreadcrumbList","@id":"https:\/\/dibenedettoproductions.com\/?page_id=4245#breadcrumb","itemListElement":[{"@type":"ListItem","position":1,"name":"Home","item":"https:\/\/dibenedettoproductions.com\/"},{"@type":"ListItem","position":2,"name":"Hip\u00f3crita"}]},{"@type":"WebSite","@id":"https:\/\/dibenedettoproductions.com\/#website","url":"https:\/\/dibenedettoproductions.com\/","name":"Di Benedetto Productions","description":"","publisher":{"@id":"https:\/\/dibenedettoproductions.com\/#organization"},"potentialAction":[{"@type":"SearchAction","target":{"@type":"EntryPoint","urlTemplate":"https:\/\/dibenedettoproductions.com\/?s={search_term_string}"},"query-input":"required name=search_term_string"}],"inLanguage":"it-IT"},{"@type":"Organization","@id":"https:\/\/dibenedettoproductions.com\/#organization","name":"DI BENEDETTO PRODUCTIONS","url":"https:\/\/dibenedettoproductions.com\/","sameAs":[],"logo":{"@type":"ImageObject","inLanguage":"it-IT","@id":"https:\/\/dibenedettoproductions.com\/#\/schema\/logo\/image\/","url":"https:\/\/dibenedettoproductions.com\/wp-content\/uploads\/2021\/09\/logo_di_benedetto_productions.jpg","contentUrl":"https:\/\/dibenedettoproductions.com\/wp-content\/uploads\/2021\/09\/logo_di_benedetto_productions.jpg","width":225,"height":225,"caption":"DI BENEDETTO PRODUCTIONS"},"image":{"@id":"https:\/\/dibenedettoproductions.com\/#\/schema\/logo\/image\/"}}]}},"_links":{"self":[{"href":"https:\/\/dibenedettoproductions.com\/index.php?rest_route=\/wp\/v2\/pages\/4245","targetHints":{"allow":["GET"]}}],"collection":[{"href":"https:\/\/dibenedettoproductions.com\/index.php?rest_route=\/wp\/v2\/pages"}],"about":[{"href":"https:\/\/dibenedettoproductions.com\/index.php?rest_route=\/wp\/v2\/types\/page"}],"author":[{"embeddable":true,"href":"https:\/\/dibenedettoproductions.com\/index.php?rest_route=\/wp\/v2\/users\/1"}],"replies":[{"embeddable":true,"href":"https:\/\/dibenedettoproductions.com\/index.php?rest_route=%2Fwp%2Fv2%2Fcomments&post=4245"}],"version-history":[{"count":10,"href":"https:\/\/dibenedettoproductions.com\/index.php?rest_route=\/wp\/v2\/pages\/4245\/revisions"}],"predecessor-version":[{"id":5725,"href":"https:\/\/dibenedettoproductions.com\/index.php?rest_route=\/wp\/v2\/pages\/4245\/revisions\/5725"}],"wp:attachment":[{"href":"https:\/\/dibenedettoproductions.com\/index.php?rest_route=%2Fwp%2Fv2%2Fmedia&parent=4245"}],"wp:term":[{"taxonomy":"category","embeddable":true,"href":"https:\/\/dibenedettoproductions.com\/index.php?rest_route=%2Fwp%2Fv2%2Fcategories&post=4245"},{"taxonomy":"post_tag","embeddable":true,"href":"https:\/\/dibenedettoproductions.com\/index.php?rest_route=%2Fwp%2Fv2%2Ftags&post=4245"}],"curies":[{"name":"wp","href":"https:\/\/api.w.org\/{rel}","templated":true}]}}