{"id":4180,"date":"2021-02-25T09:32:08","date_gmt":"2021-02-25T09:32:08","guid":{"rendered":"https:\/\/dibenedettoproductions.com\/?page_id=4180"},"modified":"2021-08-05T14:58:42","modified_gmt":"2021-08-05T14:58:42","slug":"andamos-fula","status":"publish","type":"page","link":"https:\/\/dibenedettoproductions.com\/?page_id=4180","title":{"rendered":"Andamos Fula"},"content":{"rendered":"\t\t<div data-elementor-type=\"wp-page\" data-elementor-id=\"4180\" class=\"elementor elementor-4180\" data-elementor-settings=\"[]\">\n\t\t\t\t\t\t<div class=\"elementor-inner\">\n\t\t\t\t\t\t\t<div class=\"elementor-section-wrap\">\n\t\t\t\t\t\t\t<section class=\"elementor-section elementor-top-section elementor-element elementor-element-a99fe0f elementor-section-stretched elementor-section-boxed elementor-section-height-default elementor-section-height-default\" data-id=\"a99fe0f\" data-element_type=\"section\" data-settings=\"{&quot;stretch_section&quot;:&quot;section-stretched&quot;,&quot;background_background&quot;:&quot;classic&quot;}\">\n\t\t\t\t\t\t<div class=\"elementor-container elementor-column-gap-default\">\n\t\t\t\t\t\t\t<div class=\"elementor-row\">\n\t\t\t\t\t<div class=\"elementor-column elementor-col-25 elementor-top-column elementor-element elementor-element-f92adad\" data-id=\"f92adad\" data-element_type=\"column\">\n\t\t\t<div class=\"elementor-column-wrap elementor-element-populated\">\n\t\t\t\t\t\t\t<div class=\"elementor-widget-wrap\">\n\t\t\t\t\t\t<div class=\"elementor-element elementor-element-5beaa81 elementor-align-center elementor-widget elementor-widget-button\" data-id=\"5beaa81\" data-element_type=\"widget\" data-widget_type=\"button.default\">\n\t\t\t\t<div class=\"elementor-widget-container\">\n\t\t\t\t\t<div class=\"elementor-button-wrapper\">\n\t\t\t<a href=\"https:\/\/open.spotify.com\/track\/2duIQVOffjkq7cl7jSMZhd?si=6R2W4CMISnWsiHMfFefJNg\" class=\"elementor-button-link elementor-button elementor-size-sm\" role=\"button\">\n\t\t\t\t\t\t<span class=\"elementor-button-content-wrapper\">\n\t\t\t\t\t\t<span class=\"elementor-button-text\">SPOTIFY<\/span>\n\t\t<\/span>\n\t\t\t\t\t<\/a>\n\t\t<\/div>\n\t\t\t\t<\/div>\n\t\t\t\t<\/div>\n\t\t\t\t\t\t<\/div>\n\t\t\t\t\t<\/div>\n\t\t<\/div>\n\t\t\t\t<div class=\"elementor-column elementor-col-25 elementor-top-column elementor-element elementor-element-29bef31\" data-id=\"29bef31\" data-element_type=\"column\">\n\t\t\t<div class=\"elementor-column-wrap elementor-element-populated\">\n\t\t\t\t\t\t\t<div class=\"elementor-widget-wrap\">\n\t\t\t\t\t\t<div class=\"elementor-element elementor-element-2a7f5eb elementor-align-center elementor-widget elementor-widget-button\" data-id=\"2a7f5eb\" data-element_type=\"widget\" data-widget_type=\"button.default\">\n\t\t\t\t<div class=\"elementor-widget-container\">\n\t\t\t\t\t<div class=\"elementor-button-wrapper\">\n\t\t\t<a href=\"https:\/\/music.apple.com\/us\/album\/andamos-fula\/1467888506?i=1467888507\" class=\"elementor-button-link elementor-button elementor-size-sm\" role=\"button\">\n\t\t\t\t\t\t<span class=\"elementor-button-content-wrapper\">\n\t\t\t\t\t\t<span class=\"elementor-button-text\">APPLE MUSIC<\/span>\n\t\t<\/span>\n\t\t\t\t\t<\/a>\n\t\t<\/div>\n\t\t\t\t<\/div>\n\t\t\t\t<\/div>\n\t\t\t\t\t\t<\/div>\n\t\t\t\t\t<\/div>\n\t\t<\/div>\n\t\t\t\t<div class=\"elementor-column elementor-col-25 elementor-top-column elementor-element elementor-element-4a9a389\" data-id=\"4a9a389\" data-element_type=\"column\">\n\t\t\t<div class=\"elementor-column-wrap elementor-element-populated\">\n\t\t\t\t\t\t\t<div class=\"elementor-widget-wrap\">\n\t\t\t\t\t\t<div class=\"elementor-element elementor-element-b22829a elementor-align-center elementor-widget elementor-widget-button\" data-id=\"b22829a\" data-element_type=\"widget\" data-widget_type=\"button.default\">\n\t\t\t\t<div class=\"elementor-widget-container\">\n\t\t\t\t\t<div class=\"elementor-button-wrapper\">\n\t\t\t<a href=\"https:\/\/deezer.page.link\/pmgG1TXFaPZyjBiQ9%20\" class=\"elementor-button-link elementor-button elementor-size-sm\" role=\"button\">\n\t\t\t\t\t\t<span class=\"elementor-button-content-wrapper\">\n\t\t\t\t\t\t<span class=\"elementor-button-text\">DEEZER<\/span>\n\t\t<\/span>\n\t\t\t\t\t<\/a>\n\t\t<\/div>\n\t\t\t\t<\/div>\n\t\t\t\t<\/div>\n\t\t\t\t\t\t<\/div>\n\t\t\t\t\t<\/div>\n\t\t<\/div>\n\t\t\t\t<div class=\"elementor-column elementor-col-25 elementor-top-column elementor-element elementor-element-0d1d53e\" data-id=\"0d1d53e\" data-element_type=\"column\">\n\t\t\t<div class=\"elementor-column-wrap elementor-element-populated\">\n\t\t\t\t\t\t\t<div class=\"elementor-widget-wrap\">\n\t\t\t\t\t\t<div class=\"elementor-element elementor-element-2f737b2 elementor-align-center elementor-widget elementor-widget-button\" data-id=\"2f737b2\" data-element_type=\"widget\" data-widget_type=\"button.default\">\n\t\t\t\t<div class=\"elementor-widget-container\">\n\t\t\t\t\t<div class=\"elementor-button-wrapper\">\n\t\t\t<a href=\"https:\/\/music.amazon.com\/albums\/B07SX82HRY?trackAsin=B07SW6PWFR&#038;ref=dm_sh_0248-8842-dmcp-d6c2-6a15e&#038;musicTerritory=US&#038;marketplaceId=ATVPDKIKX0DER\" class=\"elementor-button-link elementor-button elementor-size-sm\" role=\"button\">\n\t\t\t\t\t\t<span class=\"elementor-button-content-wrapper\">\n\t\t\t\t\t\t<span class=\"elementor-button-text\">AMAZON MUSIC<\/span>\n\t\t<\/span>\n\t\t\t\t\t<\/a>\n\t\t<\/div>\n\t\t\t\t<\/div>\n\t\t\t\t<\/div>\n\t\t\t\t\t\t<\/div>\n\t\t\t\t\t<\/div>\n\t\t<\/div>\n\t\t\t\t\t\t\t\t<\/div>\n\t\t\t\t\t<\/div>\n\t\t<\/section>\n\t\t\t\t<section class=\"elementor-section elementor-top-section elementor-element elementor-element-c8ee6c8 elementor-section-stretched elementor-section-boxed elementor-section-height-default elementor-section-height-default\" data-id=\"c8ee6c8\" data-element_type=\"section\" data-settings=\"{&quot;stretch_section&quot;:&quot;section-stretched&quot;,&quot;background_background&quot;:&quot;classic&quot;}\">\n\t\t\t\t\t\t<div class=\"elementor-container elementor-column-gap-default\">\n\t\t\t\t\t\t\t<div class=\"elementor-row\">\n\t\t\t\t\t<div class=\"elementor-column elementor-col-100 elementor-top-column elementor-element elementor-element-d959d76\" data-id=\"d959d76\" data-element_type=\"column\">\n\t\t\t<div class=\"elementor-column-wrap elementor-element-populated\">\n\t\t\t\t\t\t\t<div class=\"elementor-widget-wrap\">\n\t\t\t\t\t\t<div class=\"elementor-element elementor-element-110a560 elementor-widget elementor-widget-text-editor\" data-id=\"110a560\" data-element_type=\"widget\" data-widget_type=\"text-editor.default\">\n\t\t\t\t<div class=\"elementor-widget-container\">\n\t\t\t\t\t\t\t\t<div class=\"elementor-text-editor elementor-clearfix\">\n\t\t\t\t<div><p style=\"text-align: center;\"><span style=\"color: #ffffff;\">Ya no es lo mismo de antes ya los tiempos han cambiado<\/span><\/p><p style=\"text-align: center;\"><span style=\"color: #ffffff;\">Es que ahora soy su cantante conmigo es obligado<\/span><\/p><p style=\"text-align: center;\"><span style=\"color: #ffffff;\">A ti la cintura se te parte se te parte en una pila de parte<\/span><\/p><p style=\"text-align: center;\"><span style=\"color: #ffffff;\">Y yo loco por matarte mami tu eres loca t\u00fa repartes<\/span><\/p><p style=\"text-align: center;\"><span style=\"color: #ffffff;\">Y andamos fula en esta talla una pila de cosa perreo bellaqueo con lo cura<\/span><\/p><p style=\"text-align: center;\"><span style=\"color: #ffffff;\">Y andamos fula con esto voy a partir la discoteca dime si tu hala si tu fuma<\/span><\/p><p style=\"text-align: center;\"><span style=\"color: #ffffff;\">Y andamos fula esto se calent\u00f3 rapidito pa que muevas la cintura<\/span><\/p><p style=\"text-align: center;\"><span style=\"color: #ffffff;\">Y andamos fula to el mundo con la mano arriba perreo duro pa que lo consuma<\/span><\/p><p style=\"text-align: center;\"><span style=\"color: #ffffff;\">Andamos fula como notorio en los tiempos de tupac<\/span><\/p><p style=\"text-align: center;\"><span style=\"color: #ffffff;\">Andamos sin licencia y manejando marcha atr\u00e1s<\/span><\/p><p style=\"text-align: center;\"><span style=\"color: #ffffff;\">La movie no es de Disney ll\u00e1manos universal<\/span><\/p><p style=\"text-align: center;\"><span style=\"color: #ffffff;\">Que andamos m\u00e1s cerrados que la c\u00e1rcel de alcatraz<\/span><\/p><p style=\"text-align: center;\"><span style=\"color: #ffffff;\">Dile Benedetto que la mesa est\u00e1 servida<\/span><\/p><p style=\"text-align: center;\"><span style=\"color: #ffffff;\">D\u00edselo Raimel m\u00e1talas sin medida que andamos como chamas en las Grandes Ligas<\/span><\/p><p style=\"text-align: center;\"><span style=\"color: #ffffff;\">El gordo se peg\u00f3 sin cuadrito y con barriga<\/span><\/p><p style=\"text-align: center;\"><span style=\"color: #ffffff;\">Y andamos fula en esta talla una pila de cosa perreo bellaqueo con lo cura<\/span><\/p><p style=\"text-align: center;\"><span style=\"color: #ffffff;\">Y andamos fula con esto voy a partir la discoteca dime si tu hala si tu fuma<\/span><\/p><p style=\"text-align: center;\"><span style=\"color: #ffffff;\">Y andamos fula esto se calent\u00f3 rapidito pa que muevas la cintura<\/span><\/p><p style=\"text-align: center;\"><span style=\"color: #ffffff;\">Y andamos fula to el mundo con la mano arriba perreo duro pa que lo consuma<\/span><\/p><p style=\"text-align: center;\"><span style=\"color: #ffffff;\">Hay una pila de locos hay una pila de locas<\/span><\/p><p style=\"text-align: center;\"><span style=\"color: #ffffff;\">Hay una pila de Puti quit\u00e1ndose la ropa<\/span><\/p><p style=\"text-align: center;\"><span style=\"color: #ffffff;\">Hay una blanquita como la coca est\u00e1 la que se va conmigo que hoy le toca<\/span><\/p><p style=\"text-align: center;\"><span style=\"color: #ffffff;\">Obligado Mu\u00e9vete rico y no me formes foco<\/span><\/p><p style=\"text-align: center;\"><span style=\"color: #ffffff;\">Obligado que yo s\u00e9 que eres un carrito loco<\/span><\/p><p style=\"text-align: center;\"><span style=\"color: #ffffff;\">Que yo s\u00e9 que t\u00fa eres pasajista Que t\u00fa eres mojonera igualita que el choco<\/span><\/p><p style=\"text-align: center;\"><span style=\"color: #ffffff;\">Oye Titan que no pare la bebida Brayan G que no pare la cerveza<\/span><\/p><p style=\"text-align: center;\"><span style=\"color: #ffffff;\">Oye Enzo otra m\u00e1s para la calle te cogieron tus dolores de cabeza<\/span><\/p><p style=\"text-align: center;\"><span style=\"color: #ffffff;\">Y andamos Fula Chan otro palo<\/span><\/p><p style=\"text-align: center;\"><span style=\"color: #ffffff;\">Y andamos Fula dile a esos chamacos que se quiten<\/span><\/p><p style=\"text-align: center;\"><span style=\"color: #ffffff;\">Que yo ando con un arma y si disparo<\/span><\/p><p style=\"text-align: center;\"><span style=\"color: #ffffff;\">Y andamos Fula Tito Brian esta vez andamos con Enzo<\/span><\/p><p style=\"text-align: center;\"><span style=\"color: #ffffff;\">Los poderes de ustedes no los veo los dejamos a todos en suspenso<\/span><\/p><p style=\"text-align: center;\"><span style=\"color: #ffffff;\">D\u00edselo Ramen Di Benedetto Production<\/span><\/p><p style=\"text-align: center;\"><span style=\"color: #ffffff;\">Te lo dije que esperaras Que todo llega con paciencia<\/span><\/p><p style=\"text-align: center;\"><span style=\"color: #ffffff;\">Abdel la esencia<\/span><\/p><\/div>\t\t\t\t\t<\/div>\n\t\t\t\t\t\t<\/div>\n\t\t\t\t<\/div>\n\t\t\t\t\t\t<\/div>\n\t\t\t\t\t<\/div>\n\t\t<\/div>\n\t\t\t\t\t\t\t\t<\/div>\n\t\t\t\t\t<\/div>\n\t\t<\/section>\n\t\t\t\t\t\t<\/div>\n\t\t\t\t\t\t<\/div>\n\t\t\t\t\t<\/div>\n\t\t","protected":false},"excerpt":{"rendered":"<p>SPOTIFY APPLE MUSIC DEEZER AMAZON MUSIC Ya no es lo mismo de antes ya los tiempos han cambiado Es que ahora soy su cantante conmigo es obligado A ti la cintura se te parte se te parte en una pila de parte Y yo loco por matarte mami tu eres loca t\u00fa repartes Y andamos.<\/p>\n","protected":false},"author":1,"featured_media":0,"parent":0,"menu_order":0,"comment_status":"closed","ping_status":"closed","template":"","meta":{"footnotes":""},"categories":[42],"tags":[],"class_list":["post-4180","page","type-page","status-publish","hentry","category-testi"],"yoast_head":"<!-- This site is optimized with the Yoast SEO plugin v19.6.1 - https:\/\/yoast.com\/wordpress\/plugins\/seo\/ -->\n<title>Andamos Fula - Di Benedetto Productions<\/title>\n<meta name=\"robots\" content=\"index, follow, max-snippet:-1, max-image-preview:large, max-video-preview:-1\" \/>\n<link rel=\"canonical\" href=\"https:\/\/dibenedettoproductions.com\/?page_id=4180\" \/>\n<meta property=\"og:locale\" content=\"it_IT\" \/>\n<meta property=\"og:type\" content=\"article\" \/>\n<meta property=\"og:title\" content=\"Andamos Fula - Di Benedetto Productions\" \/>\n<meta property=\"og:description\" content=\"SPOTIFY APPLE MUSIC DEEZER AMAZON MUSIC Ya no es lo mismo de antes ya los tiempos han cambiado Es que ahora soy su cantante conmigo es obligado A ti la cintura se te parte se te parte en una pila de parte Y yo loco por matarte mami tu eres loca t\u00fa repartes Y andamos.\" \/>\n<meta property=\"og:url\" content=\"https:\/\/dibenedettoproductions.com\/?page_id=4180\" \/>\n<meta property=\"og:site_name\" content=\"Di Benedetto Productions\" \/>\n<meta property=\"article:modified_time\" content=\"2021-08-05T14:58:42+00:00\" \/>\n<meta name=\"twitter:card\" content=\"summary_large_image\" \/>\n<meta name=\"twitter:label1\" content=\"Tempo di lettura stimato\" \/>\n\t<meta name=\"twitter:data1\" content=\"2 minuti\" \/>\n<script type=\"application\/ld+json\" class=\"yoast-schema-graph\">{\"@context\":\"https:\/\/schema.org\",\"@graph\":[{\"@type\":\"WebPage\",\"@id\":\"https:\/\/dibenedettoproductions.com\/?page_id=4180\",\"url\":\"https:\/\/dibenedettoproductions.com\/?page_id=4180\",\"name\":\"Andamos Fula - Di Benedetto Productions\",\"isPartOf\":{\"@id\":\"https:\/\/dibenedettoproductions.com\/#website\"},\"datePublished\":\"2021-02-25T09:32:08+00:00\",\"dateModified\":\"2021-08-05T14:58:42+00:00\",\"breadcrumb\":{\"@id\":\"https:\/\/dibenedettoproductions.com\/?page_id=4180#breadcrumb\"},\"inLanguage\":\"it-IT\",\"potentialAction\":[{\"@type\":\"ReadAction\",\"target\":[\"https:\/\/dibenedettoproductions.com\/?page_id=4180\"]}]},{\"@type\":\"BreadcrumbList\",\"@id\":\"https:\/\/dibenedettoproductions.com\/?page_id=4180#breadcrumb\",\"itemListElement\":[{\"@type\":\"ListItem\",\"position\":1,\"name\":\"Home\",\"item\":\"https:\/\/dibenedettoproductions.com\/\"},{\"@type\":\"ListItem\",\"position\":2,\"name\":\"Andamos Fula\"}]},{\"@type\":\"WebSite\",\"@id\":\"https:\/\/dibenedettoproductions.com\/#website\",\"url\":\"https:\/\/dibenedettoproductions.com\/\",\"name\":\"Di Benedetto Productions\",\"description\":\"\",\"publisher\":{\"@id\":\"https:\/\/dibenedettoproductions.com\/#organization\"},\"potentialAction\":[{\"@type\":\"SearchAction\",\"target\":{\"@type\":\"EntryPoint\",\"urlTemplate\":\"https:\/\/dibenedettoproductions.com\/?s={search_term_string}\"},\"query-input\":\"required name=search_term_string\"}],\"inLanguage\":\"it-IT\"},{\"@type\":\"Organization\",\"@id\":\"https:\/\/dibenedettoproductions.com\/#organization\",\"name\":\"DI BENEDETTO PRODUCTIONS\",\"url\":\"https:\/\/dibenedettoproductions.com\/\",\"sameAs\":[],\"logo\":{\"@type\":\"ImageObject\",\"inLanguage\":\"it-IT\",\"@id\":\"https:\/\/dibenedettoproductions.com\/#\/schema\/logo\/image\/\",\"url\":\"https:\/\/dibenedettoproductions.com\/wp-content\/uploads\/2021\/09\/logo_di_benedetto_productions.jpg\",\"contentUrl\":\"https:\/\/dibenedettoproductions.com\/wp-content\/uploads\/2021\/09\/logo_di_benedetto_productions.jpg\",\"width\":225,\"height\":225,\"caption\":\"DI BENEDETTO PRODUCTIONS\"},\"image\":{\"@id\":\"https:\/\/dibenedettoproductions.com\/#\/schema\/logo\/image\/\"}}]}<\/script>\n<!-- \/ Yoast SEO plugin. -->","yoast_head_json":{"title":"Andamos Fula - Di Benedetto Productions","robots":{"index":"index","follow":"follow","max-snippet":"max-snippet:-1","max-image-preview":"max-image-preview:large","max-video-preview":"max-video-preview:-1"},"canonical":"https:\/\/dibenedettoproductions.com\/?page_id=4180","og_locale":"it_IT","og_type":"article","og_title":"Andamos Fula - Di Benedetto Productions","og_description":"SPOTIFY APPLE MUSIC DEEZER AMAZON MUSIC Ya no es lo mismo de antes ya los tiempos han cambiado Es que ahora soy su cantante conmigo es obligado A ti la cintura se te parte se te parte en una pila de parte Y yo loco por matarte mami tu eres loca t\u00fa repartes Y andamos.","og_url":"https:\/\/dibenedettoproductions.com\/?page_id=4180","og_site_name":"Di Benedetto Productions","article_modified_time":"2021-08-05T14:58:42+00:00","twitter_card":"summary_large_image","twitter_misc":{"Tempo di lettura stimato":"2 minuti"},"schema":{"@context":"https:\/\/schema.org","@graph":[{"@type":"WebPage","@id":"https:\/\/dibenedettoproductions.com\/?page_id=4180","url":"https:\/\/dibenedettoproductions.com\/?page_id=4180","name":"Andamos Fula - Di Benedetto Productions","isPartOf":{"@id":"https:\/\/dibenedettoproductions.com\/#website"},"datePublished":"2021-02-25T09:32:08+00:00","dateModified":"2021-08-05T14:58:42+00:00","breadcrumb":{"@id":"https:\/\/dibenedettoproductions.com\/?page_id=4180#breadcrumb"},"inLanguage":"it-IT","potentialAction":[{"@type":"ReadAction","target":["https:\/\/dibenedettoproductions.com\/?page_id=4180"]}]},{"@type":"BreadcrumbList","@id":"https:\/\/dibenedettoproductions.com\/?page_id=4180#breadcrumb","itemListElement":[{"@type":"ListItem","position":1,"name":"Home","item":"https:\/\/dibenedettoproductions.com\/"},{"@type":"ListItem","position":2,"name":"Andamos Fula"}]},{"@type":"WebSite","@id":"https:\/\/dibenedettoproductions.com\/#website","url":"https:\/\/dibenedettoproductions.com\/","name":"Di Benedetto Productions","description":"","publisher":{"@id":"https:\/\/dibenedettoproductions.com\/#organization"},"potentialAction":[{"@type":"SearchAction","target":{"@type":"EntryPoint","urlTemplate":"https:\/\/dibenedettoproductions.com\/?s={search_term_string}"},"query-input":"required name=search_term_string"}],"inLanguage":"it-IT"},{"@type":"Organization","@id":"https:\/\/dibenedettoproductions.com\/#organization","name":"DI BENEDETTO PRODUCTIONS","url":"https:\/\/dibenedettoproductions.com\/","sameAs":[],"logo":{"@type":"ImageObject","inLanguage":"it-IT","@id":"https:\/\/dibenedettoproductions.com\/#\/schema\/logo\/image\/","url":"https:\/\/dibenedettoproductions.com\/wp-content\/uploads\/2021\/09\/logo_di_benedetto_productions.jpg","contentUrl":"https:\/\/dibenedettoproductions.com\/wp-content\/uploads\/2021\/09\/logo_di_benedetto_productions.jpg","width":225,"height":225,"caption":"DI BENEDETTO PRODUCTIONS"},"image":{"@id":"https:\/\/dibenedettoproductions.com\/#\/schema\/logo\/image\/"}}]}},"_links":{"self":[{"href":"https:\/\/dibenedettoproductions.com\/index.php?rest_route=\/wp\/v2\/pages\/4180","targetHints":{"allow":["GET"]}}],"collection":[{"href":"https:\/\/dibenedettoproductions.com\/index.php?rest_route=\/wp\/v2\/pages"}],"about":[{"href":"https:\/\/dibenedettoproductions.com\/index.php?rest_route=\/wp\/v2\/types\/page"}],"author":[{"embeddable":true,"href":"https:\/\/dibenedettoproductions.com\/index.php?rest_route=\/wp\/v2\/users\/1"}],"replies":[{"embeddable":true,"href":"https:\/\/dibenedettoproductions.com\/index.php?rest_route=%2Fwp%2Fv2%2Fcomments&post=4180"}],"version-history":[{"count":7,"href":"https:\/\/dibenedettoproductions.com\/index.php?rest_route=\/wp\/v2\/pages\/4180\/revisions"}],"predecessor-version":[{"id":5617,"href":"https:\/\/dibenedettoproductions.com\/index.php?rest_route=\/wp\/v2\/pages\/4180\/revisions\/5617"}],"wp:attachment":[{"href":"https:\/\/dibenedettoproductions.com\/index.php?rest_route=%2Fwp%2Fv2%2Fmedia&parent=4180"}],"wp:term":[{"taxonomy":"category","embeddable":true,"href":"https:\/\/dibenedettoproductions.com\/index.php?rest_route=%2Fwp%2Fv2%2Fcategories&post=4180"},{"taxonomy":"post_tag","embeddable":true,"href":"https:\/\/dibenedettoproductions.com\/index.php?rest_route=%2Fwp%2Fv2%2Ftags&post=4180"}],"curies":[{"name":"wp","href":"https:\/\/api.w.org\/{rel}","templated":true}]}}