{"id":4148,"date":"2021-02-24T17:54:25","date_gmt":"2021-02-24T17:54:25","guid":{"rendered":"https:\/\/dibenedettoproductions.com\/?page_id=4148"},"modified":"2021-08-06T07:24:47","modified_gmt":"2021-08-06T07:24:47","slug":"yo-se","status":"publish","type":"page","link":"https:\/\/dibenedettoproductions.com\/?page_id=4148","title":{"rendered":"Yo S\u00e9"},"content":{"rendered":"\t\t<div data-elementor-type=\"wp-page\" data-elementor-id=\"4148\" class=\"elementor elementor-4148\" data-elementor-settings=\"[]\">\n\t\t\t\t\t\t<div class=\"elementor-inner\">\n\t\t\t\t\t\t\t<div class=\"elementor-section-wrap\">\n\t\t\t\t\t\t\t<section class=\"elementor-section elementor-top-section elementor-element elementor-element-0e7a5e6 elementor-section-stretched elementor-section-boxed elementor-section-height-default elementor-section-height-default\" data-id=\"0e7a5e6\" data-element_type=\"section\" data-settings=\"{&quot;stretch_section&quot;:&quot;section-stretched&quot;,&quot;background_background&quot;:&quot;classic&quot;}\">\n\t\t\t\t\t\t<div class=\"elementor-container elementor-column-gap-default\">\n\t\t\t\t\t\t\t<div class=\"elementor-row\">\n\t\t\t\t\t<div class=\"elementor-column elementor-col-25 elementor-top-column elementor-element elementor-element-b2372ad\" data-id=\"b2372ad\" data-element_type=\"column\">\n\t\t\t<div class=\"elementor-column-wrap elementor-element-populated\">\n\t\t\t\t\t\t\t<div class=\"elementor-widget-wrap\">\n\t\t\t\t\t\t<div class=\"elementor-element elementor-element-e38408b elementor-align-center elementor-widget elementor-widget-button\" data-id=\"e38408b\" data-element_type=\"widget\" data-widget_type=\"button.default\">\n\t\t\t\t<div class=\"elementor-widget-container\">\n\t\t\t\t\t<div class=\"elementor-button-wrapper\">\n\t\t\t<a href=\"https:\/\/open.spotify.com\/track\/4PACelvtYbZgyT8IoJ0GP3?si=rzzZ3HM2Tu-JZ7oqUCDXgA%20\" class=\"elementor-button-link elementor-button elementor-size-sm\" role=\"button\">\n\t\t\t\t\t\t<span class=\"elementor-button-content-wrapper\">\n\t\t\t\t\t\t<span class=\"elementor-button-text\">SPOTIFY<\/span>\n\t\t<\/span>\n\t\t\t\t\t<\/a>\n\t\t<\/div>\n\t\t\t\t<\/div>\n\t\t\t\t<\/div>\n\t\t\t\t\t\t<\/div>\n\t\t\t\t\t<\/div>\n\t\t<\/div>\n\t\t\t\t<div class=\"elementor-column elementor-col-25 elementor-top-column elementor-element elementor-element-5c639c1\" data-id=\"5c639c1\" data-element_type=\"column\">\n\t\t\t<div class=\"elementor-column-wrap elementor-element-populated\">\n\t\t\t\t\t\t\t<div class=\"elementor-widget-wrap\">\n\t\t\t\t\t\t<div class=\"elementor-element elementor-element-89de9c6 elementor-align-center elementor-widget elementor-widget-button\" data-id=\"89de9c6\" data-element_type=\"widget\" data-widget_type=\"button.default\">\n\t\t\t\t<div class=\"elementor-widget-container\">\n\t\t\t\t\t<div class=\"elementor-button-wrapper\">\n\t\t\t<a href=\"https:\/\/music.apple.com\/us\/album\/yo-lo-s%C3%A9\/1498277297?i=1498277306\" class=\"elementor-button-link elementor-button elementor-size-sm\" role=\"button\">\n\t\t\t\t\t\t<span class=\"elementor-button-content-wrapper\">\n\t\t\t\t\t\t<span class=\"elementor-button-text\">APPLE MUSIC<\/span>\n\t\t<\/span>\n\t\t\t\t\t<\/a>\n\t\t<\/div>\n\t\t\t\t<\/div>\n\t\t\t\t<\/div>\n\t\t\t\t\t\t<\/div>\n\t\t\t\t\t<\/div>\n\t\t<\/div>\n\t\t\t\t<div class=\"elementor-column elementor-col-25 elementor-top-column elementor-element elementor-element-ef241a7\" data-id=\"ef241a7\" data-element_type=\"column\">\n\t\t\t<div class=\"elementor-column-wrap elementor-element-populated\">\n\t\t\t\t\t\t\t<div class=\"elementor-widget-wrap\">\n\t\t\t\t\t\t<div class=\"elementor-element elementor-element-7d73063 elementor-align-center elementor-widget elementor-widget-button\" data-id=\"7d73063\" data-element_type=\"widget\" data-widget_type=\"button.default\">\n\t\t\t\t<div class=\"elementor-widget-container\">\n\t\t\t\t\t<div class=\"elementor-button-wrapper\">\n\t\t\t<a href=\"https:\/\/deezer.page.link\/bR7tak46yhakuSwL6%20\" class=\"elementor-button-link elementor-button elementor-size-sm\" role=\"button\">\n\t\t\t\t\t\t<span class=\"elementor-button-content-wrapper\">\n\t\t\t\t\t\t<span class=\"elementor-button-text\">DEEZER<\/span>\n\t\t<\/span>\n\t\t\t\t\t<\/a>\n\t\t<\/div>\n\t\t\t\t<\/div>\n\t\t\t\t<\/div>\n\t\t\t\t\t\t<\/div>\n\t\t\t\t\t<\/div>\n\t\t<\/div>\n\t\t\t\t<div class=\"elementor-column elementor-col-25 elementor-top-column elementor-element elementor-element-5bc3ab9\" data-id=\"5bc3ab9\" data-element_type=\"column\">\n\t\t\t<div class=\"elementor-column-wrap elementor-element-populated\">\n\t\t\t\t\t\t\t<div class=\"elementor-widget-wrap\">\n\t\t\t\t\t\t<div class=\"elementor-element elementor-element-7ef77cb elementor-align-center elementor-widget elementor-widget-button\" data-id=\"7ef77cb\" data-element_type=\"widget\" data-widget_type=\"button.default\">\n\t\t\t\t<div class=\"elementor-widget-container\">\n\t\t\t\t\t<div class=\"elementor-button-wrapper\">\n\t\t\t<a href=\"https:\/\/music.amazon.com\/albums\/B08JVL9Z33?trackAsin=B08JVJMKD8&#038;ref=dm_sh_63f8-fc47-dmcp-530f-f9098&#038;musicTerritory=US&#038;marketplaceId=ATVPDKIKX0DER%20\" class=\"elementor-button-link elementor-button elementor-size-sm\" role=\"button\">\n\t\t\t\t\t\t<span class=\"elementor-button-content-wrapper\">\n\t\t\t\t\t\t<span class=\"elementor-button-text\">AMAZON MUSIC<\/span>\n\t\t<\/span>\n\t\t\t\t\t<\/a>\n\t\t<\/div>\n\t\t\t\t<\/div>\n\t\t\t\t<\/div>\n\t\t\t\t\t\t<\/div>\n\t\t\t\t\t<\/div>\n\t\t<\/div>\n\t\t\t\t\t\t\t\t<\/div>\n\t\t\t\t\t<\/div>\n\t\t<\/section>\n\t\t\t\t<section class=\"elementor-section elementor-top-section elementor-element elementor-element-a8bd5af elementor-section-stretched elementor-section-boxed elementor-section-height-default elementor-section-height-default\" data-id=\"a8bd5af\" data-element_type=\"section\" data-settings=\"{&quot;stretch_section&quot;:&quot;section-stretched&quot;,&quot;background_background&quot;:&quot;classic&quot;}\">\n\t\t\t\t\t\t<div class=\"elementor-container elementor-column-gap-default\">\n\t\t\t\t\t\t\t<div class=\"elementor-row\">\n\t\t\t\t\t<div class=\"elementor-column elementor-col-100 elementor-top-column elementor-element elementor-element-b380d96\" data-id=\"b380d96\" data-element_type=\"column\">\n\t\t\t<div class=\"elementor-column-wrap elementor-element-populated\">\n\t\t\t\t\t\t\t<div class=\"elementor-widget-wrap\">\n\t\t\t\t\t\t<div class=\"elementor-element elementor-element-fc0b51c elementor-widget elementor-widget-text-editor\" data-id=\"fc0b51c\" data-element_type=\"widget\" data-widget_type=\"text-editor.default\">\n\t\t\t\t<div class=\"elementor-widget-container\">\n\t\t\t\t\t\t\t\t<div class=\"elementor-text-editor elementor-clearfix\">\n\t\t\t\t<p style=\"text-align: center;\"><span style=\"color: #ffffff;\">Porque no me dice<\/span><\/p><p style=\"text-align: center;\"><span style=\"color: #ffffff;\">Que te da miedo volverme a ver pa no sentir<\/span><\/p><p style=\"text-align: center;\"><span style=\"color: #ffffff;\">Yo s\u00e9 que te gusto pero no lo quiere admitir<\/span><\/p><p style=\"text-align: center;\"><span style=\"color: #ffffff;\">El amor pa ti es un negocio y yo en t\u00ed yo no voy a invertir<\/span><\/p><p style=\"text-align: center;\"><span style=\"color: #ffffff;\">Porque t\u00fa eres de esas que no le gusta sentir<\/span><\/p><p style=\"text-align: center;\"><span style=\"color: #ffffff;\">Pero por mucho que lo niegues t\u00fa no me puedes mentir<\/span><\/p><p style=\"text-align: center;\"><span style=\"color: #ffffff;\">As\u00ed que para ya de fingir que me conozco tu cuerpo<\/span><\/p><p style=\"text-align: center;\">\u00a0<\/p><p style=\"text-align: center;\"><span style=\"color: #ffffff;\">Yo se<\/span><\/p><p style=\"text-align: center;\"><span style=\"color: #ffffff;\">Que no te quieres enamorar<\/span><\/p><p style=\"text-align: center;\"><span style=\"color: #ffffff;\">No quieres que eso vuelva a pasar<\/span><\/p><p style=\"text-align: center;\"><span style=\"color: #ffffff;\">Pero no lo puedes evitar<\/span><\/p><p style=\"text-align: center;\"><span style=\"color: #ffffff;\">T\u00fa quieres sentirme dentro<\/span><\/p><p style=\"text-align: center;\"><span style=\"color: #ffffff;\">Yo se<\/span><\/p><p style=\"text-align: center;\"><span style=\"color: #ffffff;\">Que no te quieres enamorar<\/span><\/p><p style=\"text-align: center;\"><span style=\"color: #ffffff;\">No quieres que eso vuelva a pasar<\/span><\/p><p style=\"text-align: center;\"><span style=\"color: #ffffff;\">Pero no lo puedes evitar<\/span><\/p><p style=\"text-align: center;\"><span style=\"color: #ffffff;\">Baby yo soy tu due\u00f1o<\/span><\/p><p style=\"text-align: center;\">\u00a0<\/p><p style=\"text-align: center;\"><span style=\"color: #ffffff;\">Yo te conozco como a ti te gusta el sexo<\/span><\/p><p style=\"text-align: center;\"><span style=\"color: #ffffff;\">Y como me pides que te lo ponga m\u00e1s adentro<\/span><\/p><p style=\"text-align: center;\"><span style=\"color: #ffffff;\">Y cada vez que me habla al o\u00eddo cosas malas yo sin pensarlo me caliento<\/span><\/p><p style=\"text-align: center;\"><span style=\"color: #ffffff;\">Y t\u00fa prend\u00eda como hooka<\/span><\/p><p style=\"text-align: center;\"><span style=\"color: #ffffff;\">Cada vez que se lo hago se lo disfruta<\/span><\/p><p style=\"text-align: center;\"><span style=\"color: #ffffff;\">Ella quiere que me la coma como fruta<\/span><\/p><p style=\"text-align: center;\"><span style=\"color: #ffffff;\">Ella es fina pero en la cama parece una P U T A<\/span><\/p><p style=\"text-align: center;\"><span style=\"color: #ffffff;\">Siempre en la intimidad me pide m\u00e1s<\/span><\/p><p style=\"text-align: center;\"><span style=\"color: #ffffff;\">Cuando le subo la intensidad ella sola se va<\/span><\/p><p style=\"text-align: center;\"><span style=\"color: #ffffff;\">Ella es taca\u00f1a nada me da<\/span><\/p><p style=\"text-align: center;\"><span style=\"color: #ffffff;\">Pero despu\u00e9s quiere venirse una vez m\u00e1s<\/span><\/p><p style=\"text-align: center;\"><span style=\"color: #ffffff;\">Siempre en la intimidad me pide m\u00e1s<\/span><\/p><p style=\"text-align: center;\"><span style=\"color: #ffffff;\">Cuando le subo la intensidad ella sola se va<\/span><\/p><p style=\"text-align: center;\"><span style=\"color: #ffffff;\">Ella es taca\u00f1a nada me da<\/span><\/p><p style=\"text-align: center;\"><span style=\"color: #ffffff;\">Pero despu\u00e9s quiere venirse una vez m\u00e1s<\/span><\/p><p style=\"text-align: center;\">\u00a0<\/p><p style=\"text-align: center;\"><span style=\"color: #ffffff;\">Yo se<\/span><\/p><p style=\"text-align: center;\"><span style=\"color: #ffffff;\">Que no te quieres enamorar<\/span><\/p><p style=\"text-align: center;\"><span style=\"color: #ffffff;\">No quieres que eso vuelva a pasar<\/span><\/p><p style=\"text-align: center;\"><span style=\"color: #ffffff;\">Pero no lo puedes evitar<\/span><\/p><p style=\"text-align: center;\"><span style=\"color: #ffffff;\">T\u00fa quieres sentirme dentro<\/span><\/p><p style=\"text-align: center;\"><span style=\"color: #ffffff;\">Yo se<\/span><\/p><p style=\"text-align: center;\"><span style=\"color: #ffffff;\">Que no te quieres enamorar<\/span><\/p><p style=\"text-align: center;\"><span style=\"color: #ffffff;\">No quieres que eso vuelva a pasar<\/span><\/p><p style=\"text-align: center;\"><span style=\"color: #ffffff;\">Pero no lo puedes evitar<\/span><\/p><p style=\"text-align: center;\"><span style=\"color: #ffffff;\">Baby yo soy tu due\u00f1o<\/span><\/p><p style=\"text-align: center;\">\u00a0<\/p><p style=\"text-align: center;\"><span style=\"color: #ffffff;\">Yo soy tu hombre<\/span><\/p><p style=\"text-align: center;\"><span style=\"color: #ffffff;\">El \u00fanico que en la cama y en la vida t\u00fa le correspondes<\/span><\/p><p style=\"text-align: center;\"><span style=\"color: #ffffff;\">Aunque s\u00e9 que lo escondes<\/span><\/p><p style=\"text-align: center;\"><span style=\"color: #ffffff;\">Indica y dime mami lugar dale fecha y donde<\/span><\/p><p style=\"text-align: center;\"><span style=\"color: #ffffff;\">Y voy por ti<\/span><\/p><p style=\"text-align: center;\"><span style=\"color: #ffffff;\">Soy fan\u00e1tico desde que te vi<\/span><\/p><p style=\"text-align: center;\"><span style=\"color: #ffffff;\">Aunque t\u00fa dices que no digo que si<\/span><\/p><p style=\"text-align: center;\"><span style=\"color: #ffffff;\">Te quiero encima de m\u00ed<\/span><\/p><p style=\"text-align: center;\"><span style=\"color: #ffffff;\">Movi\u00e9ndome todo eso que t\u00fa tienes porque eso yo lo quiero pa m\u00ed<\/span><\/p><p style=\"text-align: center;\"><span style=\"color: #ffffff;\">Yo le pregunt\u00e9<\/span><\/p><p style=\"text-align: center;\"><span style=\"color: #ffffff;\">Pero le gusta estar sola<\/span><\/p><p style=\"text-align: center;\"><span style=\"color: #ffffff;\">Todos los d\u00edas me lo ignora<\/span><\/p><p style=\"text-align: center;\"><span style=\"color: #ffffff;\">Pasan las horas<\/span><\/p><p style=\"text-align: center;\"><span style=\"color: #ffffff;\">La pastilla no funciona<\/span><\/p><p style=\"text-align: center;\"><span style=\"color: #ffffff;\">Como quiero te tengo en mi chola<\/span><\/p><p style=\"text-align: center;\"><span style=\"color: #ffffff;\">Dime bebecita que es la que hay<\/span><\/p><p style=\"text-align: center;\"><span style=\"color: #ffffff;\">T\u00fa andas dura con el flow de Dub\u00e1i<\/span><\/p><p style=\"text-align: center;\"><span style=\"color: #ffffff;\">Tengo la memoria rota como Tim y Mike<\/span><\/p><p style=\"text-align: center;\"><span style=\"color: #ffffff;\">Me tienes compitiendo como Adidas con Nike<\/span><\/p><p style=\"text-align: center;\">\u00a0<\/p><p style=\"text-align: center;\"><span style=\"color: #ffffff;\">Yo se<\/span><\/p><p style=\"text-align: center;\"><span style=\"color: #ffffff;\">Que no te quieres enamorar<\/span><\/p><p style=\"text-align: center;\"><span style=\"color: #ffffff;\">No quieres que eso vuelva a pasar<\/span><\/p><p style=\"text-align: center;\"><span style=\"color: #ffffff;\">Pero no lo puedes evitar<\/span><\/p><p style=\"text-align: center;\"><span style=\"color: #ffffff;\">T\u00fa quieres sentirme dentro<\/span><\/p><p style=\"text-align: center;\"><span style=\"color: #ffffff;\">Yo se<\/span><\/p><p style=\"text-align: center;\"><span style=\"color: #ffffff;\">Que no te quieres enamorar<\/span><\/p><p style=\"text-align: center;\"><span style=\"color: #ffffff;\">No quieres que eso vuelva a pasar<\/span><\/p><p style=\"text-align: center;\"><span style=\"color: #ffffff;\">Pero no lo puedes evitar<\/span><\/p><p style=\"text-align: center;\"><span style=\"color: #ffffff;\">Baby yo soy tu due\u00f1o<\/span><\/p><p style=\"text-align: center;\">\u00a0<\/p><p style=\"text-align: center;\"><span style=\"color: #ffffff;\">Baby<\/span><\/p><p style=\"text-align: center;\"><span style=\"color: #ffffff;\">Simplemente cuando te acuestes en tu cama y pienses en mi<\/span><\/p><p style=\"text-align: center;\"><span style=\"color: #ffffff;\">T\u00fa te vas a dar cuenta de que<\/span><\/p><p style=\"text-align: center;\"><span style=\"color: #ffffff;\">Soy el \u00fanico que te hace sentir<\/span><\/p><p style=\"text-align: center;\"><span style=\"color: #ffffff;\">Como nadie<\/span><\/p><p style=\"text-align: center;\">\u00a0<\/p><p style=\"text-align: center;\"><span style=\"color: #ffffff;\">Enzo la melod\u00eda secreta<\/span><\/p><p style=\"text-align: center;\"><span style=\"color: #ffffff;\">Wailer<\/span><\/p><p style=\"text-align: center;\"><span style=\"color: #ffffff;\">Di Benedetto production<\/span><\/p><p style=\"text-align: center;\"><span style=\"color: #ffffff;\">Forever one music<\/span><\/p>\t\t\t\t\t<\/div>\n\t\t\t\t\t\t<\/div>\n\t\t\t\t<\/div>\n\t\t\t\t\t\t<\/div>\n\t\t\t\t\t<\/div>\n\t\t<\/div>\n\t\t\t\t\t\t\t\t<\/div>\n\t\t\t\t\t<\/div>\n\t\t<\/section>\n\t\t\t\t\t\t<\/div>\n\t\t\t\t\t\t<\/div>\n\t\t\t\t\t<\/div>\n\t\t","protected":false},"excerpt":{"rendered":"<p>SPOTIFY APPLE MUSIC DEEZER AMAZON MUSIC Porque no me dice Que te da miedo volverme a ver pa no sentir Yo s\u00e9 que te gusto pero no lo quiere admitir El amor pa ti es un negocio y yo en t\u00ed yo no voy a invertir Porque t\u00fa eres de esas que no le gusta.<\/p>\n","protected":false},"author":1,"featured_media":0,"parent":0,"menu_order":0,"comment_status":"closed","ping_status":"closed","template":"","meta":{"footnotes":""},"categories":[42],"tags":[],"class_list":["post-4148","page","type-page","status-publish","hentry","category-testi"],"yoast_head":"<!-- This site is optimized with the Yoast SEO plugin v19.6.1 - https:\/\/yoast.com\/wordpress\/plugins\/seo\/ -->\n<title>Yo S\u00e9 - Di Benedetto Productions<\/title>\n<meta name=\"robots\" content=\"index, follow, max-snippet:-1, max-image-preview:large, max-video-preview:-1\" \/>\n<link rel=\"canonical\" href=\"https:\/\/dibenedettoproductions.com\/?page_id=4148\" \/>\n<meta property=\"og:locale\" content=\"it_IT\" \/>\n<meta property=\"og:type\" content=\"article\" \/>\n<meta property=\"og:title\" content=\"Yo S\u00e9 - Di Benedetto Productions\" \/>\n<meta property=\"og:description\" content=\"SPOTIFY APPLE MUSIC DEEZER AMAZON MUSIC Porque no me dice Que te da miedo volverme a ver pa no sentir Yo s\u00e9 que te gusto pero no lo quiere admitir El amor pa ti es un negocio y yo en t\u00ed yo no voy a invertir Porque t\u00fa eres de esas que no le gusta.\" \/>\n<meta property=\"og:url\" content=\"https:\/\/dibenedettoproductions.com\/?page_id=4148\" \/>\n<meta property=\"og:site_name\" content=\"Di Benedetto Productions\" \/>\n<meta property=\"article:modified_time\" content=\"2021-08-06T07:24:47+00:00\" \/>\n<meta name=\"twitter:card\" content=\"summary_large_image\" \/>\n<meta name=\"twitter:label1\" content=\"Tempo di lettura stimato\" \/>\n\t<meta name=\"twitter:data1\" content=\"2 minuti\" \/>\n<script type=\"application\/ld+json\" class=\"yoast-schema-graph\">{\"@context\":\"https:\/\/schema.org\",\"@graph\":[{\"@type\":\"WebPage\",\"@id\":\"https:\/\/dibenedettoproductions.com\/?page_id=4148\",\"url\":\"https:\/\/dibenedettoproductions.com\/?page_id=4148\",\"name\":\"Yo S\u00e9 - Di Benedetto Productions\",\"isPartOf\":{\"@id\":\"https:\/\/dibenedettoproductions.com\/#website\"},\"datePublished\":\"2021-02-24T17:54:25+00:00\",\"dateModified\":\"2021-08-06T07:24:47+00:00\",\"breadcrumb\":{\"@id\":\"https:\/\/dibenedettoproductions.com\/?page_id=4148#breadcrumb\"},\"inLanguage\":\"it-IT\",\"potentialAction\":[{\"@type\":\"ReadAction\",\"target\":[\"https:\/\/dibenedettoproductions.com\/?page_id=4148\"]}]},{\"@type\":\"BreadcrumbList\",\"@id\":\"https:\/\/dibenedettoproductions.com\/?page_id=4148#breadcrumb\",\"itemListElement\":[{\"@type\":\"ListItem\",\"position\":1,\"name\":\"Home\",\"item\":\"https:\/\/dibenedettoproductions.com\/\"},{\"@type\":\"ListItem\",\"position\":2,\"name\":\"Yo S\u00e9\"}]},{\"@type\":\"WebSite\",\"@id\":\"https:\/\/dibenedettoproductions.com\/#website\",\"url\":\"https:\/\/dibenedettoproductions.com\/\",\"name\":\"Di Benedetto Productions\",\"description\":\"\",\"publisher\":{\"@id\":\"https:\/\/dibenedettoproductions.com\/#organization\"},\"potentialAction\":[{\"@type\":\"SearchAction\",\"target\":{\"@type\":\"EntryPoint\",\"urlTemplate\":\"https:\/\/dibenedettoproductions.com\/?s={search_term_string}\"},\"query-input\":\"required name=search_term_string\"}],\"inLanguage\":\"it-IT\"},{\"@type\":\"Organization\",\"@id\":\"https:\/\/dibenedettoproductions.com\/#organization\",\"name\":\"DI BENEDETTO PRODUCTIONS\",\"url\":\"https:\/\/dibenedettoproductions.com\/\",\"sameAs\":[],\"logo\":{\"@type\":\"ImageObject\",\"inLanguage\":\"it-IT\",\"@id\":\"https:\/\/dibenedettoproductions.com\/#\/schema\/logo\/image\/\",\"url\":\"https:\/\/dibenedettoproductions.com\/wp-content\/uploads\/2021\/09\/logo_di_benedetto_productions.jpg\",\"contentUrl\":\"https:\/\/dibenedettoproductions.com\/wp-content\/uploads\/2021\/09\/logo_di_benedetto_productions.jpg\",\"width\":225,\"height\":225,\"caption\":\"DI BENEDETTO PRODUCTIONS\"},\"image\":{\"@id\":\"https:\/\/dibenedettoproductions.com\/#\/schema\/logo\/image\/\"}}]}<\/script>\n<!-- \/ Yoast SEO plugin. -->","yoast_head_json":{"title":"Yo S\u00e9 - Di Benedetto Productions","robots":{"index":"index","follow":"follow","max-snippet":"max-snippet:-1","max-image-preview":"max-image-preview:large","max-video-preview":"max-video-preview:-1"},"canonical":"https:\/\/dibenedettoproductions.com\/?page_id=4148","og_locale":"it_IT","og_type":"article","og_title":"Yo S\u00e9 - Di Benedetto Productions","og_description":"SPOTIFY APPLE MUSIC DEEZER AMAZON MUSIC Porque no me dice Que te da miedo volverme a ver pa no sentir Yo s\u00e9 que te gusto pero no lo quiere admitir El amor pa ti es un negocio y yo en t\u00ed yo no voy a invertir Porque t\u00fa eres de esas que no le gusta.","og_url":"https:\/\/dibenedettoproductions.com\/?page_id=4148","og_site_name":"Di Benedetto Productions","article_modified_time":"2021-08-06T07:24:47+00:00","twitter_card":"summary_large_image","twitter_misc":{"Tempo di lettura stimato":"2 minuti"},"schema":{"@context":"https:\/\/schema.org","@graph":[{"@type":"WebPage","@id":"https:\/\/dibenedettoproductions.com\/?page_id=4148","url":"https:\/\/dibenedettoproductions.com\/?page_id=4148","name":"Yo S\u00e9 - Di Benedetto Productions","isPartOf":{"@id":"https:\/\/dibenedettoproductions.com\/#website"},"datePublished":"2021-02-24T17:54:25+00:00","dateModified":"2021-08-06T07:24:47+00:00","breadcrumb":{"@id":"https:\/\/dibenedettoproductions.com\/?page_id=4148#breadcrumb"},"inLanguage":"it-IT","potentialAction":[{"@type":"ReadAction","target":["https:\/\/dibenedettoproductions.com\/?page_id=4148"]}]},{"@type":"BreadcrumbList","@id":"https:\/\/dibenedettoproductions.com\/?page_id=4148#breadcrumb","itemListElement":[{"@type":"ListItem","position":1,"name":"Home","item":"https:\/\/dibenedettoproductions.com\/"},{"@type":"ListItem","position":2,"name":"Yo S\u00e9"}]},{"@type":"WebSite","@id":"https:\/\/dibenedettoproductions.com\/#website","url":"https:\/\/dibenedettoproductions.com\/","name":"Di Benedetto Productions","description":"","publisher":{"@id":"https:\/\/dibenedettoproductions.com\/#organization"},"potentialAction":[{"@type":"SearchAction","target":{"@type":"EntryPoint","urlTemplate":"https:\/\/dibenedettoproductions.com\/?s={search_term_string}"},"query-input":"required name=search_term_string"}],"inLanguage":"it-IT"},{"@type":"Organization","@id":"https:\/\/dibenedettoproductions.com\/#organization","name":"DI BENEDETTO PRODUCTIONS","url":"https:\/\/dibenedettoproductions.com\/","sameAs":[],"logo":{"@type":"ImageObject","inLanguage":"it-IT","@id":"https:\/\/dibenedettoproductions.com\/#\/schema\/logo\/image\/","url":"https:\/\/dibenedettoproductions.com\/wp-content\/uploads\/2021\/09\/logo_di_benedetto_productions.jpg","contentUrl":"https:\/\/dibenedettoproductions.com\/wp-content\/uploads\/2021\/09\/logo_di_benedetto_productions.jpg","width":225,"height":225,"caption":"DI BENEDETTO PRODUCTIONS"},"image":{"@id":"https:\/\/dibenedettoproductions.com\/#\/schema\/logo\/image\/"}}]}},"_links":{"self":[{"href":"https:\/\/dibenedettoproductions.com\/index.php?rest_route=\/wp\/v2\/pages\/4148","targetHints":{"allow":["GET"]}}],"collection":[{"href":"https:\/\/dibenedettoproductions.com\/index.php?rest_route=\/wp\/v2\/pages"}],"about":[{"href":"https:\/\/dibenedettoproductions.com\/index.php?rest_route=\/wp\/v2\/types\/page"}],"author":[{"embeddable":true,"href":"https:\/\/dibenedettoproductions.com\/index.php?rest_route=\/wp\/v2\/users\/1"}],"replies":[{"embeddable":true,"href":"https:\/\/dibenedettoproductions.com\/index.php?rest_route=%2Fwp%2Fv2%2Fcomments&post=4148"}],"version-history":[{"count":7,"href":"https:\/\/dibenedettoproductions.com\/index.php?rest_route=\/wp\/v2\/pages\/4148\/revisions"}],"predecessor-version":[{"id":6067,"href":"https:\/\/dibenedettoproductions.com\/index.php?rest_route=\/wp\/v2\/pages\/4148\/revisions\/6067"}],"wp:attachment":[{"href":"https:\/\/dibenedettoproductions.com\/index.php?rest_route=%2Fwp%2Fv2%2Fmedia&parent=4148"}],"wp:term":[{"taxonomy":"category","embeddable":true,"href":"https:\/\/dibenedettoproductions.com\/index.php?rest_route=%2Fwp%2Fv2%2Fcategories&post=4148"},{"taxonomy":"post_tag","embeddable":true,"href":"https:\/\/dibenedettoproductions.com\/index.php?rest_route=%2Fwp%2Fv2%2Ftags&post=4148"}],"curies":[{"name":"wp","href":"https:\/\/api.w.org\/{rel}","templated":true}]}}