{"id":4137,"date":"2021-02-24T17:51:51","date_gmt":"2021-02-24T17:51:51","guid":{"rendered":"https:\/\/dibenedettoproductions.com\/?page_id=4137"},"modified":"2021-08-06T07:24:33","modified_gmt":"2021-08-06T07:24:33","slug":"ya-no-mas","status":"publish","type":"page","link":"https:\/\/dibenedettoproductions.com\/?page_id=4137","title":{"rendered":"Ya No M\u00e1s"},"content":{"rendered":"\t\t<div data-elementor-type=\"wp-page\" data-elementor-id=\"4137\" class=\"elementor elementor-4137\" data-elementor-settings=\"[]\">\n\t\t\t\t\t\t<div class=\"elementor-inner\">\n\t\t\t\t\t\t\t<div class=\"elementor-section-wrap\">\n\t\t\t\t\t\t\t<section class=\"elementor-section elementor-top-section elementor-element elementor-element-afce77c elementor-section-stretched elementor-section-boxed elementor-section-height-default elementor-section-height-default\" data-id=\"afce77c\" data-element_type=\"section\" data-settings=\"{&quot;stretch_section&quot;:&quot;section-stretched&quot;,&quot;background_background&quot;:&quot;classic&quot;}\">\n\t\t\t\t\t\t<div class=\"elementor-container elementor-column-gap-default\">\n\t\t\t\t\t\t\t<div class=\"elementor-row\">\n\t\t\t\t\t<div class=\"elementor-column elementor-col-25 elementor-top-column elementor-element elementor-element-42a50f4\" data-id=\"42a50f4\" data-element_type=\"column\">\n\t\t\t<div class=\"elementor-column-wrap elementor-element-populated\">\n\t\t\t\t\t\t\t<div class=\"elementor-widget-wrap\">\n\t\t\t\t\t\t<div class=\"elementor-element elementor-element-378b97b elementor-align-center elementor-widget elementor-widget-button\" data-id=\"378b97b\" data-element_type=\"widget\" data-widget_type=\"button.default\">\n\t\t\t\t<div class=\"elementor-widget-container\">\n\t\t\t\t\t<div class=\"elementor-button-wrapper\">\n\t\t\t<a href=\"https:\/\/open.spotify.com\/track\/3rxu4oUZ7FtTIB9Kt1vTRy?si=_DhhSbKmSlSQEwEk7T7acw%20\" class=\"elementor-button-link elementor-button elementor-size-sm\" role=\"button\">\n\t\t\t\t\t\t<span class=\"elementor-button-content-wrapper\">\n\t\t\t\t\t\t<span class=\"elementor-button-text\">SPOTIFY<\/span>\n\t\t<\/span>\n\t\t\t\t\t<\/a>\n\t\t<\/div>\n\t\t\t\t<\/div>\n\t\t\t\t<\/div>\n\t\t\t\t\t\t<\/div>\n\t\t\t\t\t<\/div>\n\t\t<\/div>\n\t\t\t\t<div class=\"elementor-column elementor-col-25 elementor-top-column elementor-element elementor-element-47fd886\" data-id=\"47fd886\" data-element_type=\"column\">\n\t\t\t<div class=\"elementor-column-wrap elementor-element-populated\">\n\t\t\t\t\t\t\t<div class=\"elementor-widget-wrap\">\n\t\t\t\t\t\t<div class=\"elementor-element elementor-element-97e15bc elementor-align-center elementor-widget elementor-widget-button\" data-id=\"97e15bc\" data-element_type=\"widget\" data-widget_type=\"button.default\">\n\t\t\t\t<div class=\"elementor-widget-container\">\n\t\t\t\t\t<div class=\"elementor-button-wrapper\">\n\t\t\t<a href=\"https:\/\/music.apple.com\/us\/album\/ya-no-mas-feat-el-conde-fide\/1374450685?i=1374451589%20\" class=\"elementor-button-link elementor-button elementor-size-sm\" role=\"button\">\n\t\t\t\t\t\t<span class=\"elementor-button-content-wrapper\">\n\t\t\t\t\t\t<span class=\"elementor-button-text\">APPLE MUSIC<\/span>\n\t\t<\/span>\n\t\t\t\t\t<\/a>\n\t\t<\/div>\n\t\t\t\t<\/div>\n\t\t\t\t<\/div>\n\t\t\t\t\t\t<\/div>\n\t\t\t\t\t<\/div>\n\t\t<\/div>\n\t\t\t\t<div class=\"elementor-column elementor-col-25 elementor-top-column elementor-element elementor-element-9266e68\" data-id=\"9266e68\" data-element_type=\"column\">\n\t\t\t<div class=\"elementor-column-wrap elementor-element-populated\">\n\t\t\t\t\t\t\t<div class=\"elementor-widget-wrap\">\n\t\t\t\t\t\t<div class=\"elementor-element elementor-element-b03d296 elementor-align-center elementor-widget elementor-widget-button\" data-id=\"b03d296\" data-element_type=\"widget\" data-widget_type=\"button.default\">\n\t\t\t\t<div class=\"elementor-widget-container\">\n\t\t\t\t\t<div class=\"elementor-button-wrapper\">\n\t\t\t<a href=\"https:\/\/deezer.page.link\/e4a4No5gpuFBR1gE7%20\" class=\"elementor-button-link elementor-button elementor-size-sm\" role=\"button\">\n\t\t\t\t\t\t<span class=\"elementor-button-content-wrapper\">\n\t\t\t\t\t\t<span class=\"elementor-button-text\">DEEZER<\/span>\n\t\t<\/span>\n\t\t\t\t\t<\/a>\n\t\t<\/div>\n\t\t\t\t<\/div>\n\t\t\t\t<\/div>\n\t\t\t\t\t\t<\/div>\n\t\t\t\t\t<\/div>\n\t\t<\/div>\n\t\t\t\t<div class=\"elementor-column elementor-col-25 elementor-top-column elementor-element elementor-element-eef14b9\" data-id=\"eef14b9\" data-element_type=\"column\">\n\t\t\t<div class=\"elementor-column-wrap elementor-element-populated\">\n\t\t\t\t\t\t\t<div class=\"elementor-widget-wrap\">\n\t\t\t\t\t\t<div class=\"elementor-element elementor-element-1fbacc8 elementor-align-center elementor-widget elementor-widget-button\" data-id=\"1fbacc8\" data-element_type=\"widget\" data-widget_type=\"button.default\">\n\t\t\t\t<div class=\"elementor-widget-container\">\n\t\t\t\t\t<div class=\"elementor-button-wrapper\">\n\t\t\t<a href=\"https:\/\/music.amazon.com\/albums\/B07T89WZHZ?trackAsin=B07TBG825M&#038;ref=dm_sh_c256-29ea-dmcp-192a-52c42&#038;musicTerritory=US&#038;marketplaceId=ATVPDKIKX0DER%20\" class=\"elementor-button-link elementor-button elementor-size-sm\" role=\"button\">\n\t\t\t\t\t\t<span class=\"elementor-button-content-wrapper\">\n\t\t\t\t\t\t<span class=\"elementor-button-text\">AMAZON MUSIC<\/span>\n\t\t<\/span>\n\t\t\t\t\t<\/a>\n\t\t<\/div>\n\t\t\t\t<\/div>\n\t\t\t\t<\/div>\n\t\t\t\t\t\t<\/div>\n\t\t\t\t\t<\/div>\n\t\t<\/div>\n\t\t\t\t\t\t\t\t<\/div>\n\t\t\t\t\t<\/div>\n\t\t<\/section>\n\t\t\t\t<section class=\"elementor-section elementor-top-section elementor-element elementor-element-1d9e33f elementor-section-stretched elementor-section-boxed elementor-section-height-default elementor-section-height-default\" data-id=\"1d9e33f\" data-element_type=\"section\" data-settings=\"{&quot;stretch_section&quot;:&quot;section-stretched&quot;,&quot;background_background&quot;:&quot;classic&quot;}\">\n\t\t\t\t\t\t<div class=\"elementor-container elementor-column-gap-default\">\n\t\t\t\t\t\t\t<div class=\"elementor-row\">\n\t\t\t\t\t<div class=\"elementor-column elementor-col-100 elementor-top-column elementor-element elementor-element-856d16c\" data-id=\"856d16c\" data-element_type=\"column\">\n\t\t\t<div class=\"elementor-column-wrap elementor-element-populated\">\n\t\t\t\t\t\t\t<div class=\"elementor-widget-wrap\">\n\t\t\t\t\t\t<div class=\"elementor-element elementor-element-5be4cb8 elementor-widget elementor-widget-text-editor\" data-id=\"5be4cb8\" data-element_type=\"widget\" data-widget_type=\"text-editor.default\">\n\t\t\t\t<div class=\"elementor-widget-container\">\n\t\t\t\t\t\t\t\t<div class=\"elementor-text-editor elementor-clearfix\">\n\t\t\t\t<p style=\"text-align: center;\"><span style=\"color: #ffffff;\">De qu\u00e9 vali\u00f3 la pena llorar, De qu\u00e9 vali\u00f3 la pena so\u00f1ar<\/span><\/p><p style=\"text-align: center;\"><span style=\"color: #ffffff;\">Si hoy t\u00fa no est\u00e1s aqu\u00ed, si hoy te tienes que ir<\/span><\/p><p style=\"text-align: center;\"><span style=\"color: #ffffff;\">Y ya me cans\u00e9 de tus besos, de tu falso amor tambi\u00e9n<\/span><\/p><p style=\"text-align: center;\"><span style=\"color: #ffffff;\">Ya me di cuenta que t\u00fa vales menos que un billete de a cien<\/span><\/p><p style=\"text-align: center;\"><span style=\"color: #ffffff;\">Gracias abr\u00ed los ojos, ya no voy a llorar<\/span><\/p><p style=\"text-align: center;\"><span style=\"color: #ffffff;\">Gracias abr\u00ed los ojos solo me queda olvidar<\/span><\/p><p style=\"text-align: center;\">\u00a0<\/p><p style=\"text-align: center;\"><span style=\"color: #ffffff;\">Y ya no m\u00e1s me resignare yo s\u00e9 que estar sin ti duele<\/span><\/p><p style=\"text-align: center;\"><span style=\"color: #ffffff;\">Y ya no m\u00e1s hoy te olvidar\u00e9 y yo no aguanto m\u00e1s, yo no puedo m\u00e1s<\/span><\/p><p style=\"text-align: center;\"><span style=\"color: #ffffff;\">Y ya no m\u00e1s me resignare yo s\u00e9 que estar sin ti duele<\/span><\/p><p style=\"text-align: center;\"><span style=\"color: #ffffff;\">Y ya no m\u00e1s hoy te olvidar\u00e9 y yo no aguanto m\u00e1s, yo no puedo m\u00e1s<\/span><\/p><p style=\"text-align: center;\">\u00a0<\/p><p style=\"text-align: center;\"><span style=\"color: #ffffff;\">El tiempo pas\u00f3 y me recuper\u00e9<\/span><\/p><p style=\"text-align: center;\"><span style=\"color: #ffffff;\">Jam\u00e1s deb\u00ed yo conocer esa mujer<\/span><\/p><p style=\"text-align: center;\"><span style=\"color: #ffffff;\">Te tengo que olvidar, lo que tengo que entender<\/span><\/p><p style=\"text-align: center;\"><span style=\"color: #ffffff;\">De conocerte a ti me arrepiento<\/span><\/p><p style=\"text-align: center;\"><span style=\"color: #ffffff;\">Fuiste bandolera y mala, volando con su escoba embrujada<\/span><\/p><p style=\"text-align: center;\"><span style=\"color: #ffffff;\">Tramando un plan malvado en mi espalda<\/span><\/p><p style=\"text-align: center;\"><span style=\"color: #ffffff;\">Y yo ya ten\u00eda mi cuartada<\/span><\/p><p style=\"text-align: center;\">\u00a0<\/p><p style=\"text-align: center;\"><span style=\"color: #ffffff;\">Ya tengo una mujer que me quiere<\/span><\/p><p style=\"text-align: center;\"><span style=\"color: #ffffff;\">Ya tengo una mujer que me ama<\/span><\/p><p style=\"text-align: center;\"><span style=\"color: #ffffff;\">Que me da calor suficiente y t\u00fa nunca lo dabas<\/span><\/p><p style=\"text-align: center;\"><span style=\"color: #ffffff;\">Ya tengo una mujer que me quiere<\/span><\/p><p style=\"text-align: center;\"><span style=\"color: #ffffff;\">Ya tengo una mujer que me ama<\/span><\/p><p style=\"text-align: center;\"><span style=\"color: #ffffff;\">Que me da calor suficiente y t\u00fa nunca lo dabas<\/span><\/p><p style=\"text-align: center;\">\u00a0<\/p><p style=\"text-align: center;\"><span style=\"color: #ffffff;\">Y ya no m\u00e1s me resignare yo s\u00e9 que estar sin ti duele<\/span><\/p><p style=\"text-align: center;\"><span style=\"color: #ffffff;\">Y ya no m\u00e1s me resignare, yo no puedo m\u00e1s, no puedo m\u00e1s<\/span><\/p><p style=\"text-align: center;\"><span style=\"color: #ffffff;\">Y ya no m\u00e1s me resignare yo s\u00e9 que estar sin ti duele<\/span><\/p><p style=\"text-align: center;\"><span style=\"color: #ffffff;\">Y ya no m\u00e1s me resignare, yo no puedo m\u00e1s, no<\/span><\/p><p style=\"text-align: center;\">\u00a0<\/p><p style=\"text-align: center;\"><span style=\"color: #ffffff;\">De qu\u00e9 vali\u00f3 la pena llorar, De qu\u00e9 vali\u00f3 la pena so\u00f1ar<\/span><\/p><p style=\"text-align: center;\"><span style=\"color: #ffffff;\">Si hoy t\u00fa no est\u00e1s aqu\u00ed, si hoy te tienes que ir<\/span><\/p><p style=\"text-align: center;\"><span style=\"color: #ffffff;\">Y ya me cans\u00e9 de tus besos, de tu falso amor tambi\u00e9n<\/span><\/p><p style=\"text-align: center;\"><span style=\"color: #ffffff;\">Ya me di cuenta que t\u00fa vales menos que un billete de a cien<\/span><\/p><p style=\"text-align: center;\"><span style=\"color: #ffffff;\">Gracias abr\u00ed los ojos, ya no voy a llorar<\/span><\/p><p style=\"text-align: center;\"><span style=\"color: #ffffff;\">Gracias abr\u00ed los ojos solo me queda olvidar<\/span><\/p><p style=\"text-align: center;\">\u00a0<\/p><p style=\"text-align: center;\"><span style=\"color: #ffffff;\">Y ya no m\u00e1s me resignare yo s\u00e9 que estar sin ti duele<\/span><\/p><p style=\"text-align: center;\"><span style=\"color: #ffffff;\">Y ya no m\u00e1s hoy te olvidar\u00e9 y yo no aguanto m\u00e1s, yo no puedo m\u00e1s<\/span><\/p><p style=\"text-align: center;\"><span style=\"color: #ffffff;\">Y ya no m\u00e1s me resignare yo s\u00e9 que estar sin ti duele<\/span><\/p><p style=\"text-align: center;\"><span style=\"color: #ffffff;\">Y ya no m\u00e1s me resignare, ya no puedo m\u00e1s, no<\/span><\/p>\t\t\t\t\t<\/div>\n\t\t\t\t\t\t<\/div>\n\t\t\t\t<\/div>\n\t\t\t\t\t\t<\/div>\n\t\t\t\t\t<\/div>\n\t\t<\/div>\n\t\t\t\t\t\t\t\t<\/div>\n\t\t\t\t\t<\/div>\n\t\t<\/section>\n\t\t\t\t\t\t<\/div>\n\t\t\t\t\t\t<\/div>\n\t\t\t\t\t<\/div>\n\t\t","protected":false},"excerpt":{"rendered":"<p>SPOTIFY APPLE MUSIC DEEZER AMAZON MUSIC De qu\u00e9 vali\u00f3 la pena llorar, De qu\u00e9 vali\u00f3 la pena so\u00f1ar Si hoy t\u00fa no est\u00e1s aqu\u00ed, si hoy te tienes que ir Y ya me cans\u00e9 de tus besos, de tu falso amor tambi\u00e9n Ya me di cuenta que t\u00fa vales menos que un billete de a.<\/p>\n","protected":false},"author":1,"featured_media":0,"parent":0,"menu_order":0,"comment_status":"closed","ping_status":"closed","template":"","meta":{"footnotes":""},"categories":[42],"tags":[],"class_list":["post-4137","page","type-page","status-publish","hentry","category-testi"],"yoast_head":"<!-- This site is optimized with the Yoast SEO plugin v19.6.1 - https:\/\/yoast.com\/wordpress\/plugins\/seo\/ -->\n<title>Ya No M\u00e1s - Di Benedetto Productions<\/title>\n<meta name=\"robots\" content=\"index, follow, max-snippet:-1, max-image-preview:large, max-video-preview:-1\" \/>\n<link rel=\"canonical\" href=\"https:\/\/dibenedettoproductions.com\/?page_id=4137\" \/>\n<meta property=\"og:locale\" content=\"it_IT\" \/>\n<meta property=\"og:type\" content=\"article\" \/>\n<meta property=\"og:title\" content=\"Ya No M\u00e1s - Di Benedetto Productions\" \/>\n<meta property=\"og:description\" content=\"SPOTIFY APPLE MUSIC DEEZER AMAZON MUSIC De qu\u00e9 vali\u00f3 la pena llorar, De qu\u00e9 vali\u00f3 la pena so\u00f1ar Si hoy t\u00fa no est\u00e1s aqu\u00ed, si hoy te tienes que ir Y ya me cans\u00e9 de tus besos, de tu falso amor tambi\u00e9n Ya me di cuenta que t\u00fa vales menos que un billete de a.\" \/>\n<meta property=\"og:url\" content=\"https:\/\/dibenedettoproductions.com\/?page_id=4137\" \/>\n<meta property=\"og:site_name\" content=\"Di Benedetto Productions\" \/>\n<meta property=\"article:modified_time\" content=\"2021-08-06T07:24:33+00:00\" \/>\n<meta name=\"twitter:card\" content=\"summary_large_image\" \/>\n<meta name=\"twitter:label1\" content=\"Tempo di lettura stimato\" \/>\n\t<meta name=\"twitter:data1\" content=\"2 minuti\" \/>\n<script type=\"application\/ld+json\" class=\"yoast-schema-graph\">{\"@context\":\"https:\/\/schema.org\",\"@graph\":[{\"@type\":\"WebPage\",\"@id\":\"https:\/\/dibenedettoproductions.com\/?page_id=4137\",\"url\":\"https:\/\/dibenedettoproductions.com\/?page_id=4137\",\"name\":\"Ya No M\u00e1s - Di Benedetto Productions\",\"isPartOf\":{\"@id\":\"https:\/\/dibenedettoproductions.com\/#website\"},\"datePublished\":\"2021-02-24T17:51:51+00:00\",\"dateModified\":\"2021-08-06T07:24:33+00:00\",\"breadcrumb\":{\"@id\":\"https:\/\/dibenedettoproductions.com\/?page_id=4137#breadcrumb\"},\"inLanguage\":\"it-IT\",\"potentialAction\":[{\"@type\":\"ReadAction\",\"target\":[\"https:\/\/dibenedettoproductions.com\/?page_id=4137\"]}]},{\"@type\":\"BreadcrumbList\",\"@id\":\"https:\/\/dibenedettoproductions.com\/?page_id=4137#breadcrumb\",\"itemListElement\":[{\"@type\":\"ListItem\",\"position\":1,\"name\":\"Home\",\"item\":\"https:\/\/dibenedettoproductions.com\/\"},{\"@type\":\"ListItem\",\"position\":2,\"name\":\"Ya No M\u00e1s\"}]},{\"@type\":\"WebSite\",\"@id\":\"https:\/\/dibenedettoproductions.com\/#website\",\"url\":\"https:\/\/dibenedettoproductions.com\/\",\"name\":\"Di Benedetto Productions\",\"description\":\"\",\"publisher\":{\"@id\":\"https:\/\/dibenedettoproductions.com\/#organization\"},\"potentialAction\":[{\"@type\":\"SearchAction\",\"target\":{\"@type\":\"EntryPoint\",\"urlTemplate\":\"https:\/\/dibenedettoproductions.com\/?s={search_term_string}\"},\"query-input\":\"required name=search_term_string\"}],\"inLanguage\":\"it-IT\"},{\"@type\":\"Organization\",\"@id\":\"https:\/\/dibenedettoproductions.com\/#organization\",\"name\":\"DI BENEDETTO PRODUCTIONS\",\"url\":\"https:\/\/dibenedettoproductions.com\/\",\"sameAs\":[],\"logo\":{\"@type\":\"ImageObject\",\"inLanguage\":\"it-IT\",\"@id\":\"https:\/\/dibenedettoproductions.com\/#\/schema\/logo\/image\/\",\"url\":\"https:\/\/dibenedettoproductions.com\/wp-content\/uploads\/2021\/09\/logo_di_benedetto_productions.jpg\",\"contentUrl\":\"https:\/\/dibenedettoproductions.com\/wp-content\/uploads\/2021\/09\/logo_di_benedetto_productions.jpg\",\"width\":225,\"height\":225,\"caption\":\"DI BENEDETTO PRODUCTIONS\"},\"image\":{\"@id\":\"https:\/\/dibenedettoproductions.com\/#\/schema\/logo\/image\/\"}}]}<\/script>\n<!-- \/ Yoast SEO plugin. -->","yoast_head_json":{"title":"Ya No M\u00e1s - Di Benedetto Productions","robots":{"index":"index","follow":"follow","max-snippet":"max-snippet:-1","max-image-preview":"max-image-preview:large","max-video-preview":"max-video-preview:-1"},"canonical":"https:\/\/dibenedettoproductions.com\/?page_id=4137","og_locale":"it_IT","og_type":"article","og_title":"Ya No M\u00e1s - Di Benedetto Productions","og_description":"SPOTIFY APPLE MUSIC DEEZER AMAZON MUSIC De qu\u00e9 vali\u00f3 la pena llorar, De qu\u00e9 vali\u00f3 la pena so\u00f1ar Si hoy t\u00fa no est\u00e1s aqu\u00ed, si hoy te tienes que ir Y ya me cans\u00e9 de tus besos, de tu falso amor tambi\u00e9n Ya me di cuenta que t\u00fa vales menos que un billete de a.","og_url":"https:\/\/dibenedettoproductions.com\/?page_id=4137","og_site_name":"Di Benedetto Productions","article_modified_time":"2021-08-06T07:24:33+00:00","twitter_card":"summary_large_image","twitter_misc":{"Tempo di lettura stimato":"2 minuti"},"schema":{"@context":"https:\/\/schema.org","@graph":[{"@type":"WebPage","@id":"https:\/\/dibenedettoproductions.com\/?page_id=4137","url":"https:\/\/dibenedettoproductions.com\/?page_id=4137","name":"Ya No M\u00e1s - Di Benedetto Productions","isPartOf":{"@id":"https:\/\/dibenedettoproductions.com\/#website"},"datePublished":"2021-02-24T17:51:51+00:00","dateModified":"2021-08-06T07:24:33+00:00","breadcrumb":{"@id":"https:\/\/dibenedettoproductions.com\/?page_id=4137#breadcrumb"},"inLanguage":"it-IT","potentialAction":[{"@type":"ReadAction","target":["https:\/\/dibenedettoproductions.com\/?page_id=4137"]}]},{"@type":"BreadcrumbList","@id":"https:\/\/dibenedettoproductions.com\/?page_id=4137#breadcrumb","itemListElement":[{"@type":"ListItem","position":1,"name":"Home","item":"https:\/\/dibenedettoproductions.com\/"},{"@type":"ListItem","position":2,"name":"Ya No M\u00e1s"}]},{"@type":"WebSite","@id":"https:\/\/dibenedettoproductions.com\/#website","url":"https:\/\/dibenedettoproductions.com\/","name":"Di Benedetto Productions","description":"","publisher":{"@id":"https:\/\/dibenedettoproductions.com\/#organization"},"potentialAction":[{"@type":"SearchAction","target":{"@type":"EntryPoint","urlTemplate":"https:\/\/dibenedettoproductions.com\/?s={search_term_string}"},"query-input":"required name=search_term_string"}],"inLanguage":"it-IT"},{"@type":"Organization","@id":"https:\/\/dibenedettoproductions.com\/#organization","name":"DI BENEDETTO PRODUCTIONS","url":"https:\/\/dibenedettoproductions.com\/","sameAs":[],"logo":{"@type":"ImageObject","inLanguage":"it-IT","@id":"https:\/\/dibenedettoproductions.com\/#\/schema\/logo\/image\/","url":"https:\/\/dibenedettoproductions.com\/wp-content\/uploads\/2021\/09\/logo_di_benedetto_productions.jpg","contentUrl":"https:\/\/dibenedettoproductions.com\/wp-content\/uploads\/2021\/09\/logo_di_benedetto_productions.jpg","width":225,"height":225,"caption":"DI BENEDETTO PRODUCTIONS"},"image":{"@id":"https:\/\/dibenedettoproductions.com\/#\/schema\/logo\/image\/"}}]}},"_links":{"self":[{"href":"https:\/\/dibenedettoproductions.com\/index.php?rest_route=\/wp\/v2\/pages\/4137","targetHints":{"allow":["GET"]}}],"collection":[{"href":"https:\/\/dibenedettoproductions.com\/index.php?rest_route=\/wp\/v2\/pages"}],"about":[{"href":"https:\/\/dibenedettoproductions.com\/index.php?rest_route=\/wp\/v2\/types\/page"}],"author":[{"embeddable":true,"href":"https:\/\/dibenedettoproductions.com\/index.php?rest_route=\/wp\/v2\/users\/1"}],"replies":[{"embeddable":true,"href":"https:\/\/dibenedettoproductions.com\/index.php?rest_route=%2Fwp%2Fv2%2Fcomments&post=4137"}],"version-history":[{"count":7,"href":"https:\/\/dibenedettoproductions.com\/index.php?rest_route=\/wp\/v2\/pages\/4137\/revisions"}],"predecessor-version":[{"id":6061,"href":"https:\/\/dibenedettoproductions.com\/index.php?rest_route=\/wp\/v2\/pages\/4137\/revisions\/6061"}],"wp:attachment":[{"href":"https:\/\/dibenedettoproductions.com\/index.php?rest_route=%2Fwp%2Fv2%2Fmedia&parent=4137"}],"wp:term":[{"taxonomy":"category","embeddable":true,"href":"https:\/\/dibenedettoproductions.com\/index.php?rest_route=%2Fwp%2Fv2%2Fcategories&post=4137"},{"taxonomy":"post_tag","embeddable":true,"href":"https:\/\/dibenedettoproductions.com\/index.php?rest_route=%2Fwp%2Fv2%2Ftags&post=4137"}],"curies":[{"name":"wp","href":"https:\/\/api.w.org\/{rel}","templated":true}]}}