{"id":4083,"date":"2021-02-24T16:54:59","date_gmt":"2021-02-24T16:54:59","guid":{"rendered":"https:\/\/dibenedettoproductions.com\/?page_id=4083"},"modified":"2021-08-06T07:21:43","modified_gmt":"2021-08-06T07:21:43","slug":"un-besito","status":"publish","type":"page","link":"https:\/\/dibenedettoproductions.com\/?page_id=4083","title":{"rendered":"Un Besito"},"content":{"rendered":"\t\t<div data-elementor-type=\"wp-page\" data-elementor-id=\"4083\" class=\"elementor elementor-4083\" data-elementor-settings=\"[]\">\n\t\t\t\t\t\t<div class=\"elementor-inner\">\n\t\t\t\t\t\t\t<div class=\"elementor-section-wrap\">\n\t\t\t\t\t\t\t<section class=\"elementor-section elementor-top-section elementor-element elementor-element-0cb2439 elementor-section-stretched elementor-section-boxed elementor-section-height-default elementor-section-height-default\" data-id=\"0cb2439\" data-element_type=\"section\" data-settings=\"{&quot;stretch_section&quot;:&quot;section-stretched&quot;,&quot;background_background&quot;:&quot;classic&quot;}\">\n\t\t\t\t\t\t<div class=\"elementor-container elementor-column-gap-default\">\n\t\t\t\t\t\t\t<div class=\"elementor-row\">\n\t\t\t\t\t<div class=\"elementor-column elementor-col-25 elementor-top-column elementor-element elementor-element-7b94340\" data-id=\"7b94340\" data-element_type=\"column\">\n\t\t\t<div class=\"elementor-column-wrap elementor-element-populated\">\n\t\t\t\t\t\t\t<div class=\"elementor-widget-wrap\">\n\t\t\t\t\t\t<div class=\"elementor-element elementor-element-97f877c elementor-align-center elementor-widget elementor-widget-button\" data-id=\"97f877c\" data-element_type=\"widget\" data-widget_type=\"button.default\">\n\t\t\t\t<div class=\"elementor-widget-container\">\n\t\t\t\t\t<div class=\"elementor-button-wrapper\">\n\t\t\t<a href=\"https:\/\/open.spotify.com\/track\/3PbPWbfblyzqsNWSPrzwmd?si=r7xz6DRATn-O-uyfUdOIwg%20\" class=\"elementor-button-link elementor-button elementor-size-sm\" role=\"button\">\n\t\t\t\t\t\t<span class=\"elementor-button-content-wrapper\">\n\t\t\t\t\t\t<span class=\"elementor-button-text\">SPOTIFY<\/span>\n\t\t<\/span>\n\t\t\t\t\t<\/a>\n\t\t<\/div>\n\t\t\t\t<\/div>\n\t\t\t\t<\/div>\n\t\t\t\t\t\t<\/div>\n\t\t\t\t\t<\/div>\n\t\t<\/div>\n\t\t\t\t<div class=\"elementor-column elementor-col-25 elementor-top-column elementor-element elementor-element-f2c6de3\" data-id=\"f2c6de3\" data-element_type=\"column\">\n\t\t\t<div class=\"elementor-column-wrap elementor-element-populated\">\n\t\t\t\t\t\t\t<div class=\"elementor-widget-wrap\">\n\t\t\t\t\t\t<div class=\"elementor-element elementor-element-d7de476 elementor-align-center elementor-widget elementor-widget-button\" data-id=\"d7de476\" data-element_type=\"widget\" data-widget_type=\"button.default\">\n\t\t\t\t<div class=\"elementor-widget-container\">\n\t\t\t\t\t<div class=\"elementor-button-wrapper\">\n\t\t\t<a href=\"https:\/\/music.apple.com\/us\/album\/un-besito\/1374423803?i=1374423805%20\" class=\"elementor-button-link elementor-button elementor-size-sm\" role=\"button\">\n\t\t\t\t\t\t<span class=\"elementor-button-content-wrapper\">\n\t\t\t\t\t\t<span class=\"elementor-button-text\">APPLE MUSIC<\/span>\n\t\t<\/span>\n\t\t\t\t\t<\/a>\n\t\t<\/div>\n\t\t\t\t<\/div>\n\t\t\t\t<\/div>\n\t\t\t\t\t\t<\/div>\n\t\t\t\t\t<\/div>\n\t\t<\/div>\n\t\t\t\t<div class=\"elementor-column elementor-col-25 elementor-top-column elementor-element elementor-element-6bdd8c9\" data-id=\"6bdd8c9\" data-element_type=\"column\">\n\t\t\t<div class=\"elementor-column-wrap elementor-element-populated\">\n\t\t\t\t\t\t\t<div class=\"elementor-widget-wrap\">\n\t\t\t\t\t\t<div class=\"elementor-element elementor-element-499887e elementor-align-center elementor-widget elementor-widget-button\" data-id=\"499887e\" data-element_type=\"widget\" data-widget_type=\"button.default\">\n\t\t\t\t<div class=\"elementor-widget-container\">\n\t\t\t\t\t<div class=\"elementor-button-wrapper\">\n\t\t\t<a href=\"https:\/\/deezer.page.link\/DhHWscGk4o6iMpE99%20\" class=\"elementor-button-link elementor-button elementor-size-sm\" role=\"button\">\n\t\t\t\t\t\t<span class=\"elementor-button-content-wrapper\">\n\t\t\t\t\t\t<span class=\"elementor-button-text\">DEEZER<\/span>\n\t\t<\/span>\n\t\t\t\t\t<\/a>\n\t\t<\/div>\n\t\t\t\t<\/div>\n\t\t\t\t<\/div>\n\t\t\t\t\t\t<\/div>\n\t\t\t\t\t<\/div>\n\t\t<\/div>\n\t\t\t\t<div class=\"elementor-column elementor-col-25 elementor-top-column elementor-element elementor-element-0f4ece5\" data-id=\"0f4ece5\" data-element_type=\"column\">\n\t\t\t<div class=\"elementor-column-wrap elementor-element-populated\">\n\t\t\t\t\t\t\t<div class=\"elementor-widget-wrap\">\n\t\t\t\t\t\t<div class=\"elementor-element elementor-element-fd7e837 elementor-align-center elementor-widget elementor-widget-button\" data-id=\"fd7e837\" data-element_type=\"widget\" data-widget_type=\"button.default\">\n\t\t\t\t<div class=\"elementor-widget-container\">\n\t\t\t\t\t<div class=\"elementor-button-wrapper\">\n\t\t\t<a href=\"https:\/\/music.amazon.com\/albums\/B07TBG7GT1?trackAsin=B07T89WWTZ&#038;ref=dm_sh_8d0d-17ba-dmcp-2a2c-784f2&#038;musicTerritory=US&#038;marketplaceId=ATVPDKIKX0DER%20\" class=\"elementor-button-link elementor-button elementor-size-sm\" role=\"button\">\n\t\t\t\t\t\t<span class=\"elementor-button-content-wrapper\">\n\t\t\t\t\t\t<span class=\"elementor-button-text\">AMAZON MUSIC<\/span>\n\t\t<\/span>\n\t\t\t\t\t<\/a>\n\t\t<\/div>\n\t\t\t\t<\/div>\n\t\t\t\t<\/div>\n\t\t\t\t\t\t<\/div>\n\t\t\t\t\t<\/div>\n\t\t<\/div>\n\t\t\t\t\t\t\t\t<\/div>\n\t\t\t\t\t<\/div>\n\t\t<\/section>\n\t\t\t\t<section class=\"elementor-section elementor-top-section elementor-element elementor-element-2c0f471 elementor-section-stretched elementor-section-boxed elementor-section-height-default elementor-section-height-default\" data-id=\"2c0f471\" data-element_type=\"section\" data-settings=\"{&quot;stretch_section&quot;:&quot;section-stretched&quot;,&quot;background_background&quot;:&quot;classic&quot;}\">\n\t\t\t\t\t\t<div class=\"elementor-container elementor-column-gap-default\">\n\t\t\t\t\t\t\t<div class=\"elementor-row\">\n\t\t\t\t\t<div class=\"elementor-column elementor-col-100 elementor-top-column elementor-element elementor-element-452e146\" data-id=\"452e146\" data-element_type=\"column\">\n\t\t\t<div class=\"elementor-column-wrap elementor-element-populated\">\n\t\t\t\t\t\t\t<div class=\"elementor-widget-wrap\">\n\t\t\t\t\t\t<div class=\"elementor-element elementor-element-25aea69 elementor-widget elementor-widget-text-editor\" data-id=\"25aea69\" data-element_type=\"widget\" data-widget_type=\"text-editor.default\">\n\t\t\t\t<div class=\"elementor-widget-container\">\n\t\t\t\t\t\t\t\t<div class=\"elementor-text-editor elementor-clearfix\">\n\t\t\t\t<p style=\"text-align: center;\"><span style=\"color: #ffffff;\">Yo s\u00e9 que t\u00fa no sabes que yo existo<\/span><\/p><p style=\"text-align: center;\"><span style=\"color: #ffffff;\">A lo mejor me hayas visto<\/span><\/p><p style=\"text-align: center;\"><span style=\"color: #ffffff;\">Pero no sabes lo que siento yo por ti<\/span><\/p><p style=\"text-align: center;\"><span style=\"color: #ffffff;\">Yo s\u00e9 que soy un cero a la izquierda<\/span><\/p><p style=\"text-align: center;\"><span style=\"color: #ffffff;\">A lo mejor no me entiendas<\/span><\/p><p style=\"text-align: center;\"><span style=\"color: #ffffff;\">Pero te quiero pedir<\/span><\/p><p style=\"text-align: center;\">\u00a0<\/p><p style=\"text-align: center;\"><span style=\"color: #ffffff;\">B\u00e9same aunque sea de piquito<\/span><\/p><p style=\"text-align: center;\"><span style=\"color: #ffffff;\">Y si quieres mojadito para que sepa mejor<\/span><\/p><p style=\"text-align: center;\"><span style=\"color: #ffffff;\">B\u00e9same aunque sea de piquito<\/span><\/p><p style=\"text-align: center;\"><span style=\"color: #ffffff;\">Y si quieres mojadito para que sepa mejor<\/span><\/p><p style=\"text-align: center;\">\u00a0<\/p><p style=\"text-align: center;\"><span style=\"color: #ffffff;\">T\u00fa me matas cuando bailas<\/span><\/p><p style=\"text-align: center;\"><span style=\"color: #ffffff;\">Deja a tu gato y dale vente a ser mi gata porque<\/span><\/p><p style=\"text-align: center;\"><span style=\"color: #ffffff;\">Quiero que ma\u00falles conmigo<\/span><\/p><p style=\"text-align: center;\"><span style=\"color: #ffffff;\">Quiero que te vayas conmigo<\/span><\/p><p style=\"text-align: center;\"><span style=\"color: #ffffff;\">Quiero que t\u00fa seas mi mujer y yo quiero ser tu marido<\/span><\/p><p style=\"text-align: center;\">\u00a0<\/p><p style=\"text-align: center;\"><span style=\"color: #ffffff;\">B\u00e9same aunque sea de piquito<\/span><\/p><p style=\"text-align: center;\"><span style=\"color: #ffffff;\">Y si quieres mojadito para que sepa mejor<\/span><\/p><p style=\"text-align: center;\"><span style=\"color: #ffffff;\">B\u00e9same aunque sea de piquito<\/span><\/p><p style=\"text-align: center;\"><span style=\"color: #ffffff;\">Y si quieres mojadito para que sepa mejor<\/span><\/p><p style=\"text-align: center;\">\u00a0<\/p><p style=\"text-align: center;\"><span style=\"color: #ffffff;\">Mami t\u00fa eres la que a m\u00ed me mata<\/span><\/p><p style=\"text-align: center;\"><span style=\"color: #ffffff;\">Mami t\u00fa eres la que me parte<\/span><\/p><p style=\"text-align: center;\"><span style=\"color: #ffffff;\">Sin tanta bulla, sin tanto alarde<\/span><\/p><p style=\"text-align: center;\"><span style=\"color: #ffffff;\">Dale franklin riega la bola para que todo el mundo se entere<\/span><\/p><p style=\"text-align: center;\"><span style=\"color: #ffffff;\">Que ella es la que me parte<\/span><\/p><p style=\"text-align: center;\"><span style=\"color: #ffffff;\">Que ella es la que me quiere<\/span><\/p><p style=\"text-align: center;\">\u00a0<\/p><p style=\"text-align: center;\"><span style=\"color: #ffffff;\">Es que me tiene enganchado<\/span><\/p><p style=\"text-align: center;\"><span style=\"color: #ffffff;\">Es que me tiene enganchado<\/span><\/p><p style=\"text-align: center;\"><span style=\"color: #ffffff;\">Porque t\u00fa eres mi malcriada<\/span><\/p><p style=\"text-align: center;\"><span style=\"color: #ffffff;\">Y yo soy tu malcriado<\/span><\/p><p style=\"text-align: center;\"><span style=\"color: #ffffff;\">Es que me tiene enganchado<\/span><\/p><p style=\"text-align: center;\"><span style=\"color: #ffffff;\">Es que me tiene enganchado<\/span><\/p><p style=\"text-align: center;\"><span style=\"color: #ffffff;\">Porque t\u00fa eres mi malcriada<\/span><\/p><p style=\"text-align: center;\"><span style=\"color: #ffffff;\">Y yo soy tu malcriado<\/span><\/p><p style=\"text-align: center;\"><span style=\"color: #ffffff;\">Es que me tiene enganchado<\/span><\/p><p style=\"text-align: center;\"><span style=\"color: #ffffff;\">Es que me tiene enganchado<\/span><\/p><p style=\"text-align: center;\"><span style=\"color: #ffffff;\">Porque t\u00fa eres mi malcriada<\/span><\/p><p style=\"text-align: center;\"><span style=\"color: #ffffff;\">Y yo soy tu malcriado<\/span><\/p><p style=\"text-align: center;\"><span style=\"color: #ffffff;\">Es que me tiene enganchado<\/span><\/p><p style=\"text-align: center;\"><span style=\"color: #ffffff;\">Es que me tiene enganchado<\/span><\/p><p style=\"text-align: center;\"><span style=\"color: #ffffff;\">Porque t\u00fa eres mi malcriada<\/span><\/p><p style=\"text-align: center;\"><span style=\"color: #ffffff;\">Y yo soy tu malcriado<\/span><\/p><p style=\"text-align: center;\">\u00a0<\/p><p style=\"text-align: center;\"><span style=\"color: #ffffff;\">B\u00e9same aunque sea de piquito<\/span><\/p><p style=\"text-align: center;\"><span style=\"color: #ffffff;\">Y si quieres mojadito para que sepa mejor<\/span><\/p><p style=\"text-align: center;\"><span style=\"color: #ffffff;\">B\u00e9same aunque sea de piquito<\/span><\/p><p style=\"text-align: center;\"><span style=\"color: #ffffff;\">Y si quieres mojadito para que sepa mejor<\/span><\/p>\t\t\t\t\t<\/div>\n\t\t\t\t\t\t<\/div>\n\t\t\t\t<\/div>\n\t\t\t\t\t\t<\/div>\n\t\t\t\t\t<\/div>\n\t\t<\/div>\n\t\t\t\t\t\t\t\t<\/div>\n\t\t\t\t\t<\/div>\n\t\t<\/section>\n\t\t\t\t\t\t<\/div>\n\t\t\t\t\t\t<\/div>\n\t\t\t\t\t<\/div>\n\t\t","protected":false},"excerpt":{"rendered":"<p>SPOTIFY APPLE MUSIC DEEZER AMAZON MUSIC Yo s\u00e9 que t\u00fa no sabes que yo existo A lo mejor me hayas visto Pero no sabes lo que siento yo por ti Yo s\u00e9 que soy un cero a la izquierda A lo mejor no me entiendas Pero te quiero pedir \u00a0 B\u00e9same aunque sea de piquito.<\/p>\n","protected":false},"author":1,"featured_media":0,"parent":0,"menu_order":0,"comment_status":"closed","ping_status":"closed","template":"","meta":{"footnotes":""},"categories":[42],"tags":[],"class_list":["post-4083","page","type-page","status-publish","hentry","category-testi"],"yoast_head":"<!-- This site is optimized with the Yoast SEO plugin v19.6.1 - https:\/\/yoast.com\/wordpress\/plugins\/seo\/ -->\n<title>Un Besito - Di Benedetto Productions<\/title>\n<meta name=\"robots\" content=\"index, follow, max-snippet:-1, max-image-preview:large, max-video-preview:-1\" \/>\n<link rel=\"canonical\" href=\"https:\/\/dibenedettoproductions.com\/?page_id=4083\" \/>\n<meta property=\"og:locale\" content=\"it_IT\" \/>\n<meta property=\"og:type\" content=\"article\" \/>\n<meta property=\"og:title\" content=\"Un Besito - Di Benedetto Productions\" \/>\n<meta property=\"og:description\" content=\"SPOTIFY APPLE MUSIC DEEZER AMAZON MUSIC Yo s\u00e9 que t\u00fa no sabes que yo existo A lo mejor me hayas visto Pero no sabes lo que siento yo por ti Yo s\u00e9 que soy un cero a la izquierda A lo mejor no me entiendas Pero te quiero pedir \u00a0 B\u00e9same aunque sea de piquito.\" \/>\n<meta property=\"og:url\" content=\"https:\/\/dibenedettoproductions.com\/?page_id=4083\" \/>\n<meta property=\"og:site_name\" content=\"Di Benedetto Productions\" \/>\n<meta property=\"article:modified_time\" content=\"2021-08-06T07:21:43+00:00\" \/>\n<meta name=\"twitter:card\" content=\"summary_large_image\" \/>\n<meta name=\"twitter:label1\" content=\"Tempo di lettura stimato\" \/>\n\t<meta name=\"twitter:data1\" content=\"1 minuto\" \/>\n<script type=\"application\/ld+json\" class=\"yoast-schema-graph\">{\"@context\":\"https:\/\/schema.org\",\"@graph\":[{\"@type\":\"WebPage\",\"@id\":\"https:\/\/dibenedettoproductions.com\/?page_id=4083\",\"url\":\"https:\/\/dibenedettoproductions.com\/?page_id=4083\",\"name\":\"Un Besito - Di Benedetto Productions\",\"isPartOf\":{\"@id\":\"https:\/\/dibenedettoproductions.com\/#website\"},\"datePublished\":\"2021-02-24T16:54:59+00:00\",\"dateModified\":\"2021-08-06T07:21:43+00:00\",\"breadcrumb\":{\"@id\":\"https:\/\/dibenedettoproductions.com\/?page_id=4083#breadcrumb\"},\"inLanguage\":\"it-IT\",\"potentialAction\":[{\"@type\":\"ReadAction\",\"target\":[\"https:\/\/dibenedettoproductions.com\/?page_id=4083\"]}]},{\"@type\":\"BreadcrumbList\",\"@id\":\"https:\/\/dibenedettoproductions.com\/?page_id=4083#breadcrumb\",\"itemListElement\":[{\"@type\":\"ListItem\",\"position\":1,\"name\":\"Home\",\"item\":\"https:\/\/dibenedettoproductions.com\/\"},{\"@type\":\"ListItem\",\"position\":2,\"name\":\"Un Besito\"}]},{\"@type\":\"WebSite\",\"@id\":\"https:\/\/dibenedettoproductions.com\/#website\",\"url\":\"https:\/\/dibenedettoproductions.com\/\",\"name\":\"Di Benedetto Productions\",\"description\":\"\",\"publisher\":{\"@id\":\"https:\/\/dibenedettoproductions.com\/#organization\"},\"potentialAction\":[{\"@type\":\"SearchAction\",\"target\":{\"@type\":\"EntryPoint\",\"urlTemplate\":\"https:\/\/dibenedettoproductions.com\/?s={search_term_string}\"},\"query-input\":\"required name=search_term_string\"}],\"inLanguage\":\"it-IT\"},{\"@type\":\"Organization\",\"@id\":\"https:\/\/dibenedettoproductions.com\/#organization\",\"name\":\"DI BENEDETTO PRODUCTIONS\",\"url\":\"https:\/\/dibenedettoproductions.com\/\",\"sameAs\":[],\"logo\":{\"@type\":\"ImageObject\",\"inLanguage\":\"it-IT\",\"@id\":\"https:\/\/dibenedettoproductions.com\/#\/schema\/logo\/image\/\",\"url\":\"https:\/\/dibenedettoproductions.com\/wp-content\/uploads\/2021\/09\/logo_di_benedetto_productions.jpg\",\"contentUrl\":\"https:\/\/dibenedettoproductions.com\/wp-content\/uploads\/2021\/09\/logo_di_benedetto_productions.jpg\",\"width\":225,\"height\":225,\"caption\":\"DI BENEDETTO PRODUCTIONS\"},\"image\":{\"@id\":\"https:\/\/dibenedettoproductions.com\/#\/schema\/logo\/image\/\"}}]}<\/script>\n<!-- \/ Yoast SEO plugin. -->","yoast_head_json":{"title":"Un Besito - Di Benedetto Productions","robots":{"index":"index","follow":"follow","max-snippet":"max-snippet:-1","max-image-preview":"max-image-preview:large","max-video-preview":"max-video-preview:-1"},"canonical":"https:\/\/dibenedettoproductions.com\/?page_id=4083","og_locale":"it_IT","og_type":"article","og_title":"Un Besito - Di Benedetto Productions","og_description":"SPOTIFY APPLE MUSIC DEEZER AMAZON MUSIC Yo s\u00e9 que t\u00fa no sabes que yo existo A lo mejor me hayas visto Pero no sabes lo que siento yo por ti Yo s\u00e9 que soy un cero a la izquierda A lo mejor no me entiendas Pero te quiero pedir \u00a0 B\u00e9same aunque sea de piquito.","og_url":"https:\/\/dibenedettoproductions.com\/?page_id=4083","og_site_name":"Di Benedetto Productions","article_modified_time":"2021-08-06T07:21:43+00:00","twitter_card":"summary_large_image","twitter_misc":{"Tempo di lettura stimato":"1 minuto"},"schema":{"@context":"https:\/\/schema.org","@graph":[{"@type":"WebPage","@id":"https:\/\/dibenedettoproductions.com\/?page_id=4083","url":"https:\/\/dibenedettoproductions.com\/?page_id=4083","name":"Un Besito - Di Benedetto Productions","isPartOf":{"@id":"https:\/\/dibenedettoproductions.com\/#website"},"datePublished":"2021-02-24T16:54:59+00:00","dateModified":"2021-08-06T07:21:43+00:00","breadcrumb":{"@id":"https:\/\/dibenedettoproductions.com\/?page_id=4083#breadcrumb"},"inLanguage":"it-IT","potentialAction":[{"@type":"ReadAction","target":["https:\/\/dibenedettoproductions.com\/?page_id=4083"]}]},{"@type":"BreadcrumbList","@id":"https:\/\/dibenedettoproductions.com\/?page_id=4083#breadcrumb","itemListElement":[{"@type":"ListItem","position":1,"name":"Home","item":"https:\/\/dibenedettoproductions.com\/"},{"@type":"ListItem","position":2,"name":"Un Besito"}]},{"@type":"WebSite","@id":"https:\/\/dibenedettoproductions.com\/#website","url":"https:\/\/dibenedettoproductions.com\/","name":"Di Benedetto Productions","description":"","publisher":{"@id":"https:\/\/dibenedettoproductions.com\/#organization"},"potentialAction":[{"@type":"SearchAction","target":{"@type":"EntryPoint","urlTemplate":"https:\/\/dibenedettoproductions.com\/?s={search_term_string}"},"query-input":"required name=search_term_string"}],"inLanguage":"it-IT"},{"@type":"Organization","@id":"https:\/\/dibenedettoproductions.com\/#organization","name":"DI BENEDETTO PRODUCTIONS","url":"https:\/\/dibenedettoproductions.com\/","sameAs":[],"logo":{"@type":"ImageObject","inLanguage":"it-IT","@id":"https:\/\/dibenedettoproductions.com\/#\/schema\/logo\/image\/","url":"https:\/\/dibenedettoproductions.com\/wp-content\/uploads\/2021\/09\/logo_di_benedetto_productions.jpg","contentUrl":"https:\/\/dibenedettoproductions.com\/wp-content\/uploads\/2021\/09\/logo_di_benedetto_productions.jpg","width":225,"height":225,"caption":"DI BENEDETTO PRODUCTIONS"},"image":{"@id":"https:\/\/dibenedettoproductions.com\/#\/schema\/logo\/image\/"}}]}},"_links":{"self":[{"href":"https:\/\/dibenedettoproductions.com\/index.php?rest_route=\/wp\/v2\/pages\/4083","targetHints":{"allow":["GET"]}}],"collection":[{"href":"https:\/\/dibenedettoproductions.com\/index.php?rest_route=\/wp\/v2\/pages"}],"about":[{"href":"https:\/\/dibenedettoproductions.com\/index.php?rest_route=\/wp\/v2\/types\/page"}],"author":[{"embeddable":true,"href":"https:\/\/dibenedettoproductions.com\/index.php?rest_route=\/wp\/v2\/users\/1"}],"replies":[{"embeddable":true,"href":"https:\/\/dibenedettoproductions.com\/index.php?rest_route=%2Fwp%2Fv2%2Fcomments&post=4083"}],"version-history":[{"count":7,"href":"https:\/\/dibenedettoproductions.com\/index.php?rest_route=\/wp\/v2\/pages\/4083\/revisions"}],"predecessor-version":[{"id":6001,"href":"https:\/\/dibenedettoproductions.com\/index.php?rest_route=\/wp\/v2\/pages\/4083\/revisions\/6001"}],"wp:attachment":[{"href":"https:\/\/dibenedettoproductions.com\/index.php?rest_route=%2Fwp%2Fv2%2Fmedia&parent=4083"}],"wp:term":[{"taxonomy":"category","embeddable":true,"href":"https:\/\/dibenedettoproductions.com\/index.php?rest_route=%2Fwp%2Fv2%2Fcategories&post=4083"},{"taxonomy":"post_tag","embeddable":true,"href":"https:\/\/dibenedettoproductions.com\/index.php?rest_route=%2Fwp%2Fv2%2Ftags&post=4083"}],"curies":[{"name":"wp","href":"https:\/\/api.w.org\/{rel}","templated":true}]}}