{"id":4033,"date":"2021-02-24T16:18:00","date_gmt":"2021-02-24T16:18:00","guid":{"rendered":"https:\/\/dibenedettoproductions.com\/?page_id=4033"},"modified":"2021-08-06T07:07:26","modified_gmt":"2021-08-06T07:07:26","slug":"sin-ti-remix","status":"publish","type":"page","link":"https:\/\/dibenedettoproductions.com\/?page_id=4033","title":{"rendered":"Sin Ti Remix"},"content":{"rendered":"\t\t<div data-elementor-type=\"wp-page\" data-elementor-id=\"4033\" class=\"elementor elementor-4033\" data-elementor-settings=\"[]\">\n\t\t\t\t\t\t<div class=\"elementor-inner\">\n\t\t\t\t\t\t\t<div class=\"elementor-section-wrap\">\n\t\t\t\t\t\t\t<section class=\"elementor-section elementor-top-section elementor-element elementor-element-03028d2 elementor-section-stretched elementor-section-boxed elementor-section-height-default elementor-section-height-default\" data-id=\"03028d2\" data-element_type=\"section\" data-settings=\"{&quot;stretch_section&quot;:&quot;section-stretched&quot;,&quot;background_background&quot;:&quot;classic&quot;}\">\n\t\t\t\t\t\t<div class=\"elementor-container elementor-column-gap-default\">\n\t\t\t\t\t\t\t<div class=\"elementor-row\">\n\t\t\t\t\t<div class=\"elementor-column elementor-col-25 elementor-top-column elementor-element elementor-element-88d571b\" data-id=\"88d571b\" data-element_type=\"column\">\n\t\t\t<div class=\"elementor-column-wrap elementor-element-populated\">\n\t\t\t\t\t\t\t<div class=\"elementor-widget-wrap\">\n\t\t\t\t\t\t<div class=\"elementor-element elementor-element-696a01c elementor-align-center elementor-widget elementor-widget-button\" data-id=\"696a01c\" data-element_type=\"widget\" data-widget_type=\"button.default\">\n\t\t\t\t<div class=\"elementor-widget-container\">\n\t\t\t\t\t<div class=\"elementor-button-wrapper\">\n\t\t\t<a href=\"https:\/\/open.spotify.com\/track\/7woFfFBoiouaMhhwYNdhfn?si=_xbnQjs_Q16EkU0jmiNnZg%20\" class=\"elementor-button-link elementor-button elementor-size-sm\" role=\"button\">\n\t\t\t\t\t\t<span class=\"elementor-button-content-wrapper\">\n\t\t\t\t\t\t<span class=\"elementor-button-text\">SPOTIFY<\/span>\n\t\t<\/span>\n\t\t\t\t\t<\/a>\n\t\t<\/div>\n\t\t\t\t<\/div>\n\t\t\t\t<\/div>\n\t\t\t\t\t\t<\/div>\n\t\t\t\t\t<\/div>\n\t\t<\/div>\n\t\t\t\t<div class=\"elementor-column elementor-col-25 elementor-top-column elementor-element elementor-element-1b86bff\" data-id=\"1b86bff\" data-element_type=\"column\">\n\t\t\t<div class=\"elementor-column-wrap elementor-element-populated\">\n\t\t\t\t\t\t\t<div class=\"elementor-widget-wrap\">\n\t\t\t\t\t\t<div class=\"elementor-element elementor-element-f304c70 elementor-align-center elementor-widget elementor-widget-button\" data-id=\"f304c70\" data-element_type=\"widget\" data-widget_type=\"button.default\">\n\t\t\t\t<div class=\"elementor-widget-container\">\n\t\t\t\t\t<div class=\"elementor-button-wrapper\">\n\t\t\t<a href=\"https:\/\/music.apple.com\/us\/album\/sin-ti-remix-feat-jon-vazquez-raski-yero-company\/1483769612?i=1483769620%20\" class=\"elementor-button-link elementor-button elementor-size-sm\" role=\"button\">\n\t\t\t\t\t\t<span class=\"elementor-button-content-wrapper\">\n\t\t\t\t\t\t<span class=\"elementor-button-text\">APPLE MUSIC<\/span>\n\t\t<\/span>\n\t\t\t\t\t<\/a>\n\t\t<\/div>\n\t\t\t\t<\/div>\n\t\t\t\t<\/div>\n\t\t\t\t\t\t<\/div>\n\t\t\t\t\t<\/div>\n\t\t<\/div>\n\t\t\t\t<div class=\"elementor-column elementor-col-25 elementor-top-column elementor-element elementor-element-17f209f\" data-id=\"17f209f\" data-element_type=\"column\">\n\t\t\t<div class=\"elementor-column-wrap elementor-element-populated\">\n\t\t\t\t\t\t\t<div class=\"elementor-widget-wrap\">\n\t\t\t\t\t\t<div class=\"elementor-element elementor-element-d3e7986 elementor-align-center elementor-widget elementor-widget-button\" data-id=\"d3e7986\" data-element_type=\"widget\" data-widget_type=\"button.default\">\n\t\t\t\t<div class=\"elementor-widget-container\">\n\t\t\t\t\t<div class=\"elementor-button-wrapper\">\n\t\t\t<a href=\"https:\/\/deezer.page.link\/hcnDQztpihNei8xU9%20\" class=\"elementor-button-link elementor-button elementor-size-sm\" role=\"button\">\n\t\t\t\t\t\t<span class=\"elementor-button-content-wrapper\">\n\t\t\t\t\t\t<span class=\"elementor-button-text\">DEEZER<\/span>\n\t\t<\/span>\n\t\t\t\t\t<\/a>\n\t\t<\/div>\n\t\t\t\t<\/div>\n\t\t\t\t<\/div>\n\t\t\t\t\t\t<\/div>\n\t\t\t\t\t<\/div>\n\t\t<\/div>\n\t\t\t\t<div class=\"elementor-column elementor-col-25 elementor-top-column elementor-element elementor-element-8142ca8\" data-id=\"8142ca8\" data-element_type=\"column\">\n\t\t\t<div class=\"elementor-column-wrap elementor-element-populated\">\n\t\t\t\t\t\t\t<div class=\"elementor-widget-wrap\">\n\t\t\t\t\t\t<div class=\"elementor-element elementor-element-19f95a9 elementor-align-center elementor-widget elementor-widget-button\" data-id=\"19f95a9\" data-element_type=\"widget\" data-widget_type=\"button.default\">\n\t\t\t\t<div class=\"elementor-widget-container\">\n\t\t\t\t\t<div class=\"elementor-button-wrapper\">\n\t\t\t<a href=\"https:\/\/music.amazon.com\/albums\/B07Z6HZHMS?trackAsin=B07Z6JRT3L&#038;ref=dm_sh_6fd6-d5bd-dmcp-6a68-12eaf&#038;musicTerritory=US&#038;marketplaceId=ATVPDKIKX0DER%20\" class=\"elementor-button-link elementor-button elementor-size-sm\" role=\"button\">\n\t\t\t\t\t\t<span class=\"elementor-button-content-wrapper\">\n\t\t\t\t\t\t<span class=\"elementor-button-text\">AMAZON MUSIC<\/span>\n\t\t<\/span>\n\t\t\t\t\t<\/a>\n\t\t<\/div>\n\t\t\t\t<\/div>\n\t\t\t\t<\/div>\n\t\t\t\t\t\t<\/div>\n\t\t\t\t\t<\/div>\n\t\t<\/div>\n\t\t\t\t\t\t\t\t<\/div>\n\t\t\t\t\t<\/div>\n\t\t<\/section>\n\t\t\t\t<section class=\"elementor-section elementor-top-section elementor-element elementor-element-742fcd3 elementor-section-stretched elementor-section-boxed elementor-section-height-default elementor-section-height-default\" data-id=\"742fcd3\" data-element_type=\"section\" data-settings=\"{&quot;stretch_section&quot;:&quot;section-stretched&quot;,&quot;background_background&quot;:&quot;classic&quot;}\">\n\t\t\t\t\t\t<div class=\"elementor-container elementor-column-gap-default\">\n\t\t\t\t\t\t\t<div class=\"elementor-row\">\n\t\t\t\t\t<div class=\"elementor-column elementor-col-100 elementor-top-column elementor-element elementor-element-27b79f4\" data-id=\"27b79f4\" data-element_type=\"column\">\n\t\t\t<div class=\"elementor-column-wrap elementor-element-populated\">\n\t\t\t\t\t\t\t<div class=\"elementor-widget-wrap\">\n\t\t\t\t\t\t<div class=\"elementor-element elementor-element-df9ed51 elementor-widget elementor-widget-text-editor\" data-id=\"df9ed51\" data-element_type=\"widget\" data-widget_type=\"text-editor.default\">\n\t\t\t\t<div class=\"elementor-widget-container\">\n\t\t\t\t\t\t\t\t<div class=\"elementor-text-editor elementor-clearfix\">\n\t\t\t\t<div><p style=\"text-align: center;\"><span style=\"color: #ffffff;\">Como olvidar tus besos mojados<\/span><\/p><p style=\"text-align: center;\"><span style=\"color: #ffffff;\">Que me tienen enamorado<\/span><\/p><p style=\"text-align: center;\"><span style=\"color: #ffffff;\">Pienso en t\u00ed y en lo mucho que te he da\u00f1ado<\/span><\/p><p style=\"text-align: center;\"><span style=\"color: #ffffff;\">Y por eso ya no est\u00e1s aqu\u00ed<\/span><\/p><p style=\"text-align: center;\">\u00a0<\/p><p style=\"text-align: center;\"><span style=\"color: #ffffff;\">Sin t\u00ed no soy nada, contigo lo llevaste todo<\/span><\/p><p style=\"text-align: center;\"><span style=\"color: #ffffff;\">Se siente vac\u00eda la casa, de olvidarte yo no encuentro el modo<\/span><\/p><p style=\"text-align: center;\"><span style=\"color: #ffffff;\">Sin t\u00ed no soy nada, contigo te lo llevaste todo<\/span><\/p><p style=\"text-align: center;\"><span style=\"color: #ffffff;\">No me respondes ni las llamadas, dime si me quieres solo un poco<\/span><\/p><p style=\"text-align: center;\">\u00a0<\/p><p style=\"text-align: center;\"><span style=\"color: #ffffff;\">Quererme es un error, pero t\u00fa me amas<\/span><\/p><p style=\"text-align: center;\"><span style=\"color: #ffffff;\">Eso d\u00edselo a todos los programas<\/span><\/p><p style=\"text-align: center;\"><span style=\"color: #ffffff;\">Que la fama me tiene de cama en cama<\/span><\/p><p style=\"text-align: center;\"><span style=\"color: #ffffff;\">Y yo lo dejo todo si t\u00fa me llamas<\/span><\/p><p style=\"text-align: center;\"><span style=\"color: #ffffff;\">Te he da\u00f1ado a veces y siempre me arrepiento<\/span><\/p><p style=\"text-align: center;\"><span style=\"color: #ffffff;\">Deja que te bese, sabes que no miento<\/span><\/p><p style=\"text-align: center;\"><span style=\"color: #ffffff;\">Lo que siento yo, ya t\u00fa lo conoces, lo que siento yo<\/span><\/p><p style=\"text-align: center;\">\u00a0<\/p><p style=\"text-align: center;\"><span style=\"color: #ffffff;\">Miro tu estado de whatsapp de cuando en cuando<\/span><\/p><p style=\"text-align: center;\"><span style=\"color: #ffffff;\">Porque me dijeron que me estas olvidando<\/span><\/p><p style=\"text-align: center;\"><span style=\"color: #ffffff;\">No s\u00e9 lo que te estar\u00e1n contando<\/span><\/p><p style=\"text-align: center;\"><span style=\"color: #ffffff;\">Yo te fall\u00e9 pero te juro no es para tanto<\/span><\/p><p style=\"text-align: center;\"><span style=\"color: #ffffff;\">Y verdaderamente dile a tu amiga que no te da\u00f1e la mente<\/span><\/p><p style=\"text-align: center;\"><span style=\"color: #ffffff;\">Y no te gu\u00edes por lo que dice la gente<\/span><\/p><p style=\"text-align: center;\"><span style=\"color: #ffffff;\">Que ellos no saben lo que t\u00fa sientes<\/span><\/p><p style=\"text-align: center;\"><span style=\"color: #ffffff;\">Lo que t\u00fa sientes<\/span><\/p><p style=\"text-align: center;\">\u00a0<\/p><p style=\"text-align: center;\"><span style=\"color: #ffffff;\">Sin t\u00ed no soy nada, contigo te lo llevaste todo<\/span><\/p><p style=\"text-align: center;\"><span style=\"color: #ffffff;\">No me respondes ni las llamadas, dime si me quieres solo un poco<\/span><\/p><p style=\"text-align: center;\"><span style=\"color: #ffffff;\">Sin t\u00ed no soy nada, contigo lo llevaste todo<\/span><\/p><p style=\"text-align: center;\"><span style=\"color: #ffffff;\">No me respondes las llamadas, dime si me quieres solo un poco<\/span><\/p><p style=\"text-align: center;\">\u00a0<\/p><p style=\"text-align: center;\"><span style=\"color: #ffffff;\">Te busqu\u00e9 en el instagram pero no me apareces<\/span><\/p><p style=\"text-align: center;\"><span style=\"color: #ffffff;\">Me bloqueaste por lo menos eso parece<\/span><\/p><p style=\"text-align: center;\"><span style=\"color: #ffffff;\">Bebecita deja las estupideces, eso que t\u00fa viste ah\u00ed no es lo que parece<\/span><\/p><p style=\"text-align: center;\"><span style=\"color: #ffffff;\">Y yo s\u00e9 que no te merezco, baby yo s\u00e9 que no soy perfecto<\/span><\/p><p style=\"text-align: center;\"><span style=\"color: #ffffff;\">Pero ante lo imperfecto yo te amo<\/span><\/p><p style=\"text-align: center;\"><span style=\"color: #ffffff;\">Pero ante lo imperfecto yo te quiero<\/span><\/p><p style=\"text-align: center;\">\u00a0<\/p><p style=\"text-align: center;\"><span style=\"color: #ffffff;\">Sin t\u00ed no soy nada, contigo te lo llevaste todo<\/span><\/p><p style=\"text-align: center;\"><span style=\"color: #ffffff;\">Se siente vac\u00eda la casa, y de olvidarte yo no encuentro el modo<\/span><\/p><p style=\"text-align: center;\"><span style=\"color: #ffffff;\">Sin t\u00ed no soy nada, contigo te lo llevaste todo<\/span><\/p><p style=\"text-align: center;\"><span style=\"color: #ffffff;\">No me respondes ni las llamadas, dime si me quieres solo un poco<\/span><\/p><p style=\"text-align: center;\">\u00a0<\/p><p style=\"text-align: center;\"><span style=\"color: #ffffff;\">Como olvidar tus besos mojados<\/span><\/p><p style=\"text-align: center;\"><span style=\"color: #ffffff;\">Que me tienen enamorado<\/span><\/p><p style=\"text-align: center;\"><span style=\"color: #ffffff;\">Pienso en t\u00ed y en lo mucho que te he da\u00f1ado<\/span><\/p><p style=\"text-align: center;\"><span style=\"color: #ffffff;\">Y por eso ya no est\u00e1s aqu\u00ed<\/span><\/p><p style=\"text-align: center;\">\u00a0<\/p><p style=\"text-align: center;\"><span style=\"color: #ffffff;\">Sin t\u00ed no soy nada, contigo lo llevaste todo<\/span><\/p><p style=\"text-align: center;\"><span style=\"color: #ffffff;\">Se siente vac\u00eda la casa, de olvidarte yo no encuentro el modo<\/span><\/p><p style=\"text-align: center;\"><span style=\"color: #ffffff;\">Sin t\u00ed no soy nada, contigo te lo llevaste todo<\/span><\/p><p style=\"text-align: center;\"><span style=\"color: #ffffff;\">No me respondes ni las llamadas, dime si me quieres solo un poco<\/span><\/p><p style=\"text-align: center;\">\u00a0<\/p><p style=\"text-align: center;\"><span style=\"color: #ffffff;\">Verdaderamente dile a tu amiga que no te da\u00f1e la mente<\/span><\/p><p style=\"text-align: center;\"><span style=\"color: #ffffff;\">Que ella no sabe lo que t\u00fa siente, lo que t\u00fa siente<\/span><\/p><\/div>\t\t\t\t\t<\/div>\n\t\t\t\t\t\t<\/div>\n\t\t\t\t<\/div>\n\t\t\t\t\t\t<\/div>\n\t\t\t\t\t<\/div>\n\t\t<\/div>\n\t\t\t\t\t\t\t\t<\/div>\n\t\t\t\t\t<\/div>\n\t\t<\/section>\n\t\t\t\t\t\t<\/div>\n\t\t\t\t\t\t<\/div>\n\t\t\t\t\t<\/div>\n\t\t","protected":false},"excerpt":{"rendered":"<p>SPOTIFY APPLE MUSIC DEEZER AMAZON MUSIC Como olvidar tus besos mojados Que me tienen enamorado Pienso en t\u00ed y en lo mucho que te he da\u00f1ado Y por eso ya no est\u00e1s aqu\u00ed \u00a0 Sin t\u00ed no soy nada, contigo lo llevaste todo Se siente vac\u00eda la casa, de olvidarte yo no encuentro el modo.<\/p>\n","protected":false},"author":1,"featured_media":0,"parent":0,"menu_order":0,"comment_status":"closed","ping_status":"closed","template":"","meta":{"footnotes":""},"categories":[42],"tags":[],"class_list":["post-4033","page","type-page","status-publish","hentry","category-testi"],"yoast_head":"<!-- This site is optimized with the Yoast SEO plugin v19.6.1 - https:\/\/yoast.com\/wordpress\/plugins\/seo\/ -->\n<title>Sin Ti Remix - Di Benedetto Productions<\/title>\n<meta name=\"robots\" content=\"index, follow, max-snippet:-1, max-image-preview:large, max-video-preview:-1\" \/>\n<link rel=\"canonical\" href=\"https:\/\/dibenedettoproductions.com\/?page_id=4033\" \/>\n<meta property=\"og:locale\" content=\"it_IT\" \/>\n<meta property=\"og:type\" content=\"article\" \/>\n<meta property=\"og:title\" content=\"Sin Ti Remix - Di Benedetto Productions\" \/>\n<meta property=\"og:description\" content=\"SPOTIFY APPLE MUSIC DEEZER AMAZON MUSIC Como olvidar tus besos mojados Que me tienen enamorado Pienso en t\u00ed y en lo mucho que te he da\u00f1ado Y por eso ya no est\u00e1s aqu\u00ed \u00a0 Sin t\u00ed no soy nada, contigo lo llevaste todo Se siente vac\u00eda la casa, de olvidarte yo no encuentro el modo.\" \/>\n<meta property=\"og:url\" content=\"https:\/\/dibenedettoproductions.com\/?page_id=4033\" \/>\n<meta property=\"og:site_name\" content=\"Di Benedetto Productions\" \/>\n<meta property=\"article:modified_time\" content=\"2021-08-06T07:07:26+00:00\" \/>\n<meta name=\"twitter:card\" content=\"summary_large_image\" \/>\n<meta name=\"twitter:label1\" content=\"Tempo di lettura stimato\" \/>\n\t<meta name=\"twitter:data1\" content=\"2 minuti\" \/>\n<script type=\"application\/ld+json\" class=\"yoast-schema-graph\">{\"@context\":\"https:\/\/schema.org\",\"@graph\":[{\"@type\":\"WebPage\",\"@id\":\"https:\/\/dibenedettoproductions.com\/?page_id=4033\",\"url\":\"https:\/\/dibenedettoproductions.com\/?page_id=4033\",\"name\":\"Sin Ti Remix - Di Benedetto Productions\",\"isPartOf\":{\"@id\":\"https:\/\/dibenedettoproductions.com\/#website\"},\"datePublished\":\"2021-02-24T16:18:00+00:00\",\"dateModified\":\"2021-08-06T07:07:26+00:00\",\"breadcrumb\":{\"@id\":\"https:\/\/dibenedettoproductions.com\/?page_id=4033#breadcrumb\"},\"inLanguage\":\"it-IT\",\"potentialAction\":[{\"@type\":\"ReadAction\",\"target\":[\"https:\/\/dibenedettoproductions.com\/?page_id=4033\"]}]},{\"@type\":\"BreadcrumbList\",\"@id\":\"https:\/\/dibenedettoproductions.com\/?page_id=4033#breadcrumb\",\"itemListElement\":[{\"@type\":\"ListItem\",\"position\":1,\"name\":\"Home\",\"item\":\"https:\/\/dibenedettoproductions.com\/\"},{\"@type\":\"ListItem\",\"position\":2,\"name\":\"Sin Ti Remix\"}]},{\"@type\":\"WebSite\",\"@id\":\"https:\/\/dibenedettoproductions.com\/#website\",\"url\":\"https:\/\/dibenedettoproductions.com\/\",\"name\":\"Di Benedetto Productions\",\"description\":\"\",\"publisher\":{\"@id\":\"https:\/\/dibenedettoproductions.com\/#organization\"},\"potentialAction\":[{\"@type\":\"SearchAction\",\"target\":{\"@type\":\"EntryPoint\",\"urlTemplate\":\"https:\/\/dibenedettoproductions.com\/?s={search_term_string}\"},\"query-input\":\"required name=search_term_string\"}],\"inLanguage\":\"it-IT\"},{\"@type\":\"Organization\",\"@id\":\"https:\/\/dibenedettoproductions.com\/#organization\",\"name\":\"DI BENEDETTO PRODUCTIONS\",\"url\":\"https:\/\/dibenedettoproductions.com\/\",\"sameAs\":[],\"logo\":{\"@type\":\"ImageObject\",\"inLanguage\":\"it-IT\",\"@id\":\"https:\/\/dibenedettoproductions.com\/#\/schema\/logo\/image\/\",\"url\":\"https:\/\/dibenedettoproductions.com\/wp-content\/uploads\/2021\/09\/logo_di_benedetto_productions.jpg\",\"contentUrl\":\"https:\/\/dibenedettoproductions.com\/wp-content\/uploads\/2021\/09\/logo_di_benedetto_productions.jpg\",\"width\":225,\"height\":225,\"caption\":\"DI BENEDETTO PRODUCTIONS\"},\"image\":{\"@id\":\"https:\/\/dibenedettoproductions.com\/#\/schema\/logo\/image\/\"}}]}<\/script>\n<!-- \/ Yoast SEO plugin. -->","yoast_head_json":{"title":"Sin Ti Remix - Di Benedetto Productions","robots":{"index":"index","follow":"follow","max-snippet":"max-snippet:-1","max-image-preview":"max-image-preview:large","max-video-preview":"max-video-preview:-1"},"canonical":"https:\/\/dibenedettoproductions.com\/?page_id=4033","og_locale":"it_IT","og_type":"article","og_title":"Sin Ti Remix - Di Benedetto Productions","og_description":"SPOTIFY APPLE MUSIC DEEZER AMAZON MUSIC Como olvidar tus besos mojados Que me tienen enamorado Pienso en t\u00ed y en lo mucho que te he da\u00f1ado Y por eso ya no est\u00e1s aqu\u00ed \u00a0 Sin t\u00ed no soy nada, contigo lo llevaste todo Se siente vac\u00eda la casa, de olvidarte yo no encuentro el modo.","og_url":"https:\/\/dibenedettoproductions.com\/?page_id=4033","og_site_name":"Di Benedetto Productions","article_modified_time":"2021-08-06T07:07:26+00:00","twitter_card":"summary_large_image","twitter_misc":{"Tempo di lettura stimato":"2 minuti"},"schema":{"@context":"https:\/\/schema.org","@graph":[{"@type":"WebPage","@id":"https:\/\/dibenedettoproductions.com\/?page_id=4033","url":"https:\/\/dibenedettoproductions.com\/?page_id=4033","name":"Sin Ti Remix - Di Benedetto Productions","isPartOf":{"@id":"https:\/\/dibenedettoproductions.com\/#website"},"datePublished":"2021-02-24T16:18:00+00:00","dateModified":"2021-08-06T07:07:26+00:00","breadcrumb":{"@id":"https:\/\/dibenedettoproductions.com\/?page_id=4033#breadcrumb"},"inLanguage":"it-IT","potentialAction":[{"@type":"ReadAction","target":["https:\/\/dibenedettoproductions.com\/?page_id=4033"]}]},{"@type":"BreadcrumbList","@id":"https:\/\/dibenedettoproductions.com\/?page_id=4033#breadcrumb","itemListElement":[{"@type":"ListItem","position":1,"name":"Home","item":"https:\/\/dibenedettoproductions.com\/"},{"@type":"ListItem","position":2,"name":"Sin Ti Remix"}]},{"@type":"WebSite","@id":"https:\/\/dibenedettoproductions.com\/#website","url":"https:\/\/dibenedettoproductions.com\/","name":"Di Benedetto Productions","description":"","publisher":{"@id":"https:\/\/dibenedettoproductions.com\/#organization"},"potentialAction":[{"@type":"SearchAction","target":{"@type":"EntryPoint","urlTemplate":"https:\/\/dibenedettoproductions.com\/?s={search_term_string}"},"query-input":"required name=search_term_string"}],"inLanguage":"it-IT"},{"@type":"Organization","@id":"https:\/\/dibenedettoproductions.com\/#organization","name":"DI BENEDETTO PRODUCTIONS","url":"https:\/\/dibenedettoproductions.com\/","sameAs":[],"logo":{"@type":"ImageObject","inLanguage":"it-IT","@id":"https:\/\/dibenedettoproductions.com\/#\/schema\/logo\/image\/","url":"https:\/\/dibenedettoproductions.com\/wp-content\/uploads\/2021\/09\/logo_di_benedetto_productions.jpg","contentUrl":"https:\/\/dibenedettoproductions.com\/wp-content\/uploads\/2021\/09\/logo_di_benedetto_productions.jpg","width":225,"height":225,"caption":"DI BENEDETTO PRODUCTIONS"},"image":{"@id":"https:\/\/dibenedettoproductions.com\/#\/schema\/logo\/image\/"}}]}},"_links":{"self":[{"href":"https:\/\/dibenedettoproductions.com\/index.php?rest_route=\/wp\/v2\/pages\/4033","targetHints":{"allow":["GET"]}}],"collection":[{"href":"https:\/\/dibenedettoproductions.com\/index.php?rest_route=\/wp\/v2\/pages"}],"about":[{"href":"https:\/\/dibenedettoproductions.com\/index.php?rest_route=\/wp\/v2\/types\/page"}],"author":[{"embeddable":true,"href":"https:\/\/dibenedettoproductions.com\/index.php?rest_route=\/wp\/v2\/users\/1"}],"replies":[{"embeddable":true,"href":"https:\/\/dibenedettoproductions.com\/index.php?rest_route=%2Fwp%2Fv2%2Fcomments&post=4033"}],"version-history":[{"count":7,"href":"https:\/\/dibenedettoproductions.com\/index.php?rest_route=\/wp\/v2\/pages\/4033\/revisions"}],"predecessor-version":[{"id":5923,"href":"https:\/\/dibenedettoproductions.com\/index.php?rest_route=\/wp\/v2\/pages\/4033\/revisions\/5923"}],"wp:attachment":[{"href":"https:\/\/dibenedettoproductions.com\/index.php?rest_route=%2Fwp%2Fv2%2Fmedia&parent=4033"}],"wp:term":[{"taxonomy":"category","embeddable":true,"href":"https:\/\/dibenedettoproductions.com\/index.php?rest_route=%2Fwp%2Fv2%2Fcategories&post=4033"},{"taxonomy":"post_tag","embeddable":true,"href":"https:\/\/dibenedettoproductions.com\/index.php?rest_route=%2Fwp%2Fv2%2Ftags&post=4033"}],"curies":[{"name":"wp","href":"https:\/\/api.w.org\/{rel}","templated":true}]}}