{"id":4009,"date":"2021-02-24T16:08:02","date_gmt":"2021-02-24T16:08:02","guid":{"rendered":"https:\/\/dibenedettoproductions.com\/?page_id=4009"},"modified":"2021-08-06T07:06:27","modified_gmt":"2021-08-06T07:06:27","slug":"sigo-fiestando","status":"publish","type":"page","link":"https:\/\/dibenedettoproductions.com\/?page_id=4009","title":{"rendered":"Sigo Fiestando"},"content":{"rendered":"\t\t<div data-elementor-type=\"wp-page\" data-elementor-id=\"4009\" class=\"elementor elementor-4009\" data-elementor-settings=\"[]\">\n\t\t\t\t\t\t<div class=\"elementor-inner\">\n\t\t\t\t\t\t\t<div class=\"elementor-section-wrap\">\n\t\t\t\t\t\t\t<section class=\"elementor-section elementor-top-section elementor-element elementor-element-427c3f8 elementor-section-stretched elementor-section-boxed elementor-section-height-default elementor-section-height-default\" data-id=\"427c3f8\" data-element_type=\"section\" data-settings=\"{&quot;stretch_section&quot;:&quot;section-stretched&quot;,&quot;background_background&quot;:&quot;classic&quot;}\">\n\t\t\t\t\t\t<div class=\"elementor-container elementor-column-gap-default\">\n\t\t\t\t\t\t\t<div class=\"elementor-row\">\n\t\t\t\t\t<div class=\"elementor-column elementor-col-25 elementor-top-column elementor-element elementor-element-f3d9c91\" data-id=\"f3d9c91\" data-element_type=\"column\">\n\t\t\t<div class=\"elementor-column-wrap elementor-element-populated\">\n\t\t\t\t\t\t\t<div class=\"elementor-widget-wrap\">\n\t\t\t\t\t\t<div class=\"elementor-element elementor-element-27ff7f2 elementor-align-center elementor-widget elementor-widget-button\" data-id=\"27ff7f2\" data-element_type=\"widget\" data-widget_type=\"button.default\">\n\t\t\t\t<div class=\"elementor-widget-container\">\n\t\t\t\t\t<div class=\"elementor-button-wrapper\">\n\t\t\t<a href=\"https:\/\/open.spotify.com\/track\/44uFIAgsdB7B3778w3OG4y?si=cuImLbNFTd2JphYDG_hn9w\" class=\"elementor-button-link elementor-button elementor-size-sm\" role=\"button\">\n\t\t\t\t\t\t<span class=\"elementor-button-content-wrapper\">\n\t\t\t\t\t\t<span class=\"elementor-button-text\">SPOTIFY<\/span>\n\t\t<\/span>\n\t\t\t\t\t<\/a>\n\t\t<\/div>\n\t\t\t\t<\/div>\n\t\t\t\t<\/div>\n\t\t\t\t\t\t<\/div>\n\t\t\t\t\t<\/div>\n\t\t<\/div>\n\t\t\t\t<div class=\"elementor-column elementor-col-25 elementor-top-column elementor-element elementor-element-d296ca0\" data-id=\"d296ca0\" data-element_type=\"column\">\n\t\t\t<div class=\"elementor-column-wrap elementor-element-populated\">\n\t\t\t\t\t\t\t<div class=\"elementor-widget-wrap\">\n\t\t\t\t\t\t<div class=\"elementor-element elementor-element-08c1f9f elementor-align-center elementor-widget elementor-widget-button\" data-id=\"08c1f9f\" data-element_type=\"widget\" data-widget_type=\"button.default\">\n\t\t\t\t<div class=\"elementor-widget-container\">\n\t\t\t\t\t<div class=\"elementor-button-wrapper\">\n\t\t\t<a href=\"https:\/\/music.apple.com\/us\/album\/sigo-fiestando\/1403505550?i=1403506275\" class=\"elementor-button-link elementor-button elementor-size-sm\" role=\"button\">\n\t\t\t\t\t\t<span class=\"elementor-button-content-wrapper\">\n\t\t\t\t\t\t<span class=\"elementor-button-text\">APPLE MUSIC<\/span>\n\t\t<\/span>\n\t\t\t\t\t<\/a>\n\t\t<\/div>\n\t\t\t\t<\/div>\n\t\t\t\t<\/div>\n\t\t\t\t\t\t<\/div>\n\t\t\t\t\t<\/div>\n\t\t<\/div>\n\t\t\t\t<div class=\"elementor-column elementor-col-25 elementor-top-column elementor-element elementor-element-e768f67\" data-id=\"e768f67\" data-element_type=\"column\">\n\t\t\t<div class=\"elementor-column-wrap elementor-element-populated\">\n\t\t\t\t\t\t\t<div class=\"elementor-widget-wrap\">\n\t\t\t\t\t\t<div class=\"elementor-element elementor-element-4887234 elementor-align-center elementor-widget elementor-widget-button\" data-id=\"4887234\" data-element_type=\"widget\" data-widget_type=\"button.default\">\n\t\t\t\t<div class=\"elementor-widget-container\">\n\t\t\t\t\t<div class=\"elementor-button-wrapper\">\n\t\t\t<a href=\"https:\/\/deezer.page.link\/vntqne4mSeMvy36G9\" class=\"elementor-button-link elementor-button elementor-size-sm\" role=\"button\">\n\t\t\t\t\t\t<span class=\"elementor-button-content-wrapper\">\n\t\t\t\t\t\t<span class=\"elementor-button-text\">DEEZER<\/span>\n\t\t<\/span>\n\t\t\t\t\t<\/a>\n\t\t<\/div>\n\t\t\t\t<\/div>\n\t\t\t\t<\/div>\n\t\t\t\t\t\t<\/div>\n\t\t\t\t\t<\/div>\n\t\t<\/div>\n\t\t\t\t<div class=\"elementor-column elementor-col-25 elementor-top-column elementor-element elementor-element-0861e14\" data-id=\"0861e14\" data-element_type=\"column\">\n\t\t\t<div class=\"elementor-column-wrap elementor-element-populated\">\n\t\t\t\t\t\t\t<div class=\"elementor-widget-wrap\">\n\t\t\t\t\t\t<div class=\"elementor-element elementor-element-3740bae elementor-align-center elementor-widget elementor-widget-button\" data-id=\"3740bae\" data-element_type=\"widget\" data-widget_type=\"button.default\">\n\t\t\t\t<div class=\"elementor-widget-container\">\n\t\t\t\t\t<div class=\"elementor-button-wrapper\">\n\t\t\t<a href=\"https:\/\/music.amazon.com\/albums\/B07T89VKY6?trackAsin=B07T89WN18&#038;ref=dm_sh_ea21-30ed-dmcp-868a-f8729&#038;musicTerritory=US&#038;marketplaceId=ATVPDKIKX0DER%20\" class=\"elementor-button-link elementor-button elementor-size-sm\" role=\"button\">\n\t\t\t\t\t\t<span class=\"elementor-button-content-wrapper\">\n\t\t\t\t\t\t<span class=\"elementor-button-text\">AMAZON MUSIC<\/span>\n\t\t<\/span>\n\t\t\t\t\t<\/a>\n\t\t<\/div>\n\t\t\t\t<\/div>\n\t\t\t\t<\/div>\n\t\t\t\t\t\t<\/div>\n\t\t\t\t\t<\/div>\n\t\t<\/div>\n\t\t\t\t\t\t\t\t<\/div>\n\t\t\t\t\t<\/div>\n\t\t<\/section>\n\t\t\t\t<section class=\"elementor-section elementor-top-section elementor-element elementor-element-6bbb6de elementor-section-stretched elementor-section-boxed elementor-section-height-default elementor-section-height-default\" data-id=\"6bbb6de\" data-element_type=\"section\" data-settings=\"{&quot;stretch_section&quot;:&quot;section-stretched&quot;,&quot;background_background&quot;:&quot;classic&quot;}\">\n\t\t\t\t\t\t<div class=\"elementor-container elementor-column-gap-default\">\n\t\t\t\t\t\t\t<div class=\"elementor-row\">\n\t\t\t\t\t<div class=\"elementor-column elementor-col-100 elementor-top-column elementor-element elementor-element-c879e01\" data-id=\"c879e01\" data-element_type=\"column\">\n\t\t\t<div class=\"elementor-column-wrap elementor-element-populated\">\n\t\t\t\t\t\t\t<div class=\"elementor-widget-wrap\">\n\t\t\t\t\t\t<div class=\"elementor-element elementor-element-4d57dfd elementor-widget elementor-widget-text-editor\" data-id=\"4d57dfd\" data-element_type=\"widget\" data-widget_type=\"text-editor.default\">\n\t\t\t\t<div class=\"elementor-widget-container\">\n\t\t\t\t\t\t\t\t<div class=\"elementor-text-editor elementor-clearfix\">\n\t\t\t\t<div><p style=\"text-align: center;\"><span style=\"color: #ffffff;\">Antes yo estaba jodido<\/span><\/p><p style=\"text-align: center;\"><span style=\"color: #ffffff;\">Y t\u00fa no quer\u00edas saber de m\u00ed<\/span><\/p><p style=\"text-align: center;\"><span style=\"color: #ffffff;\">Y ahora que vistes todo lo que he logrado<\/span><\/p><p style=\"text-align: center;\"><span style=\"color: #ffffff;\">Estas todo los d\u00edas detr\u00e1s de m\u00ed<\/span><\/p><p style=\"text-align: center;\"><span style=\"color: #ffffff;\">Y yo de t\u00ed<\/span><\/p><p style=\"text-align: center;\"><span style=\"color: #ffffff;\">Tengo mil llamas p\u00e9rdida<\/span><\/p><p style=\"text-align: center;\"><span style=\"color: #ffffff;\">Baby lo que t\u00fa no sab\u00edas<\/span><\/p><p style=\"text-align: center;\"><span style=\"color: #ffffff;\">Que cuando t\u00fa te fueras<\/span><\/p><p style=\"text-align: center;\"><span style=\"color: #ffffff;\">Yo iba a tener una todos los d\u00edas<\/span><\/p><p style=\"text-align: center;\">\u00a0<\/p><p style=\"text-align: center;\"><span style=\"color: #ffffff;\">Hey baby I&#8217;m sorry no llores por m\u00ed no<\/span><\/p><p style=\"text-align: center;\"><span style=\"color: #ffffff;\">Sigue tu camino<\/span><\/p><p style=\"text-align: center;\"><span style=\"color: #ffffff;\">Que gracias a t\u00ed vivo de party en party<\/span><\/p><p style=\"text-align: center;\"><span style=\"color: #ffffff;\">Vivo fiestando<\/span><\/p><p style=\"text-align: center;\"><span style=\"color: #ffffff;\">gracias a t\u00ed vivo de party en party<\/span><\/p><p style=\"text-align: center;\"><span style=\"color: #ffffff;\">Vivo fiestando<\/span><\/p><p style=\"text-align: center;\">\u00a0<\/p><p style=\"text-align: center;\"><span style=\"color: #ffffff;\">Y baby te lo digo es muy fuerte lo tuyo<\/span><\/p><p style=\"text-align: center;\"><span style=\"color: #ffffff;\">Ahora te duele porque yo no soy tuyo<\/span><\/p><p style=\"text-align: center;\"><span style=\"color: #ffffff;\">T\u00fa comprendiste que me perdiste<\/span><\/p><p style=\"text-align: center;\"><span style=\"color: #ffffff;\">Viste lo que hiciste y te pusiste triste<\/span><\/p><p style=\"text-align: center;\"><span style=\"color: #ffffff;\">Mami yo no s\u00e9 pero te vote igual que las dem\u00e1s<\/span><\/p><p style=\"text-align: center;\"><span style=\"color: #ffffff;\">Y otra yo encontr\u00e9 y que me da lo que t\u00fa no me das<\/span><\/p><p style=\"text-align: center;\"><span style=\"color: #ffffff;\">Hey baby I\u2019m sorry no llores por m\u00ed no<\/span><\/p><p style=\"text-align: center;\"><span style=\"color: #ffffff;\">Sigue tu camino<\/span><\/p><p style=\"text-align: center;\"><span style=\"color: #ffffff;\">Que gracias a t\u00ed vivo de party en party<\/span><\/p><p style=\"text-align: center;\"><span style=\"color: #ffffff;\">Vivo fiestando<\/span><\/p><p style=\"text-align: center;\"><span style=\"color: #ffffff;\">gracias a t\u00ed vivo de party en party<\/span><\/p><p style=\"text-align: center;\"><span style=\"color: #ffffff;\">Vivo fiestando<\/span><\/p><p style=\"text-align: center;\">\u00a0<\/p><p style=\"text-align: center;\"><span style=\"color: #ffffff;\">Y ya est\u00e1 bueno Tata<\/span><\/p><p style=\"text-align: center;\"><span style=\"color: #ffffff;\">Que yo no quiero nada<\/span><\/p><p style=\"text-align: center;\"><span style=\"color: #ffffff;\">Lo que sent\u00eda ya se fue<\/span><\/p><p style=\"text-align: center;\"><span style=\"color: #ffffff;\">Ya no queda nada<\/span><\/p><p style=\"text-align: center;\"><span style=\"color: #ffffff;\">No me llames ni me reclames<\/span><\/p><p style=\"text-align: center;\"><span style=\"color: #ffffff;\">Que no estoy para eso<\/span><\/p><p style=\"text-align: center;\"><span style=\"color: #ffffff;\">Y eso t\u00fa lo sabes baby<\/span><\/p><p style=\"text-align: center;\"><span style=\"color: #ffffff;\">De ti tengo mil llamadas p\u00e9rdida<\/span><\/p><p style=\"text-align: center;\"><span style=\"color: #ffffff;\">Baby lo que t\u00fa no sab\u00edas<\/span><\/p><p style=\"text-align: center;\"><span style=\"color: #ffffff;\">Que cuando t\u00fa te fueras<\/span><\/p><p style=\"text-align: center;\"><span style=\"color: #ffffff;\">Yo iba a tener una todos los d\u00edas<\/span><\/p><p style=\"text-align: center;\">\u00a0<\/p><p style=\"text-align: center;\"><span style=\"color: #ffffff;\">Hay baby sorry no llores por m\u00ed no<\/span><\/p><p style=\"text-align: center;\"><span style=\"color: #ffffff;\">Sigue tu camino<\/span><\/p><p style=\"text-align: center;\"><span style=\"color: #ffffff;\">Que gracias a t\u00ed vivo de party en party<\/span><\/p><p style=\"text-align: center;\"><span style=\"color: #ffffff;\">Vivo fiestando<\/span><\/p><p style=\"text-align: center;\"><span style=\"color: #ffffff;\">gracias a t\u00ed vivo de party en party<\/span><\/p><p style=\"text-align: center;\"><span style=\"color: #ffffff;\">Vivo fiestando<\/span><\/p><\/div>\t\t\t\t\t<\/div>\n\t\t\t\t\t\t<\/div>\n\t\t\t\t<\/div>\n\t\t\t\t\t\t<\/div>\n\t\t\t\t\t<\/div>\n\t\t<\/div>\n\t\t\t\t\t\t\t\t<\/div>\n\t\t\t\t\t<\/div>\n\t\t<\/section>\n\t\t\t\t\t\t<\/div>\n\t\t\t\t\t\t<\/div>\n\t\t\t\t\t<\/div>\n\t\t","protected":false},"excerpt":{"rendered":"<p>SPOTIFY APPLE MUSIC DEEZER AMAZON MUSIC Antes yo estaba jodido Y t\u00fa no quer\u00edas saber de m\u00ed Y ahora que vistes todo lo que he logrado Estas todo los d\u00edas detr\u00e1s de m\u00ed Y yo de t\u00ed Tengo mil llamas p\u00e9rdida Baby lo que t\u00fa no sab\u00edas Que cuando t\u00fa te fueras Yo iba a.<\/p>\n","protected":false},"author":1,"featured_media":0,"parent":0,"menu_order":0,"comment_status":"closed","ping_status":"closed","template":"","meta":{"footnotes":""},"categories":[42],"tags":[],"class_list":["post-4009","page","type-page","status-publish","hentry","category-testi"],"yoast_head":"<!-- This site is optimized with the Yoast SEO plugin v19.6.1 - https:\/\/yoast.com\/wordpress\/plugins\/seo\/ -->\n<title>Sigo Fiestando - Di Benedetto Productions<\/title>\n<meta name=\"robots\" content=\"index, follow, max-snippet:-1, max-image-preview:large, max-video-preview:-1\" \/>\n<link rel=\"canonical\" href=\"https:\/\/dibenedettoproductions.com\/?page_id=4009\" \/>\n<meta property=\"og:locale\" content=\"it_IT\" \/>\n<meta property=\"og:type\" content=\"article\" \/>\n<meta property=\"og:title\" content=\"Sigo Fiestando - Di Benedetto Productions\" \/>\n<meta property=\"og:description\" content=\"SPOTIFY APPLE MUSIC DEEZER AMAZON MUSIC Antes yo estaba jodido Y t\u00fa no quer\u00edas saber de m\u00ed Y ahora que vistes todo lo que he logrado Estas todo los d\u00edas detr\u00e1s de m\u00ed Y yo de t\u00ed Tengo mil llamas p\u00e9rdida Baby lo que t\u00fa no sab\u00edas Que cuando t\u00fa te fueras Yo iba a.\" \/>\n<meta property=\"og:url\" content=\"https:\/\/dibenedettoproductions.com\/?page_id=4009\" \/>\n<meta property=\"og:site_name\" content=\"Di Benedetto Productions\" \/>\n<meta property=\"article:modified_time\" content=\"2021-08-06T07:06:27+00:00\" \/>\n<meta name=\"twitter:card\" content=\"summary_large_image\" \/>\n<meta name=\"twitter:label1\" content=\"Tempo di lettura stimato\" \/>\n\t<meta name=\"twitter:data1\" content=\"1 minuto\" \/>\n<script type=\"application\/ld+json\" class=\"yoast-schema-graph\">{\"@context\":\"https:\/\/schema.org\",\"@graph\":[{\"@type\":\"WebPage\",\"@id\":\"https:\/\/dibenedettoproductions.com\/?page_id=4009\",\"url\":\"https:\/\/dibenedettoproductions.com\/?page_id=4009\",\"name\":\"Sigo Fiestando - Di Benedetto Productions\",\"isPartOf\":{\"@id\":\"https:\/\/dibenedettoproductions.com\/#website\"},\"datePublished\":\"2021-02-24T16:08:02+00:00\",\"dateModified\":\"2021-08-06T07:06:27+00:00\",\"breadcrumb\":{\"@id\":\"https:\/\/dibenedettoproductions.com\/?page_id=4009#breadcrumb\"},\"inLanguage\":\"it-IT\",\"potentialAction\":[{\"@type\":\"ReadAction\",\"target\":[\"https:\/\/dibenedettoproductions.com\/?page_id=4009\"]}]},{\"@type\":\"BreadcrumbList\",\"@id\":\"https:\/\/dibenedettoproductions.com\/?page_id=4009#breadcrumb\",\"itemListElement\":[{\"@type\":\"ListItem\",\"position\":1,\"name\":\"Home\",\"item\":\"https:\/\/dibenedettoproductions.com\/\"},{\"@type\":\"ListItem\",\"position\":2,\"name\":\"Sigo Fiestando\"}]},{\"@type\":\"WebSite\",\"@id\":\"https:\/\/dibenedettoproductions.com\/#website\",\"url\":\"https:\/\/dibenedettoproductions.com\/\",\"name\":\"Di Benedetto Productions\",\"description\":\"\",\"publisher\":{\"@id\":\"https:\/\/dibenedettoproductions.com\/#organization\"},\"potentialAction\":[{\"@type\":\"SearchAction\",\"target\":{\"@type\":\"EntryPoint\",\"urlTemplate\":\"https:\/\/dibenedettoproductions.com\/?s={search_term_string}\"},\"query-input\":\"required name=search_term_string\"}],\"inLanguage\":\"it-IT\"},{\"@type\":\"Organization\",\"@id\":\"https:\/\/dibenedettoproductions.com\/#organization\",\"name\":\"DI BENEDETTO PRODUCTIONS\",\"url\":\"https:\/\/dibenedettoproductions.com\/\",\"sameAs\":[],\"logo\":{\"@type\":\"ImageObject\",\"inLanguage\":\"it-IT\",\"@id\":\"https:\/\/dibenedettoproductions.com\/#\/schema\/logo\/image\/\",\"url\":\"https:\/\/dibenedettoproductions.com\/wp-content\/uploads\/2021\/09\/logo_di_benedetto_productions.jpg\",\"contentUrl\":\"https:\/\/dibenedettoproductions.com\/wp-content\/uploads\/2021\/09\/logo_di_benedetto_productions.jpg\",\"width\":225,\"height\":225,\"caption\":\"DI BENEDETTO PRODUCTIONS\"},\"image\":{\"@id\":\"https:\/\/dibenedettoproductions.com\/#\/schema\/logo\/image\/\"}}]}<\/script>\n<!-- \/ Yoast SEO plugin. -->","yoast_head_json":{"title":"Sigo Fiestando - Di Benedetto Productions","robots":{"index":"index","follow":"follow","max-snippet":"max-snippet:-1","max-image-preview":"max-image-preview:large","max-video-preview":"max-video-preview:-1"},"canonical":"https:\/\/dibenedettoproductions.com\/?page_id=4009","og_locale":"it_IT","og_type":"article","og_title":"Sigo Fiestando - Di Benedetto Productions","og_description":"SPOTIFY APPLE MUSIC DEEZER AMAZON MUSIC Antes yo estaba jodido Y t\u00fa no quer\u00edas saber de m\u00ed Y ahora que vistes todo lo que he logrado Estas todo los d\u00edas detr\u00e1s de m\u00ed Y yo de t\u00ed Tengo mil llamas p\u00e9rdida Baby lo que t\u00fa no sab\u00edas Que cuando t\u00fa te fueras Yo iba a.","og_url":"https:\/\/dibenedettoproductions.com\/?page_id=4009","og_site_name":"Di Benedetto Productions","article_modified_time":"2021-08-06T07:06:27+00:00","twitter_card":"summary_large_image","twitter_misc":{"Tempo di lettura stimato":"1 minuto"},"schema":{"@context":"https:\/\/schema.org","@graph":[{"@type":"WebPage","@id":"https:\/\/dibenedettoproductions.com\/?page_id=4009","url":"https:\/\/dibenedettoproductions.com\/?page_id=4009","name":"Sigo Fiestando - Di Benedetto Productions","isPartOf":{"@id":"https:\/\/dibenedettoproductions.com\/#website"},"datePublished":"2021-02-24T16:08:02+00:00","dateModified":"2021-08-06T07:06:27+00:00","breadcrumb":{"@id":"https:\/\/dibenedettoproductions.com\/?page_id=4009#breadcrumb"},"inLanguage":"it-IT","potentialAction":[{"@type":"ReadAction","target":["https:\/\/dibenedettoproductions.com\/?page_id=4009"]}]},{"@type":"BreadcrumbList","@id":"https:\/\/dibenedettoproductions.com\/?page_id=4009#breadcrumb","itemListElement":[{"@type":"ListItem","position":1,"name":"Home","item":"https:\/\/dibenedettoproductions.com\/"},{"@type":"ListItem","position":2,"name":"Sigo Fiestando"}]},{"@type":"WebSite","@id":"https:\/\/dibenedettoproductions.com\/#website","url":"https:\/\/dibenedettoproductions.com\/","name":"Di Benedetto Productions","description":"","publisher":{"@id":"https:\/\/dibenedettoproductions.com\/#organization"},"potentialAction":[{"@type":"SearchAction","target":{"@type":"EntryPoint","urlTemplate":"https:\/\/dibenedettoproductions.com\/?s={search_term_string}"},"query-input":"required name=search_term_string"}],"inLanguage":"it-IT"},{"@type":"Organization","@id":"https:\/\/dibenedettoproductions.com\/#organization","name":"DI BENEDETTO PRODUCTIONS","url":"https:\/\/dibenedettoproductions.com\/","sameAs":[],"logo":{"@type":"ImageObject","inLanguage":"it-IT","@id":"https:\/\/dibenedettoproductions.com\/#\/schema\/logo\/image\/","url":"https:\/\/dibenedettoproductions.com\/wp-content\/uploads\/2021\/09\/logo_di_benedetto_productions.jpg","contentUrl":"https:\/\/dibenedettoproductions.com\/wp-content\/uploads\/2021\/09\/logo_di_benedetto_productions.jpg","width":225,"height":225,"caption":"DI BENEDETTO PRODUCTIONS"},"image":{"@id":"https:\/\/dibenedettoproductions.com\/#\/schema\/logo\/image\/"}}]}},"_links":{"self":[{"href":"https:\/\/dibenedettoproductions.com\/index.php?rest_route=\/wp\/v2\/pages\/4009","targetHints":{"allow":["GET"]}}],"collection":[{"href":"https:\/\/dibenedettoproductions.com\/index.php?rest_route=\/wp\/v2\/pages"}],"about":[{"href":"https:\/\/dibenedettoproductions.com\/index.php?rest_route=\/wp\/v2\/types\/page"}],"author":[{"embeddable":true,"href":"https:\/\/dibenedettoproductions.com\/index.php?rest_route=\/wp\/v2\/users\/1"}],"replies":[{"embeddable":true,"href":"https:\/\/dibenedettoproductions.com\/index.php?rest_route=%2Fwp%2Fv2%2Fcomments&post=4009"}],"version-history":[{"count":7,"href":"https:\/\/dibenedettoproductions.com\/index.php?rest_route=\/wp\/v2\/pages\/4009\/revisions"}],"predecessor-version":[{"id":5914,"href":"https:\/\/dibenedettoproductions.com\/index.php?rest_route=\/wp\/v2\/pages\/4009\/revisions\/5914"}],"wp:attachment":[{"href":"https:\/\/dibenedettoproductions.com\/index.php?rest_route=%2Fwp%2Fv2%2Fmedia&parent=4009"}],"wp:term":[{"taxonomy":"category","embeddable":true,"href":"https:\/\/dibenedettoproductions.com\/index.php?rest_route=%2Fwp%2Fv2%2Fcategories&post=4009"},{"taxonomy":"post_tag","embeddable":true,"href":"https:\/\/dibenedettoproductions.com\/index.php?rest_route=%2Fwp%2Fv2%2Ftags&post=4009"}],"curies":[{"name":"wp","href":"https:\/\/api.w.org\/{rel}","templated":true}]}}