{"id":3993,"date":"2021-02-24T11:33:50","date_gmt":"2021-02-24T11:33:50","guid":{"rendered":"https:\/\/dibenedettoproductions.com\/?page_id=3993"},"modified":"2021-08-06T07:06:11","modified_gmt":"2021-08-06T07:06:11","slug":"si-se-puede","status":"publish","type":"page","link":"https:\/\/dibenedettoproductions.com\/?page_id=3993","title":{"rendered":"Si Se Puede"},"content":{"rendered":"\t\t<div data-elementor-type=\"wp-page\" data-elementor-id=\"3993\" class=\"elementor elementor-3993\" data-elementor-settings=\"[]\">\n\t\t\t\t\t\t<div class=\"elementor-inner\">\n\t\t\t\t\t\t\t<div class=\"elementor-section-wrap\">\n\t\t\t\t\t\t\t<section class=\"elementor-section elementor-top-section elementor-element elementor-element-b587a5f elementor-section-stretched elementor-section-boxed elementor-section-height-default elementor-section-height-default\" data-id=\"b587a5f\" data-element_type=\"section\" data-settings=\"{&quot;stretch_section&quot;:&quot;section-stretched&quot;,&quot;background_background&quot;:&quot;classic&quot;}\">\n\t\t\t\t\t\t<div class=\"elementor-container elementor-column-gap-default\">\n\t\t\t\t\t\t\t<div class=\"elementor-row\">\n\t\t\t\t\t<div class=\"elementor-column elementor-col-25 elementor-top-column elementor-element elementor-element-929d6cc\" data-id=\"929d6cc\" data-element_type=\"column\">\n\t\t\t<div class=\"elementor-column-wrap elementor-element-populated\">\n\t\t\t\t\t\t\t<div class=\"elementor-widget-wrap\">\n\t\t\t\t\t\t<div class=\"elementor-element elementor-element-32b3402 elementor-align-center elementor-widget elementor-widget-button\" data-id=\"32b3402\" data-element_type=\"widget\" data-widget_type=\"button.default\">\n\t\t\t\t<div class=\"elementor-widget-container\">\n\t\t\t\t\t<div class=\"elementor-button-wrapper\">\n\t\t\t<a href=\"https:\/\/open.spotify.com\/track\/7tr6BMSia8xuntmclAVpit?si=xH6JrFpBQzmD1VdAbO3ctA%20\" class=\"elementor-button-link elementor-button elementor-size-sm\" role=\"button\">\n\t\t\t\t\t\t<span class=\"elementor-button-content-wrapper\">\n\t\t\t\t\t\t<span class=\"elementor-button-text\">SPOTIFY<\/span>\n\t\t<\/span>\n\t\t\t\t\t<\/a>\n\t\t<\/div>\n\t\t\t\t<\/div>\n\t\t\t\t<\/div>\n\t\t\t\t\t\t<\/div>\n\t\t\t\t\t<\/div>\n\t\t<\/div>\n\t\t\t\t<div class=\"elementor-column elementor-col-25 elementor-top-column elementor-element elementor-element-24576f0\" data-id=\"24576f0\" data-element_type=\"column\">\n\t\t\t<div class=\"elementor-column-wrap elementor-element-populated\">\n\t\t\t\t\t\t\t<div class=\"elementor-widget-wrap\">\n\t\t\t\t\t\t<div class=\"elementor-element elementor-element-7f2996d elementor-align-center elementor-widget elementor-widget-button\" data-id=\"7f2996d\" data-element_type=\"widget\" data-widget_type=\"button.default\">\n\t\t\t\t<div class=\"elementor-widget-container\">\n\t\t\t\t\t<div class=\"elementor-button-wrapper\">\n\t\t\t<a href=\"https:\/\/music.apple.com\/us\/album\/si-se-puede\/1380824364?i=1380824378\" class=\"elementor-button-link elementor-button elementor-size-sm\" role=\"button\">\n\t\t\t\t\t\t<span class=\"elementor-button-content-wrapper\">\n\t\t\t\t\t\t<span class=\"elementor-button-text\">APPLE MUSIC<\/span>\n\t\t<\/span>\n\t\t\t\t\t<\/a>\n\t\t<\/div>\n\t\t\t\t<\/div>\n\t\t\t\t<\/div>\n\t\t\t\t\t\t<\/div>\n\t\t\t\t\t<\/div>\n\t\t<\/div>\n\t\t\t\t<div class=\"elementor-column elementor-col-25 elementor-top-column elementor-element elementor-element-c91e992\" data-id=\"c91e992\" data-element_type=\"column\">\n\t\t\t<div class=\"elementor-column-wrap elementor-element-populated\">\n\t\t\t\t\t\t\t<div class=\"elementor-widget-wrap\">\n\t\t\t\t\t\t<div class=\"elementor-element elementor-element-77fc8f8 elementor-align-center elementor-widget elementor-widget-button\" data-id=\"77fc8f8\" data-element_type=\"widget\" data-widget_type=\"button.default\">\n\t\t\t\t<div class=\"elementor-widget-container\">\n\t\t\t\t\t<div class=\"elementor-button-wrapper\">\n\t\t\t<a href=\"https:\/\/deezer.page.link\/2WFwzHcaTBr4ztce8%20\" class=\"elementor-button-link elementor-button elementor-size-sm\" role=\"button\">\n\t\t\t\t\t\t<span class=\"elementor-button-content-wrapper\">\n\t\t\t\t\t\t<span class=\"elementor-button-text\">DEEZER<\/span>\n\t\t<\/span>\n\t\t\t\t\t<\/a>\n\t\t<\/div>\n\t\t\t\t<\/div>\n\t\t\t\t<\/div>\n\t\t\t\t\t\t<\/div>\n\t\t\t\t\t<\/div>\n\t\t<\/div>\n\t\t\t\t<div class=\"elementor-column elementor-col-25 elementor-top-column elementor-element elementor-element-d3943cd\" data-id=\"d3943cd\" data-element_type=\"column\">\n\t\t\t<div class=\"elementor-column-wrap elementor-element-populated\">\n\t\t\t\t\t\t\t<div class=\"elementor-widget-wrap\">\n\t\t\t\t\t\t<div class=\"elementor-element elementor-element-dece5ef elementor-align-center elementor-widget elementor-widget-button\" data-id=\"dece5ef\" data-element_type=\"widget\" data-widget_type=\"button.default\">\n\t\t\t\t<div class=\"elementor-widget-container\">\n\t\t\t\t\t<div class=\"elementor-button-wrapper\">\n\t\t\t<a href=\"https:\/\/music.amazon.com\/albums\/B07T9F89XG?trackAsin=B07TBG7X9Z&#038;ref=dm_sh_9c28-ca63-dmcp-7122-f0d3a&#038;musicTerritory=US&#038;marketplaceId=ATVPDKIKX0DER\" class=\"elementor-button-link elementor-button elementor-size-sm\" role=\"button\">\n\t\t\t\t\t\t<span class=\"elementor-button-content-wrapper\">\n\t\t\t\t\t\t<span class=\"elementor-button-text\">AMAZON MUSIC<\/span>\n\t\t<\/span>\n\t\t\t\t\t<\/a>\n\t\t<\/div>\n\t\t\t\t<\/div>\n\t\t\t\t<\/div>\n\t\t\t\t\t\t<\/div>\n\t\t\t\t\t<\/div>\n\t\t<\/div>\n\t\t\t\t\t\t\t\t<\/div>\n\t\t\t\t\t<\/div>\n\t\t<\/section>\n\t\t\t\t<section class=\"elementor-section elementor-top-section elementor-element elementor-element-11e48b1 elementor-section-stretched elementor-section-boxed elementor-section-height-default elementor-section-height-default\" data-id=\"11e48b1\" data-element_type=\"section\" data-settings=\"{&quot;stretch_section&quot;:&quot;section-stretched&quot;,&quot;background_background&quot;:&quot;classic&quot;}\">\n\t\t\t\t\t\t<div class=\"elementor-container elementor-column-gap-default\">\n\t\t\t\t\t\t\t<div class=\"elementor-row\">\n\t\t\t\t\t<div class=\"elementor-column elementor-col-100 elementor-top-column elementor-element elementor-element-5042160\" data-id=\"5042160\" data-element_type=\"column\">\n\t\t\t<div class=\"elementor-column-wrap elementor-element-populated\">\n\t\t\t\t\t\t\t<div class=\"elementor-widget-wrap\">\n\t\t\t\t\t\t<div class=\"elementor-element elementor-element-3f9be6f elementor-widget elementor-widget-text-editor\" data-id=\"3f9be6f\" data-element_type=\"widget\" data-widget_type=\"text-editor.default\">\n\t\t\t\t<div class=\"elementor-widget-container\">\n\t\t\t\t\t\t\t\t<div class=\"elementor-text-editor elementor-clearfix\">\n\t\t\t\t<p style=\"text-align: center;\"><span style=\"color: #ffffff;\">A m\u00ed me importa un carajo<\/span><\/p><p style=\"text-align: center;\"><span style=\"color: #ffffff;\">Lo que t\u00fa pienses de m\u00ed<\/span><\/p><p style=\"text-align: center;\"><span style=\"color: #ffffff;\">T\u00fa no sabes lo que yo he pasado<\/span><\/p><p style=\"text-align: center;\"><span style=\"color: #ffffff;\">Como para llegar a ti<\/span><\/p><p style=\"text-align: center;\">\u00a0<\/p><p style=\"text-align: center;\"><span style=\"color: #ffffff;\">Demuestra que si se puede<\/span><\/p><p style=\"text-align: center;\"><span style=\"color: #ffffff;\">Mi padre me lo dijo as\u00ed<\/span><\/p><p style=\"text-align: center;\"><span style=\"color: #ffffff;\">La vida no puede contigo<\/span><\/p><p style=\"text-align: center;\"><span style=\"color: #ffffff;\">t\u00fa luchaste y te jodiste as\u00ed<\/span><\/p><p style=\"text-align: center;\"><span style=\"color: #ffffff;\">De muestra que si se puede<\/span><\/p><p style=\"text-align: center;\"><span style=\"color: #ffffff;\">Mi padre me lo dijo as\u00ed<\/span><\/p><p style=\"text-align: center;\"><span style=\"color: #ffffff;\">La vida no puede contigo<\/span><\/p><p style=\"text-align: center;\"><span style=\"color: #ffffff;\">O t\u00fa luchaste para llegar aqu\u00ed<\/span><\/p><p style=\"text-align: center;\">\u00a0<\/p><p style=\"text-align: center;\"><span style=\"color: #ffffff;\">La vida es como un juego de ajedrez<\/span><\/p><p style=\"text-align: center;\"><span style=\"color: #ffffff;\">Donde hay reyes y peones<\/span><\/p><p style=\"text-align: center;\"><span style=\"color: #ffffff;\">Hay muchas mujeres que jugaran con tus ilusiones<\/span><\/p><p style=\"text-align: center;\"><span style=\"color: #ffffff;\">Nunca traiciones perdones<\/span><\/p><p style=\"text-align: center;\"><span style=\"color: #ffffff;\">Nunca perdones traiciones<\/span><\/p><p style=\"text-align: center;\"><span style=\"color: #ffffff;\">Y lucha por lo que tu quieras<\/span><\/p><p style=\"text-align: center;\"><span style=\"color: #ffffff;\">Y que siempre te sobren razones para seguir adelante<\/span><\/p><p style=\"text-align: center;\"><span style=\"color: #ffffff;\">Aunque mi voz se conoce al instante<\/span><\/p><p style=\"text-align: center;\"><span style=\"color: #ffffff;\">La sangre pesa m\u00e1s que el agua<\/span><\/p><p style=\"text-align: center;\"><span style=\"color: #ffffff;\">Y a veces te falla hasta tu sangre<\/span><\/p><p style=\"text-align: center;\"><span style=\"color: #ffffff;\">Las cosas cambiaron no son como antes<\/span><\/p><p style=\"text-align: center;\"><span style=\"color: #ffffff;\">Sigue tu camino y mira para delante<\/span><\/p><p style=\"text-align: center;\"><span style=\"color: #ffffff;\">Y darle bendiciones a toditas las gentes que quieren juzgarte<\/span><\/p><p style=\"text-align: center;\">\u00a0<\/p><p style=\"text-align: center;\"><span style=\"color: #ffffff;\">Sin dudas se pasa trabajo<\/span><\/p><p style=\"text-align: center;\"><span style=\"color: #ffffff;\">Pero oye todo lo vi<\/span><\/p><p style=\"text-align: center;\"><span style=\"color: #ffffff;\">A m\u00ed ya me importa un carajo<\/span><\/p><p style=\"text-align: center;\"><span style=\"color: #ffffff;\">Lo que hablen de m\u00ed<\/span><\/p><p style=\"text-align: center;\">\u00a0<\/p><p style=\"text-align: center;\"><span style=\"color: #ffffff;\">Demuestra que si se puede<\/span><\/p><p style=\"text-align: center;\"><span style=\"color: #ffffff;\">Mi padre me lo dijo as\u00ed<\/span><\/p><p style=\"text-align: center;\"><span style=\"color: #ffffff;\">La vida no puede contigo<\/span><\/p><p style=\"text-align: center;\"><span style=\"color: #ffffff;\">t\u00fa luchaste y te jodiste as\u00ed<\/span><\/p><p style=\"text-align: center;\"><span style=\"color: #ffffff;\">De muestra que si se puede<\/span><\/p><p style=\"text-align: center;\"><span style=\"color: #ffffff;\">Mi padre me lo dijo as\u00ed<\/span><\/p><p style=\"text-align: center;\"><span style=\"color: #ffffff;\">La vida no puede contigo<\/span><\/p><p style=\"text-align: center;\"><span style=\"color: #ffffff;\">O t\u00fa luchaste para llegar aqu\u00ed<\/span><\/p><p style=\"text-align: center;\">\u00a0<\/p><p style=\"text-align: center;\"><span style=\"color: #ffffff;\">Hay mucha hambre en el mundo y nadie se da cuenta<\/span><\/p><p style=\"text-align: center;\"><span style=\"color: #ffffff;\">Todo el mundo quiere llenar su cuenta de ceros<\/span><\/p><p style=\"text-align: center;\"><span style=\"color: #ffffff;\">Sin saber que hay gente que no tiene ni para comer<\/span><\/p><p style=\"text-align: center;\"><span style=\"color: #ffffff;\">Entonces c\u00f3mo va a ser<\/span><\/p><p style=\"text-align: center;\"><span style=\"color: #ffffff;\">\u00c9l que no tiene te ayude y \u00e9l que tiene no da<\/span><\/p><p style=\"text-align: center;\"><span style=\"color: #ffffff;\">Mucho dinero en tu carro pero en tu coraz\u00f3n no tienes nada<\/span><\/p><p style=\"text-align: center;\"><span style=\"color: #ffffff;\">Y yo no tengo ni un peso pero millonario me siento<\/span><\/p><p style=\"text-align: center;\"><span style=\"color: #ffffff;\">Gracias a pap\u00e1 Dios por darme este talento.<\/span><\/p>\t\t\t\t\t<\/div>\n\t\t\t\t\t\t<\/div>\n\t\t\t\t<\/div>\n\t\t\t\t\t\t<\/div>\n\t\t\t\t\t<\/div>\n\t\t<\/div>\n\t\t\t\t\t\t\t\t<\/div>\n\t\t\t\t\t<\/div>\n\t\t<\/section>\n\t\t\t\t\t\t<\/div>\n\t\t\t\t\t\t<\/div>\n\t\t\t\t\t<\/div>\n\t\t","protected":false},"excerpt":{"rendered":"<p>SPOTIFY APPLE MUSIC DEEZER AMAZON MUSIC A m\u00ed me importa un carajo Lo que t\u00fa pienses de m\u00ed T\u00fa no sabes lo que yo he pasado Como para llegar a ti \u00a0 Demuestra que si se puede Mi padre me lo dijo as\u00ed La vida no puede contigo t\u00fa luchaste y te jodiste as\u00ed De.<\/p>\n","protected":false},"author":1,"featured_media":0,"parent":0,"menu_order":0,"comment_status":"closed","ping_status":"closed","template":"","meta":{"footnotes":""},"categories":[42],"tags":[],"class_list":["post-3993","page","type-page","status-publish","hentry","category-testi"],"yoast_head":"<!-- This site is optimized with the Yoast SEO plugin v19.6.1 - https:\/\/yoast.com\/wordpress\/plugins\/seo\/ -->\n<title>Si Se Puede - Di Benedetto Productions<\/title>\n<meta name=\"robots\" content=\"index, follow, max-snippet:-1, max-image-preview:large, max-video-preview:-1\" \/>\n<link rel=\"canonical\" href=\"https:\/\/dibenedettoproductions.com\/?page_id=3993\" \/>\n<meta property=\"og:locale\" content=\"it_IT\" \/>\n<meta property=\"og:type\" content=\"article\" \/>\n<meta property=\"og:title\" content=\"Si Se Puede - Di Benedetto Productions\" \/>\n<meta property=\"og:description\" content=\"SPOTIFY APPLE MUSIC DEEZER AMAZON MUSIC A m\u00ed me importa un carajo Lo que t\u00fa pienses de m\u00ed T\u00fa no sabes lo que yo he pasado Como para llegar a ti \u00a0 Demuestra que si se puede Mi padre me lo dijo as\u00ed La vida no puede contigo t\u00fa luchaste y te jodiste as\u00ed De.\" \/>\n<meta property=\"og:url\" content=\"https:\/\/dibenedettoproductions.com\/?page_id=3993\" \/>\n<meta property=\"og:site_name\" content=\"Di Benedetto Productions\" \/>\n<meta property=\"article:modified_time\" content=\"2021-08-06T07:06:11+00:00\" \/>\n<meta name=\"twitter:card\" content=\"summary_large_image\" \/>\n<meta name=\"twitter:label1\" content=\"Tempo di lettura stimato\" \/>\n\t<meta name=\"twitter:data1\" content=\"1 minuto\" \/>\n<script type=\"application\/ld+json\" class=\"yoast-schema-graph\">{\"@context\":\"https:\/\/schema.org\",\"@graph\":[{\"@type\":\"WebPage\",\"@id\":\"https:\/\/dibenedettoproductions.com\/?page_id=3993\",\"url\":\"https:\/\/dibenedettoproductions.com\/?page_id=3993\",\"name\":\"Si Se Puede - Di Benedetto Productions\",\"isPartOf\":{\"@id\":\"https:\/\/dibenedettoproductions.com\/#website\"},\"datePublished\":\"2021-02-24T11:33:50+00:00\",\"dateModified\":\"2021-08-06T07:06:11+00:00\",\"breadcrumb\":{\"@id\":\"https:\/\/dibenedettoproductions.com\/?page_id=3993#breadcrumb\"},\"inLanguage\":\"it-IT\",\"potentialAction\":[{\"@type\":\"ReadAction\",\"target\":[\"https:\/\/dibenedettoproductions.com\/?page_id=3993\"]}]},{\"@type\":\"BreadcrumbList\",\"@id\":\"https:\/\/dibenedettoproductions.com\/?page_id=3993#breadcrumb\",\"itemListElement\":[{\"@type\":\"ListItem\",\"position\":1,\"name\":\"Home\",\"item\":\"https:\/\/dibenedettoproductions.com\/\"},{\"@type\":\"ListItem\",\"position\":2,\"name\":\"Si Se Puede\"}]},{\"@type\":\"WebSite\",\"@id\":\"https:\/\/dibenedettoproductions.com\/#website\",\"url\":\"https:\/\/dibenedettoproductions.com\/\",\"name\":\"Di Benedetto Productions\",\"description\":\"\",\"publisher\":{\"@id\":\"https:\/\/dibenedettoproductions.com\/#organization\"},\"potentialAction\":[{\"@type\":\"SearchAction\",\"target\":{\"@type\":\"EntryPoint\",\"urlTemplate\":\"https:\/\/dibenedettoproductions.com\/?s={search_term_string}\"},\"query-input\":\"required name=search_term_string\"}],\"inLanguage\":\"it-IT\"},{\"@type\":\"Organization\",\"@id\":\"https:\/\/dibenedettoproductions.com\/#organization\",\"name\":\"DI BENEDETTO PRODUCTIONS\",\"url\":\"https:\/\/dibenedettoproductions.com\/\",\"sameAs\":[],\"logo\":{\"@type\":\"ImageObject\",\"inLanguage\":\"it-IT\",\"@id\":\"https:\/\/dibenedettoproductions.com\/#\/schema\/logo\/image\/\",\"url\":\"https:\/\/dibenedettoproductions.com\/wp-content\/uploads\/2021\/09\/logo_di_benedetto_productions.jpg\",\"contentUrl\":\"https:\/\/dibenedettoproductions.com\/wp-content\/uploads\/2021\/09\/logo_di_benedetto_productions.jpg\",\"width\":225,\"height\":225,\"caption\":\"DI BENEDETTO PRODUCTIONS\"},\"image\":{\"@id\":\"https:\/\/dibenedettoproductions.com\/#\/schema\/logo\/image\/\"}}]}<\/script>\n<!-- \/ Yoast SEO plugin. -->","yoast_head_json":{"title":"Si Se Puede - Di Benedetto Productions","robots":{"index":"index","follow":"follow","max-snippet":"max-snippet:-1","max-image-preview":"max-image-preview:large","max-video-preview":"max-video-preview:-1"},"canonical":"https:\/\/dibenedettoproductions.com\/?page_id=3993","og_locale":"it_IT","og_type":"article","og_title":"Si Se Puede - Di Benedetto Productions","og_description":"SPOTIFY APPLE MUSIC DEEZER AMAZON MUSIC A m\u00ed me importa un carajo Lo que t\u00fa pienses de m\u00ed T\u00fa no sabes lo que yo he pasado Como para llegar a ti \u00a0 Demuestra que si se puede Mi padre me lo dijo as\u00ed La vida no puede contigo t\u00fa luchaste y te jodiste as\u00ed De.","og_url":"https:\/\/dibenedettoproductions.com\/?page_id=3993","og_site_name":"Di Benedetto Productions","article_modified_time":"2021-08-06T07:06:11+00:00","twitter_card":"summary_large_image","twitter_misc":{"Tempo di lettura stimato":"1 minuto"},"schema":{"@context":"https:\/\/schema.org","@graph":[{"@type":"WebPage","@id":"https:\/\/dibenedettoproductions.com\/?page_id=3993","url":"https:\/\/dibenedettoproductions.com\/?page_id=3993","name":"Si Se Puede - Di Benedetto Productions","isPartOf":{"@id":"https:\/\/dibenedettoproductions.com\/#website"},"datePublished":"2021-02-24T11:33:50+00:00","dateModified":"2021-08-06T07:06:11+00:00","breadcrumb":{"@id":"https:\/\/dibenedettoproductions.com\/?page_id=3993#breadcrumb"},"inLanguage":"it-IT","potentialAction":[{"@type":"ReadAction","target":["https:\/\/dibenedettoproductions.com\/?page_id=3993"]}]},{"@type":"BreadcrumbList","@id":"https:\/\/dibenedettoproductions.com\/?page_id=3993#breadcrumb","itemListElement":[{"@type":"ListItem","position":1,"name":"Home","item":"https:\/\/dibenedettoproductions.com\/"},{"@type":"ListItem","position":2,"name":"Si Se Puede"}]},{"@type":"WebSite","@id":"https:\/\/dibenedettoproductions.com\/#website","url":"https:\/\/dibenedettoproductions.com\/","name":"Di Benedetto Productions","description":"","publisher":{"@id":"https:\/\/dibenedettoproductions.com\/#organization"},"potentialAction":[{"@type":"SearchAction","target":{"@type":"EntryPoint","urlTemplate":"https:\/\/dibenedettoproductions.com\/?s={search_term_string}"},"query-input":"required name=search_term_string"}],"inLanguage":"it-IT"},{"@type":"Organization","@id":"https:\/\/dibenedettoproductions.com\/#organization","name":"DI BENEDETTO PRODUCTIONS","url":"https:\/\/dibenedettoproductions.com\/","sameAs":[],"logo":{"@type":"ImageObject","inLanguage":"it-IT","@id":"https:\/\/dibenedettoproductions.com\/#\/schema\/logo\/image\/","url":"https:\/\/dibenedettoproductions.com\/wp-content\/uploads\/2021\/09\/logo_di_benedetto_productions.jpg","contentUrl":"https:\/\/dibenedettoproductions.com\/wp-content\/uploads\/2021\/09\/logo_di_benedetto_productions.jpg","width":225,"height":225,"caption":"DI BENEDETTO PRODUCTIONS"},"image":{"@id":"https:\/\/dibenedettoproductions.com\/#\/schema\/logo\/image\/"}}]}},"_links":{"self":[{"href":"https:\/\/dibenedettoproductions.com\/index.php?rest_route=\/wp\/v2\/pages\/3993","targetHints":{"allow":["GET"]}}],"collection":[{"href":"https:\/\/dibenedettoproductions.com\/index.php?rest_route=\/wp\/v2\/pages"}],"about":[{"href":"https:\/\/dibenedettoproductions.com\/index.php?rest_route=\/wp\/v2\/types\/page"}],"author":[{"embeddable":true,"href":"https:\/\/dibenedettoproductions.com\/index.php?rest_route=\/wp\/v2\/users\/1"}],"replies":[{"embeddable":true,"href":"https:\/\/dibenedettoproductions.com\/index.php?rest_route=%2Fwp%2Fv2%2Fcomments&post=3993"}],"version-history":[{"count":7,"href":"https:\/\/dibenedettoproductions.com\/index.php?rest_route=\/wp\/v2\/pages\/3993\/revisions"}],"predecessor-version":[{"id":5908,"href":"https:\/\/dibenedettoproductions.com\/index.php?rest_route=\/wp\/v2\/pages\/3993\/revisions\/5908"}],"wp:attachment":[{"href":"https:\/\/dibenedettoproductions.com\/index.php?rest_route=%2Fwp%2Fv2%2Fmedia&parent=3993"}],"wp:term":[{"taxonomy":"category","embeddable":true,"href":"https:\/\/dibenedettoproductions.com\/index.php?rest_route=%2Fwp%2Fv2%2Fcategories&post=3993"},{"taxonomy":"post_tag","embeddable":true,"href":"https:\/\/dibenedettoproductions.com\/index.php?rest_route=%2Fwp%2Fv2%2Ftags&post=3993"}],"curies":[{"name":"wp","href":"https:\/\/api.w.org\/{rel}","templated":true}]}}