{"id":3960,"date":"2021-02-24T11:23:18","date_gmt":"2021-02-24T11:23:18","guid":{"rendered":"https:\/\/dibenedettoproductions.com\/?page_id=3960"},"modified":"2021-08-06T07:03:15","modified_gmt":"2021-08-06T07:03:15","slug":"presidiariamente","status":"publish","type":"page","link":"https:\/\/dibenedettoproductions.com\/?page_id=3960","title":{"rendered":"Presidiariamente"},"content":{"rendered":"\t\t<div data-elementor-type=\"wp-page\" data-elementor-id=\"3960\" class=\"elementor elementor-3960\" data-elementor-settings=\"[]\">\n\t\t\t\t\t\t<div class=\"elementor-inner\">\n\t\t\t\t\t\t\t<div class=\"elementor-section-wrap\">\n\t\t\t\t\t\t\t<section class=\"elementor-section elementor-top-section elementor-element elementor-element-00d7d7a elementor-section-stretched elementor-section-boxed elementor-section-height-default elementor-section-height-default\" data-id=\"00d7d7a\" data-element_type=\"section\" data-settings=\"{&quot;stretch_section&quot;:&quot;section-stretched&quot;,&quot;background_background&quot;:&quot;classic&quot;}\">\n\t\t\t\t\t\t<div class=\"elementor-container elementor-column-gap-default\">\n\t\t\t\t\t\t\t<div class=\"elementor-row\">\n\t\t\t\t\t<div class=\"elementor-column elementor-col-25 elementor-top-column elementor-element elementor-element-95f8d21\" data-id=\"95f8d21\" data-element_type=\"column\">\n\t\t\t<div class=\"elementor-column-wrap elementor-element-populated\">\n\t\t\t\t\t\t\t<div class=\"elementor-widget-wrap\">\n\t\t\t\t\t\t<div class=\"elementor-element elementor-element-8464242 elementor-align-center elementor-widget elementor-widget-button\" data-id=\"8464242\" data-element_type=\"widget\" data-widget_type=\"button.default\">\n\t\t\t\t<div class=\"elementor-widget-container\">\n\t\t\t\t\t<div class=\"elementor-button-wrapper\">\n\t\t\t<a href=\"https:\/\/open.spotify.com\/track\/4hTLQIqqsJJnYkalHTf9Bf?si=YwLkknKdTqSqvVzx9Ios4w%20\" class=\"elementor-button-link elementor-button elementor-size-sm\" role=\"button\">\n\t\t\t\t\t\t<span class=\"elementor-button-content-wrapper\">\n\t\t\t\t\t\t<span class=\"elementor-button-text\">SPOTIFY<\/span>\n\t\t<\/span>\n\t\t\t\t\t<\/a>\n\t\t<\/div>\n\t\t\t\t<\/div>\n\t\t\t\t<\/div>\n\t\t\t\t\t\t<\/div>\n\t\t\t\t\t<\/div>\n\t\t<\/div>\n\t\t\t\t<div class=\"elementor-column elementor-col-25 elementor-top-column elementor-element elementor-element-d426db8\" data-id=\"d426db8\" data-element_type=\"column\">\n\t\t\t<div class=\"elementor-column-wrap elementor-element-populated\">\n\t\t\t\t\t\t\t<div class=\"elementor-widget-wrap\">\n\t\t\t\t\t\t<div class=\"elementor-element elementor-element-bc896dd elementor-align-center elementor-widget elementor-widget-button\" data-id=\"bc896dd\" data-element_type=\"widget\" data-widget_type=\"button.default\">\n\t\t\t\t<div class=\"elementor-widget-container\">\n\t\t\t\t\t<div class=\"elementor-button-wrapper\">\n\t\t\t<a href=\"https:\/\/music.apple.com\/us\/album\/presidiariamente\/1448907875?i=1448907876\" class=\"elementor-button-link elementor-button elementor-size-sm\" role=\"button\">\n\t\t\t\t\t\t<span class=\"elementor-button-content-wrapper\">\n\t\t\t\t\t\t<span class=\"elementor-button-text\">APPLE MUSIC<\/span>\n\t\t<\/span>\n\t\t\t\t\t<\/a>\n\t\t<\/div>\n\t\t\t\t<\/div>\n\t\t\t\t<\/div>\n\t\t\t\t\t\t<\/div>\n\t\t\t\t\t<\/div>\n\t\t<\/div>\n\t\t\t\t<div class=\"elementor-column elementor-col-25 elementor-top-column elementor-element elementor-element-7e157a2\" data-id=\"7e157a2\" data-element_type=\"column\">\n\t\t\t<div class=\"elementor-column-wrap elementor-element-populated\">\n\t\t\t\t\t\t\t<div class=\"elementor-widget-wrap\">\n\t\t\t\t\t\t<div class=\"elementor-element elementor-element-a8c572d elementor-align-center elementor-widget elementor-widget-button\" data-id=\"a8c572d\" data-element_type=\"widget\" data-widget_type=\"button.default\">\n\t\t\t\t<div class=\"elementor-widget-container\">\n\t\t\t\t\t<div class=\"elementor-button-wrapper\">\n\t\t\t<a href=\"https:\/\/deezer.page.link\/aJu4rrjZUbo7HxQp8%20\" class=\"elementor-button-link elementor-button elementor-size-sm\" role=\"button\">\n\t\t\t\t\t\t<span class=\"elementor-button-content-wrapper\">\n\t\t\t\t\t\t<span class=\"elementor-button-text\">DEEZER<\/span>\n\t\t<\/span>\n\t\t\t\t\t<\/a>\n\t\t<\/div>\n\t\t\t\t<\/div>\n\t\t\t\t<\/div>\n\t\t\t\t\t\t<\/div>\n\t\t\t\t\t<\/div>\n\t\t<\/div>\n\t\t\t\t<div class=\"elementor-column elementor-col-25 elementor-top-column elementor-element elementor-element-65da5f6\" data-id=\"65da5f6\" data-element_type=\"column\">\n\t\t\t<div class=\"elementor-column-wrap elementor-element-populated\">\n\t\t\t\t\t\t\t<div class=\"elementor-widget-wrap\">\n\t\t\t\t\t\t<div class=\"elementor-element elementor-element-71f4f17 elementor-align-center elementor-widget elementor-widget-button\" data-id=\"71f4f17\" data-element_type=\"widget\" data-widget_type=\"button.default\">\n\t\t\t\t<div class=\"elementor-widget-container\">\n\t\t\t\t\t<div class=\"elementor-button-wrapper\">\n\t\t\t<a href=\"https:\/\/music.amazon.com\/albums\/B07PM8674T?trackAsin=B07PN5YH5W&#038;ref=dm_sh_c0a4-17ff-dmcp-31ea-ed2bb&#038;musicTerritory=US&#038;marketplaceId=ATVPDKIKX0DER%20\" class=\"elementor-button-link elementor-button elementor-size-sm\" role=\"button\">\n\t\t\t\t\t\t<span class=\"elementor-button-content-wrapper\">\n\t\t\t\t\t\t<span class=\"elementor-button-text\">AMAZON MUSIC<\/span>\n\t\t<\/span>\n\t\t\t\t\t<\/a>\n\t\t<\/div>\n\t\t\t\t<\/div>\n\t\t\t\t<\/div>\n\t\t\t\t\t\t<\/div>\n\t\t\t\t\t<\/div>\n\t\t<\/div>\n\t\t\t\t\t\t\t\t<\/div>\n\t\t\t\t\t<\/div>\n\t\t<\/section>\n\t\t\t\t<section class=\"elementor-section elementor-top-section elementor-element elementor-element-b959f83 elementor-section-stretched elementor-section-boxed elementor-section-height-default elementor-section-height-default\" data-id=\"b959f83\" data-element_type=\"section\" data-settings=\"{&quot;stretch_section&quot;:&quot;section-stretched&quot;,&quot;background_background&quot;:&quot;classic&quot;}\">\n\t\t\t\t\t\t<div class=\"elementor-container elementor-column-gap-default\">\n\t\t\t\t\t\t\t<div class=\"elementor-row\">\n\t\t\t\t\t<div class=\"elementor-column elementor-col-100 elementor-top-column elementor-element elementor-element-6bcf760\" data-id=\"6bcf760\" data-element_type=\"column\">\n\t\t\t<div class=\"elementor-column-wrap elementor-element-populated\">\n\t\t\t\t\t\t\t<div class=\"elementor-widget-wrap\">\n\t\t\t\t\t\t<div class=\"elementor-element elementor-element-22bdb3e elementor-widget elementor-widget-text-editor\" data-id=\"22bdb3e\" data-element_type=\"widget\" data-widget_type=\"text-editor.default\">\n\t\t\t\t<div class=\"elementor-widget-container\">\n\t\t\t\t\t\t\t\t<div class=\"elementor-text-editor elementor-clearfix\">\n\t\t\t\t<div><p style=\"text-align: center;\"><span style=\"color: #ffffff;\">Ya yo no s\u00e9, pero usted<\/span><\/p><p style=\"text-align: center;\"><span style=\"color: #ffffff;\">Me dio con to los poderes pa matarme<\/span><\/p><p style=\"text-align: center;\"><span style=\"color: #ffffff;\">Yo no s\u00e9, pero me enamore<\/span><\/p><p style=\"text-align: center;\"><span style=\"color: #ffffff;\">Y yo no s\u00e9 pero he venido para decirte<\/span><\/p><p style=\"text-align: center;\"><span style=\"color: #ffffff;\">Presidariamente tu, presidariamente yo<\/span><\/p><p style=\"text-align: center;\"><span style=\"color: #ffffff;\">Te mat\u00e9 y me mataste nos matamos los dos<\/span><\/p><p style=\"text-align: center;\"><span style=\"color: #ffffff;\">Presidariamente tu carita a mi me engancho<\/span><\/p><p style=\"text-align: center;\"><span style=\"color: #ffffff;\">De verdad que yo mor\u00ed contigo baby como t\u00fa no hay dos<\/span><\/p><p style=\"text-align: center;\"><span style=\"color: #ffffff;\">Presidariamente tu, presidariamente yo<\/span><\/p><p style=\"text-align: center;\"><span style=\"color: #ffffff;\">Te mat\u00e9 y me mataste nos matamos los dos<\/span><\/p><p style=\"text-align: center;\"><span style=\"color: #ffffff;\">Presidariamente tu carita a mi me engancho<\/span><\/p><p style=\"text-align: center;\"><span style=\"color: #ffffff;\">De verdad que yo mor\u00ed contigo baby como t\u00fa no hay dos<\/span><\/p><p style=\"text-align: center;\"><span style=\"color: #ffffff;\">Tengo que tener mucho tacto contigo<\/span><\/p><p style=\"text-align: center;\"><span style=\"color: #ffffff;\">Hay que tener mucho tacto contigo<\/span><\/p><p style=\"text-align: center;\"><span style=\"color: #ffffff;\">Porque si no voy a acabar siendo tu marido<\/span><\/p><p style=\"text-align: center;\"><span style=\"color: #ffffff;\">Por ese meneo eo e<\/span><\/p><p style=\"text-align: center;\"><span style=\"color: #ffffff;\">Y ese cintureo eo e<\/span><\/p><p style=\"text-align: center;\"><span style=\"color: #ffffff;\">Yo me pongo mal cuando no te veo<\/span><\/p><p style=\"text-align: center;\"><span style=\"color: #ffffff;\">Presidariamente tu, presidariamente yo<\/span><\/p><p style=\"text-align: center;\"><span style=\"color: #ffffff;\">Te mat\u00e9 y me mataste nos matamos los dos<\/span><\/p><p style=\"text-align: center;\"><span style=\"color: #ffffff;\">Presidariamente tu carita a mi me engancho<\/span><\/p><p style=\"text-align: center;\"><span style=\"color: #ffffff;\">Y de verdad que yo mor\u00ed contigo baby como t\u00fa no hay dos<\/span><\/p><p style=\"text-align: center;\"><span style=\"color: #ffffff;\">Yo no s\u00e9, pero usted<\/span><\/p><p style=\"text-align: center;\"><span style=\"color: #ffffff;\">Me dio con to los poderes pa matarme<\/span><\/p><p style=\"text-align: center;\"><span style=\"color: #ffffff;\">Y yo no s\u00e9, pero me enamore<\/span><\/p><p style=\"text-align: center;\"><span style=\"color: #ffffff;\">Y yo no s\u00e9 pero he venido para decirte<\/span><\/p><p style=\"text-align: center;\"><span style=\"color: #ffffff;\">Esto es advanced estudio<\/span><\/p><p style=\"text-align: center;\"><span style=\"color: #ffffff;\">Esto es estudios advanced<\/span><\/p><p style=\"text-align: center;\"><span style=\"color: #ffffff;\">Para ustedes no hay brake, brake , brake<\/span><\/p><p style=\"text-align: center;\"><span style=\"color: #ffffff;\">Pa ti mami no hay chance<\/span><\/p><p style=\"text-align: center;\"><span style=\"color: #ffffff;\">A ti te perd\u00ed al meterte<\/span><\/p><p style=\"text-align: center;\"><span style=\"color: #ffffff;\">Porque me mediste to<\/span><\/p><p style=\"text-align: center;\"><span style=\"color: #ffffff;\">Primero me diste con maldad<\/span><\/p><p style=\"text-align: center;\"><span style=\"color: #ffffff;\">Despu\u00e9s me diste con glamour<\/span><\/p><p style=\"text-align: center;\"><span style=\"color: #ffffff;\">Presidariamente tu, presidariamente yo<\/span><\/p><p style=\"text-align: center;\"><span style=\"color: #ffffff;\">Te mat\u00e9 y me mataste nos matamos los dos<\/span><\/p><p style=\"text-align: center;\"><span style=\"color: #ffffff;\">Presidariamente tu carita a mi me engancho<\/span><\/p><p style=\"text-align: center;\"><span style=\"color: #ffffff;\">De verdad que yo mor\u00ed contigo baby como t\u00fa no hay dos<\/span><\/p><p style=\"text-align: center;\"><span style=\"color: #ffffff;\">Presidariamente tu, presidariamente yo<\/span><\/p><p style=\"text-align: center;\"><span style=\"color: #ffffff;\">Te mat\u00e9 y me mataste nos matamos los dos<\/span><\/p><p style=\"text-align: center;\"><span style=\"color: #ffffff;\">Presidariamente tu carita a mi me engancho<\/span><\/p><p style=\"text-align: center;\"><span style=\"color: #ffffff;\">Y de verdad que yo mor\u00ed contigo baby como t\u00fa no hay dos<\/span><\/p><p style=\"text-align: center;\"><span style=\"color: #ffffff;\">Estamos en el 18<\/span><\/p><p style=\"text-align: center;\"><span style=\"color: #ffffff;\">Y vamos pal 19<\/span><\/p><p style=\"text-align: center;\"><span style=\"color: #ffffff;\">Nosotros somos lo mas pegao<\/span><\/p><p style=\"text-align: center;\"><span style=\"color: #ffffff;\">Este a\u00f1o es pa mi no hay nadie que me frene<\/span><\/p><p style=\"text-align: center;\"><span style=\"color: #ffffff;\">Master vega vega<\/span><\/p><p style=\"text-align: center;\"><span style=\"color: #ffffff;\">T\u00fa lo conoce es el ruso<\/span><\/p><p style=\"text-align: center;\"><span style=\"color: #ffffff;\">El ruso, el ruso<\/span><\/p><p style=\"text-align: center;\"><span style=\"color: #ffffff;\">Presidariamente tu, presidariamente yo<\/span><\/p><p style=\"text-align: center;\"><span style=\"color: #ffffff;\">Te mat\u00e9 y me mataste nos matamos los dos<\/span><\/p><p style=\"text-align: center;\"><span style=\"color: #ffffff;\">Presidariamente tu carita a mi me engancho<\/span><\/p><p style=\"text-align: center;\"><span style=\"color: #ffffff;\">Y de verdad que yo mor\u00ed contigo baby como t\u00fa no hay dos<\/span><\/p><\/div>\t\t\t\t\t<\/div>\n\t\t\t\t\t\t<\/div>\n\t\t\t\t<\/div>\n\t\t\t\t\t\t<\/div>\n\t\t\t\t\t<\/div>\n\t\t<\/div>\n\t\t\t\t\t\t\t\t<\/div>\n\t\t\t\t\t<\/div>\n\t\t<\/section>\n\t\t\t\t\t\t<\/div>\n\t\t\t\t\t\t<\/div>\n\t\t\t\t\t<\/div>\n\t\t","protected":false},"excerpt":{"rendered":"<p>SPOTIFY APPLE MUSIC DEEZER AMAZON MUSIC Ya yo no s\u00e9, pero usted Me dio con to los poderes pa matarme Yo no s\u00e9, pero me enamore Y yo no s\u00e9 pero he venido para decirte Presidariamente tu, presidariamente yo Te mat\u00e9 y me mataste nos matamos los dos Presidariamente tu carita a mi me engancho.<\/p>\n","protected":false},"author":1,"featured_media":0,"parent":0,"menu_order":0,"comment_status":"closed","ping_status":"closed","template":"","meta":{"footnotes":""},"categories":[42],"tags":[],"class_list":["post-3960","page","type-page","status-publish","hentry","category-testi"],"yoast_head":"<!-- This site is optimized with the Yoast SEO plugin v19.6.1 - https:\/\/yoast.com\/wordpress\/plugins\/seo\/ -->\n<title>Presidiariamente - Di Benedetto Productions<\/title>\n<meta name=\"robots\" content=\"index, follow, max-snippet:-1, max-image-preview:large, max-video-preview:-1\" \/>\n<link rel=\"canonical\" href=\"https:\/\/dibenedettoproductions.com\/?page_id=3960\" \/>\n<meta property=\"og:locale\" content=\"it_IT\" \/>\n<meta property=\"og:type\" content=\"article\" \/>\n<meta property=\"og:title\" content=\"Presidiariamente - Di Benedetto Productions\" \/>\n<meta property=\"og:description\" content=\"SPOTIFY APPLE MUSIC DEEZER AMAZON MUSIC Ya yo no s\u00e9, pero usted Me dio con to los poderes pa matarme Yo no s\u00e9, pero me enamore Y yo no s\u00e9 pero he venido para decirte Presidariamente tu, presidariamente yo Te mat\u00e9 y me mataste nos matamos los dos Presidariamente tu carita a mi me engancho.\" \/>\n<meta property=\"og:url\" content=\"https:\/\/dibenedettoproductions.com\/?page_id=3960\" \/>\n<meta property=\"og:site_name\" content=\"Di Benedetto Productions\" \/>\n<meta property=\"article:modified_time\" content=\"2021-08-06T07:03:15+00:00\" \/>\n<meta name=\"twitter:card\" content=\"summary_large_image\" \/>\n<meta name=\"twitter:label1\" content=\"Tempo di lettura stimato\" \/>\n\t<meta name=\"twitter:data1\" content=\"2 minuti\" \/>\n<script type=\"application\/ld+json\" class=\"yoast-schema-graph\">{\"@context\":\"https:\/\/schema.org\",\"@graph\":[{\"@type\":\"WebPage\",\"@id\":\"https:\/\/dibenedettoproductions.com\/?page_id=3960\",\"url\":\"https:\/\/dibenedettoproductions.com\/?page_id=3960\",\"name\":\"Presidiariamente - Di Benedetto Productions\",\"isPartOf\":{\"@id\":\"https:\/\/dibenedettoproductions.com\/#website\"},\"datePublished\":\"2021-02-24T11:23:18+00:00\",\"dateModified\":\"2021-08-06T07:03:15+00:00\",\"breadcrumb\":{\"@id\":\"https:\/\/dibenedettoproductions.com\/?page_id=3960#breadcrumb\"},\"inLanguage\":\"it-IT\",\"potentialAction\":[{\"@type\":\"ReadAction\",\"target\":[\"https:\/\/dibenedettoproductions.com\/?page_id=3960\"]}]},{\"@type\":\"BreadcrumbList\",\"@id\":\"https:\/\/dibenedettoproductions.com\/?page_id=3960#breadcrumb\",\"itemListElement\":[{\"@type\":\"ListItem\",\"position\":1,\"name\":\"Home\",\"item\":\"https:\/\/dibenedettoproductions.com\/\"},{\"@type\":\"ListItem\",\"position\":2,\"name\":\"Presidiariamente\"}]},{\"@type\":\"WebSite\",\"@id\":\"https:\/\/dibenedettoproductions.com\/#website\",\"url\":\"https:\/\/dibenedettoproductions.com\/\",\"name\":\"Di Benedetto Productions\",\"description\":\"\",\"publisher\":{\"@id\":\"https:\/\/dibenedettoproductions.com\/#organization\"},\"potentialAction\":[{\"@type\":\"SearchAction\",\"target\":{\"@type\":\"EntryPoint\",\"urlTemplate\":\"https:\/\/dibenedettoproductions.com\/?s={search_term_string}\"},\"query-input\":\"required name=search_term_string\"}],\"inLanguage\":\"it-IT\"},{\"@type\":\"Organization\",\"@id\":\"https:\/\/dibenedettoproductions.com\/#organization\",\"name\":\"DI BENEDETTO PRODUCTIONS\",\"url\":\"https:\/\/dibenedettoproductions.com\/\",\"sameAs\":[],\"logo\":{\"@type\":\"ImageObject\",\"inLanguage\":\"it-IT\",\"@id\":\"https:\/\/dibenedettoproductions.com\/#\/schema\/logo\/image\/\",\"url\":\"https:\/\/dibenedettoproductions.com\/wp-content\/uploads\/2021\/09\/logo_di_benedetto_productions.jpg\",\"contentUrl\":\"https:\/\/dibenedettoproductions.com\/wp-content\/uploads\/2021\/09\/logo_di_benedetto_productions.jpg\",\"width\":225,\"height\":225,\"caption\":\"DI BENEDETTO PRODUCTIONS\"},\"image\":{\"@id\":\"https:\/\/dibenedettoproductions.com\/#\/schema\/logo\/image\/\"}}]}<\/script>\n<!-- \/ Yoast SEO plugin. -->","yoast_head_json":{"title":"Presidiariamente - Di Benedetto Productions","robots":{"index":"index","follow":"follow","max-snippet":"max-snippet:-1","max-image-preview":"max-image-preview:large","max-video-preview":"max-video-preview:-1"},"canonical":"https:\/\/dibenedettoproductions.com\/?page_id=3960","og_locale":"it_IT","og_type":"article","og_title":"Presidiariamente - Di Benedetto Productions","og_description":"SPOTIFY APPLE MUSIC DEEZER AMAZON MUSIC Ya yo no s\u00e9, pero usted Me dio con to los poderes pa matarme Yo no s\u00e9, pero me enamore Y yo no s\u00e9 pero he venido para decirte Presidariamente tu, presidariamente yo Te mat\u00e9 y me mataste nos matamos los dos Presidariamente tu carita a mi me engancho.","og_url":"https:\/\/dibenedettoproductions.com\/?page_id=3960","og_site_name":"Di Benedetto Productions","article_modified_time":"2021-08-06T07:03:15+00:00","twitter_card":"summary_large_image","twitter_misc":{"Tempo di lettura stimato":"2 minuti"},"schema":{"@context":"https:\/\/schema.org","@graph":[{"@type":"WebPage","@id":"https:\/\/dibenedettoproductions.com\/?page_id=3960","url":"https:\/\/dibenedettoproductions.com\/?page_id=3960","name":"Presidiariamente - Di Benedetto Productions","isPartOf":{"@id":"https:\/\/dibenedettoproductions.com\/#website"},"datePublished":"2021-02-24T11:23:18+00:00","dateModified":"2021-08-06T07:03:15+00:00","breadcrumb":{"@id":"https:\/\/dibenedettoproductions.com\/?page_id=3960#breadcrumb"},"inLanguage":"it-IT","potentialAction":[{"@type":"ReadAction","target":["https:\/\/dibenedettoproductions.com\/?page_id=3960"]}]},{"@type":"BreadcrumbList","@id":"https:\/\/dibenedettoproductions.com\/?page_id=3960#breadcrumb","itemListElement":[{"@type":"ListItem","position":1,"name":"Home","item":"https:\/\/dibenedettoproductions.com\/"},{"@type":"ListItem","position":2,"name":"Presidiariamente"}]},{"@type":"WebSite","@id":"https:\/\/dibenedettoproductions.com\/#website","url":"https:\/\/dibenedettoproductions.com\/","name":"Di Benedetto Productions","description":"","publisher":{"@id":"https:\/\/dibenedettoproductions.com\/#organization"},"potentialAction":[{"@type":"SearchAction","target":{"@type":"EntryPoint","urlTemplate":"https:\/\/dibenedettoproductions.com\/?s={search_term_string}"},"query-input":"required name=search_term_string"}],"inLanguage":"it-IT"},{"@type":"Organization","@id":"https:\/\/dibenedettoproductions.com\/#organization","name":"DI BENEDETTO PRODUCTIONS","url":"https:\/\/dibenedettoproductions.com\/","sameAs":[],"logo":{"@type":"ImageObject","inLanguage":"it-IT","@id":"https:\/\/dibenedettoproductions.com\/#\/schema\/logo\/image\/","url":"https:\/\/dibenedettoproductions.com\/wp-content\/uploads\/2021\/09\/logo_di_benedetto_productions.jpg","contentUrl":"https:\/\/dibenedettoproductions.com\/wp-content\/uploads\/2021\/09\/logo_di_benedetto_productions.jpg","width":225,"height":225,"caption":"DI BENEDETTO PRODUCTIONS"},"image":{"@id":"https:\/\/dibenedettoproductions.com\/#\/schema\/logo\/image\/"}}]}},"_links":{"self":[{"href":"https:\/\/dibenedettoproductions.com\/index.php?rest_route=\/wp\/v2\/pages\/3960","targetHints":{"allow":["GET"]}}],"collection":[{"href":"https:\/\/dibenedettoproductions.com\/index.php?rest_route=\/wp\/v2\/pages"}],"about":[{"href":"https:\/\/dibenedettoproductions.com\/index.php?rest_route=\/wp\/v2\/types\/page"}],"author":[{"embeddable":true,"href":"https:\/\/dibenedettoproductions.com\/index.php?rest_route=\/wp\/v2\/users\/1"}],"replies":[{"embeddable":true,"href":"https:\/\/dibenedettoproductions.com\/index.php?rest_route=%2Fwp%2Fv2%2Fcomments&post=3960"}],"version-history":[{"count":7,"href":"https:\/\/dibenedettoproductions.com\/index.php?rest_route=\/wp\/v2\/pages\/3960\/revisions"}],"predecessor-version":[{"id":5860,"href":"https:\/\/dibenedettoproductions.com\/index.php?rest_route=\/wp\/v2\/pages\/3960\/revisions\/5860"}],"wp:attachment":[{"href":"https:\/\/dibenedettoproductions.com\/index.php?rest_route=%2Fwp%2Fv2%2Fmedia&parent=3960"}],"wp:term":[{"taxonomy":"category","embeddable":true,"href":"https:\/\/dibenedettoproductions.com\/index.php?rest_route=%2Fwp%2Fv2%2Fcategories&post=3960"},{"taxonomy":"post_tag","embeddable":true,"href":"https:\/\/dibenedettoproductions.com\/index.php?rest_route=%2Fwp%2Fv2%2Ftags&post=3960"}],"curies":[{"name":"wp","href":"https:\/\/api.w.org\/{rel}","templated":true}]}}