{"id":3952,"date":"2021-02-24T11:20:49","date_gmt":"2021-02-24T11:20:49","guid":{"rendered":"https:\/\/dibenedettoproductions.com\/?page_id=3952"},"modified":"2021-08-06T07:03:09","modified_gmt":"2021-08-06T07:03:09","slug":"por-tu-life-remix","status":"publish","type":"page","link":"https:\/\/dibenedettoproductions.com\/?page_id=3952","title":{"rendered":"Por Tu Life Remix"},"content":{"rendered":"\t\t<div data-elementor-type=\"wp-page\" data-elementor-id=\"3952\" class=\"elementor elementor-3952\" data-elementor-settings=\"[]\">\n\t\t\t\t\t\t<div class=\"elementor-inner\">\n\t\t\t\t\t\t\t<div class=\"elementor-section-wrap\">\n\t\t\t\t\t\t\t<section class=\"elementor-section elementor-top-section elementor-element elementor-element-b9ce061 elementor-section-stretched elementor-section-boxed elementor-section-height-default elementor-section-height-default\" data-id=\"b9ce061\" data-element_type=\"section\" data-settings=\"{&quot;stretch_section&quot;:&quot;section-stretched&quot;,&quot;background_background&quot;:&quot;classic&quot;}\">\n\t\t\t\t\t\t<div class=\"elementor-container elementor-column-gap-default\">\n\t\t\t\t\t\t\t<div class=\"elementor-row\">\n\t\t\t\t\t<div class=\"elementor-column elementor-col-25 elementor-top-column elementor-element elementor-element-fa1dde7\" data-id=\"fa1dde7\" data-element_type=\"column\">\n\t\t\t<div class=\"elementor-column-wrap elementor-element-populated\">\n\t\t\t\t\t\t\t<div class=\"elementor-widget-wrap\">\n\t\t\t\t\t\t<div class=\"elementor-element elementor-element-c0ff8b0 elementor-align-center elementor-widget elementor-widget-button\" data-id=\"c0ff8b0\" data-element_type=\"widget\" data-widget_type=\"button.default\">\n\t\t\t\t<div class=\"elementor-widget-container\">\n\t\t\t\t\t<div class=\"elementor-button-wrapper\">\n\t\t\t<a href=\"https:\/\/open.spotify.com\/track\/4Zg3RZyhNh3gcxtkEMHlop?si=OdxMORVZTM6PD5iUGM9dKQ%20\" class=\"elementor-button-link elementor-button elementor-size-sm\" role=\"button\">\n\t\t\t\t\t\t<span class=\"elementor-button-content-wrapper\">\n\t\t\t\t\t\t<span class=\"elementor-button-text\">SPOTIFY<\/span>\n\t\t<\/span>\n\t\t\t\t\t<\/a>\n\t\t<\/div>\n\t\t\t\t<\/div>\n\t\t\t\t<\/div>\n\t\t\t\t\t\t<\/div>\n\t\t\t\t\t<\/div>\n\t\t<\/div>\n\t\t\t\t<div class=\"elementor-column elementor-col-25 elementor-top-column elementor-element elementor-element-7bab668\" data-id=\"7bab668\" data-element_type=\"column\">\n\t\t\t<div class=\"elementor-column-wrap elementor-element-populated\">\n\t\t\t\t\t\t\t<div class=\"elementor-widget-wrap\">\n\t\t\t\t\t\t<div class=\"elementor-element elementor-element-c7fa4cf elementor-align-center elementor-widget elementor-widget-button\" data-id=\"c7fa4cf\" data-element_type=\"widget\" data-widget_type=\"button.default\">\n\t\t\t\t<div class=\"elementor-widget-container\">\n\t\t\t\t\t<div class=\"elementor-button-wrapper\">\n\t\t\t<a href=\"https:\/\/music.apple.com\/us\/album\/por-tu-life-remix\/1349433452?i=1349433605%20\" class=\"elementor-button-link elementor-button elementor-size-sm\" role=\"button\">\n\t\t\t\t\t\t<span class=\"elementor-button-content-wrapper\">\n\t\t\t\t\t\t<span class=\"elementor-button-text\">APPLE MUSIC<\/span>\n\t\t<\/span>\n\t\t\t\t\t<\/a>\n\t\t<\/div>\n\t\t\t\t<\/div>\n\t\t\t\t<\/div>\n\t\t\t\t\t\t<\/div>\n\t\t\t\t\t<\/div>\n\t\t<\/div>\n\t\t\t\t<div class=\"elementor-column elementor-col-25 elementor-top-column elementor-element elementor-element-2d4ab72\" data-id=\"2d4ab72\" data-element_type=\"column\">\n\t\t\t<div class=\"elementor-column-wrap elementor-element-populated\">\n\t\t\t\t\t\t\t<div class=\"elementor-widget-wrap\">\n\t\t\t\t\t\t<div class=\"elementor-element elementor-element-179245f elementor-align-center elementor-widget elementor-widget-button\" data-id=\"179245f\" data-element_type=\"widget\" data-widget_type=\"button.default\">\n\t\t\t\t<div class=\"elementor-widget-container\">\n\t\t\t\t\t<div class=\"elementor-button-wrapper\">\n\t\t\t<a href=\"https:\/\/deezer.page.link\/JqbbTnLFknY7Tc1c9\" class=\"elementor-button-link elementor-button elementor-size-sm\" role=\"button\">\n\t\t\t\t\t\t<span class=\"elementor-button-content-wrapper\">\n\t\t\t\t\t\t<span class=\"elementor-button-text\">DEEZER<\/span>\n\t\t<\/span>\n\t\t\t\t\t<\/a>\n\t\t<\/div>\n\t\t\t\t<\/div>\n\t\t\t\t<\/div>\n\t\t\t\t\t\t<\/div>\n\t\t\t\t\t<\/div>\n\t\t<\/div>\n\t\t\t\t<div class=\"elementor-column elementor-col-25 elementor-top-column elementor-element elementor-element-98e4434\" data-id=\"98e4434\" data-element_type=\"column\">\n\t\t\t<div class=\"elementor-column-wrap elementor-element-populated\">\n\t\t\t\t\t\t\t<div class=\"elementor-widget-wrap\">\n\t\t\t\t\t\t<div class=\"elementor-element elementor-element-8ddba60 elementor-align-center elementor-widget elementor-widget-button\" data-id=\"8ddba60\" data-element_type=\"widget\" data-widget_type=\"button.default\">\n\t\t\t\t<div class=\"elementor-widget-container\">\n\t\t\t\t\t<div class=\"elementor-button-wrapper\">\n\t\t\t<a href=\"https:\/\/music.amazon.com\/albums\/B07TCHV2JG?trackAsin=B07T8B3GQ6&#038;ref=dm_sh_2236-46e9-dmcp-5725-d2e2d&#038;musicTerritory=US&#038;marketplaceId=ATVPDKIKX0DER%20\" class=\"elementor-button-link elementor-button elementor-size-sm\" role=\"button\">\n\t\t\t\t\t\t<span class=\"elementor-button-content-wrapper\">\n\t\t\t\t\t\t<span class=\"elementor-button-text\">AMAZON MUSIC<\/span>\n\t\t<\/span>\n\t\t\t\t\t<\/a>\n\t\t<\/div>\n\t\t\t\t<\/div>\n\t\t\t\t<\/div>\n\t\t\t\t\t\t<\/div>\n\t\t\t\t\t<\/div>\n\t\t<\/div>\n\t\t\t\t\t\t\t\t<\/div>\n\t\t\t\t\t<\/div>\n\t\t<\/section>\n\t\t\t\t<section class=\"elementor-section elementor-top-section elementor-element elementor-element-c3e40f3 elementor-section-stretched elementor-section-boxed elementor-section-height-default elementor-section-height-default\" data-id=\"c3e40f3\" data-element_type=\"section\" data-settings=\"{&quot;stretch_section&quot;:&quot;section-stretched&quot;,&quot;background_background&quot;:&quot;classic&quot;}\">\n\t\t\t\t\t\t<div class=\"elementor-container elementor-column-gap-default\">\n\t\t\t\t\t\t\t<div class=\"elementor-row\">\n\t\t\t\t\t<div class=\"elementor-column elementor-col-100 elementor-top-column elementor-element elementor-element-45631aa\" data-id=\"45631aa\" data-element_type=\"column\">\n\t\t\t<div class=\"elementor-column-wrap elementor-element-populated\">\n\t\t\t\t\t\t\t<div class=\"elementor-widget-wrap\">\n\t\t\t\t\t\t<div class=\"elementor-element elementor-element-e249dec elementor-widget elementor-widget-text-editor\" data-id=\"e249dec\" data-element_type=\"widget\" data-widget_type=\"text-editor.default\">\n\t\t\t\t<div class=\"elementor-widget-container\">\n\t\t\t\t\t\t\t\t<div class=\"elementor-text-editor elementor-clearfix\">\n\t\t\t\t<div><p style=\"text-align: center;\"><span style=\"color: #ffffff;\">Ella est\u00e1 en la disco bailando suave<\/span><\/p><p style=\"text-align: center;\"><span style=\"color: #ffffff;\">Ella sabe que me pone grave<\/span><\/p><p style=\"text-align: center;\"><span style=\"color: #ffffff;\">Que tiene la llave, ella sabe<\/span><\/p><p style=\"text-align: center;\"><span style=\"color: #ffffff;\">Que no aguanto cuando me mira as\u00ed<\/span><\/p><p style=\"text-align: center;\"><span style=\"color: #ffffff;\">Cuando baja hasta al piso<\/span><\/p><p style=\"text-align: center;\"><span style=\"color: #ffffff;\">Y lo mueve as\u00ed<\/span><\/p><p style=\"text-align: center;\">\u00a0<\/p><p style=\"text-align: center;\"><span style=\"color: #ffffff;\">Mamacita por tu life<\/span><\/p><p style=\"text-align: center;\"><span style=\"color: #ffffff;\">Chalalalalalala chalalalalalalay<\/span><\/p><p style=\"text-align: center;\"><span style=\"color: #ffffff;\">Mira que t\u00fa est\u00e1s rica mami yo te doy like<\/span><\/p><p style=\"text-align: center;\"><span style=\"color: #ffffff;\">Calienta Cuba y calienta el United<\/span><\/p><p style=\"text-align: center;\"><span style=\"color: #ffffff;\">Mamacita por tu life<\/span><\/p><p style=\"text-align: center;\"><span style=\"color: #ffffff;\">Chalalalalalala chalalalalalalay<\/span><\/p><p style=\"text-align: center;\"><span style=\"color: #ffffff;\">Verdad que t\u00fa est\u00e1s rica mami yo te doy like<\/span><\/p><p style=\"text-align: center;\"><span style=\"color: #ffffff;\">Y te gusta emborracharte toda la tonight<\/span><\/p><p style=\"text-align: center;\">\u00a0<\/p><p style=\"text-align: center;\"><span style=\"color: #ffffff;\">Oye p\u00e1rtete toda, pr\u00e9ndete toda<\/span><\/p><p style=\"text-align: center;\"><span style=\"color: #ffffff;\">Dale arreb\u00e1tate toda<\/span><\/p><p style=\"text-align: center;\"><span style=\"color: #ffffff;\">Vu\u00e9lvete loca baja hasta al piso<\/span><\/p><p style=\"text-align: center;\"><span style=\"color: #ffffff;\">Para que veas c\u00f3mo me desquicio<\/span><\/p><p style=\"text-align: center;\"><span style=\"color: #ffffff;\">T\u00fa eres mi tata y yo soy tu titi<\/span><\/p><p style=\"text-align: center;\"><span style=\"color: #ffffff;\">T\u00fa eres mi repa y yo soy tu miqui<\/span><\/p><p style=\"text-align: center;\"><span style=\"color: #ffffff;\">T\u00fa est\u00e1s riqui riqui riqui riqui riqui<\/span><\/p><p style=\"text-align: center;\"><span style=\"color: #ffffff;\">Dale vamos lejos para ponernos chini loco<\/span><\/p><p style=\"text-align: center;\"><span style=\"color: #ffffff;\">Mamacita por tu life<\/span><\/p><p style=\"text-align: center;\"><span style=\"color: #ffffff;\">Chalalalalalala chalalalalalalay<\/span><\/p><p style=\"text-align: center;\"><span style=\"color: #ffffff;\">Mira que t\u00fa est\u00e1s rica mami yo te doy like<\/span><\/p><p style=\"text-align: center;\"><span style=\"color: #ffffff;\">Calienta Cuba y calienta el United<\/span><\/p><p style=\"text-align: center;\"><span style=\"color: #ffffff;\">Mamacita por tu life<\/span><\/p><p style=\"text-align: center;\"><span style=\"color: #ffffff;\">Chalalalalalala chalalalalalalay<\/span><\/p><p style=\"text-align: center;\"><span style=\"color: #ffffff;\">Verdad que t\u00fa est\u00e1s rica mami yo te doy like<\/span><\/p><p style=\"text-align: center;\"><span style=\"color: #ffffff;\">Y te gusta emborracharte toda la tonight<\/span><\/p><p style=\"text-align: center;\">\u00a0<\/p><p style=\"text-align: center;\"><span style=\"color: #ffffff;\">Por tu life, qu\u00e9date toda la noche<\/span><\/p><p style=\"text-align: center;\"><span style=\"color: #ffffff;\">Con tu samuray y qu\u00edtate tu vestido Versace<\/span><\/p><p style=\"text-align: center;\"><span style=\"color: #ffffff;\">Lento no tan r\u00e1pido, aqu\u00ed tiene un amigo<\/span><\/p><p style=\"text-align: center;\"><span style=\"color: #ffffff;\">Un poco pervertido calienta que yo te sigo<\/span><\/p><p style=\"text-align: center;\"><span style=\"color: #ffffff;\">Por tu life, calienta que yo te sigo<\/span><\/p><p style=\"text-align: center;\"><span style=\"color: #ffffff;\">Por tu life, calienta que yo te sigo<\/span><\/p><p style=\"text-align: center;\">\u00a0<\/p><p style=\"text-align: center;\"><span style=\"color: #ffffff;\">Mamacita por tu life<\/span><\/p><p style=\"text-align: center;\"><span style=\"color: #ffffff;\">Chalalalalalala chalalalalalalay<\/span><\/p><p style=\"text-align: center;\"><span style=\"color: #ffffff;\">Verdad que t\u00fa est\u00e1s rica mami yo te doy like<\/span><\/p><p style=\"text-align: center;\"><span style=\"color: #ffffff;\">Y te gusta emborracharte toda la tonight<\/span><\/p><p style=\"text-align: center;\"><span style=\"color: #ffffff;\">Mamacita por tu life<\/span><\/p><p style=\"text-align: center;\"><span style=\"color: #ffffff;\">Chalalalalalala chalalalalalalay<\/span><\/p><p style=\"text-align: center;\"><span style=\"color: #ffffff;\">Mira que t\u00fa est\u00e1s rica mami yo te doy like<\/span><\/p><p style=\"text-align: center;\"><span style=\"color: #ffffff;\">Calienta Cuba y calienta el United<\/span><\/p><p style=\"text-align: center;\">\u00a0<\/p><p style=\"text-align: center;\"><span style=\"color: #ffffff;\">Dale mami, no te midas<\/span><\/p><p style=\"text-align: center;\"><span style=\"color: #ffffff;\">Que yo s\u00e9 que t\u00fa, est\u00e1s para salir por un canal<\/span><\/p><p style=\"text-align: center;\"><span style=\"color: #ffffff;\">Dale mami, no te midas<\/span><\/p><p style=\"text-align: center;\"><span style=\"color: #ffffff;\">Que nos vamos, t\u00fa eres m\u00eda<\/span><\/p><p style=\"text-align: center;\"><span style=\"color: #ffffff;\">Ella est\u00e1 en la disco bailando suave<\/span><\/p><p style=\"text-align: center;\"><span style=\"color: #ffffff;\">Ella sabe que me pone grave<\/span><\/p><p style=\"text-align: center;\"><span style=\"color: #ffffff;\">Que tiene la llave, Ella ya sabe<\/span><\/p><p style=\"text-align: center;\"><span style=\"color: #ffffff;\">Que no aguanto cuando me mira as\u00ed<\/span><\/p><p style=\"text-align: center;\"><span style=\"color: #ffffff;\">Cuando baja hasta al piso<\/span><\/p><p style=\"text-align: center;\"><span style=\"color: #ffffff;\">Y lo mueve as\u00ed<\/span><\/p><p style=\"text-align: center;\">\u00a0<\/p><p style=\"text-align: center;\"><span style=\"color: #ffffff;\">Mamacita por tu life<\/span><\/p><p style=\"text-align: center;\"><span style=\"color: #ffffff;\">Chalalalalalala chalalalalalalay<\/span><\/p><p style=\"text-align: center;\"><span style=\"color: #ffffff;\">Mira que t\u00fa est\u00e1s rica mami yo te doy like<\/span><\/p><p style=\"text-align: center;\"><span style=\"color: #ffffff;\">Calienta Cuba y calienta el United<\/span><\/p><p style=\"text-align: center;\"><span style=\"color: #ffffff;\">Mamacita por tu life<\/span><\/p><p style=\"text-align: center;\"><span style=\"color: #ffffff;\">Chalalalalalala chalalalalalalay<\/span><\/p><p style=\"text-align: center;\"><span style=\"color: #ffffff;\">Verdad que t\u00fa est\u00e1s rica mami yo te doy like<\/span><\/p><p style=\"text-align: center;\"><span style=\"color: #ffffff;\">Y te gusta emborracharte toda la tonight<\/span><\/p><p style=\"text-align: center;\">\u00a0<\/p><p style=\"text-align: center;\"><span style=\"color: #ffffff;\">Por tu life, calienta que yo te sigo<\/span><\/p><p style=\"text-align: center;\"><span style=\"color: #ffffff;\">Por tu life, calienta que yo te sigo<\/span><\/p><p style=\"text-align: center;\"><span style=\"color: #ffffff;\">Por tu life, calienta que yo te sigo<\/span><\/p><p style=\"text-align: center;\"><span style=\"color: #ffffff;\">Por tu life, calienta que yo te sigo<\/span><\/p><p style=\"text-align: center;\"><span style=\"color: #ffffff;\">Por tu life, calienta que yo te sigo<\/span><\/p><p style=\"text-align: center;\"><span style=\"color: #ffffff;\">Por tu life, calienta que yo te sigo<\/span><\/p><p style=\"text-align: center;\"><span style=\"color: #ffffff;\">Por tu life, calienta que yo te sigo<\/span><\/p><p style=\"text-align: center;\"><span style=\"color: #ffffff;\">Por tu life, calienta que yo te sigo<\/span><\/p><p style=\"text-align: center;\">\u00a0<\/p><p style=\"text-align: center;\"><span style=\"color: #ffffff;\">Por tu life, calienta que yo te sigo<\/span><\/p><p style=\"text-align: center;\"><span style=\"color: #ffffff;\">Por tu life, calienta que yo te sigo<\/span><\/p><p style=\"text-align: center;\"><span style=\"color: #ffffff;\">Por tu life, calienta que yo te sigo<\/span><\/p><p style=\"text-align: center;\"><span style=\"color: #ffffff;\">Por tu life, calienta que yo te sigo<\/span><\/p><p style=\"text-align: center;\"><span style=\"color: #ffffff;\">Por tu life, calienta que yo te sigo<\/span><\/p><p style=\"text-align: center;\"><span style=\"color: #ffffff;\">Por tu life, calienta que yo te sigo<\/span><\/p><p style=\"text-align: center;\"><span style=\"color: #ffffff;\">Por tu life, calienta que yo te sigo<\/span><\/p><p style=\"text-align: center;\"><span style=\"color: #ffffff;\">Por tu life, calienta que yo te sigo<\/span><\/p><p style=\"text-align: center;\"><span style=\"color: #ffffff;\">Mamacita por tu life<\/span><\/p><\/div>\t\t\t\t\t<\/div>\n\t\t\t\t\t\t<\/div>\n\t\t\t\t<\/div>\n\t\t\t\t\t\t<\/div>\n\t\t\t\t\t<\/div>\n\t\t<\/div>\n\t\t\t\t\t\t\t\t<\/div>\n\t\t\t\t\t<\/div>\n\t\t<\/section>\n\t\t\t\t\t\t<\/div>\n\t\t\t\t\t\t<\/div>\n\t\t\t\t\t<\/div>\n\t\t","protected":false},"excerpt":{"rendered":"<p>SPOTIFY APPLE MUSIC DEEZER AMAZON MUSIC Ella est\u00e1 en la disco bailando suave Ella sabe que me pone grave Que tiene la llave, ella sabe Que no aguanto cuando me mira as\u00ed Cuando baja hasta al piso Y lo mueve as\u00ed \u00a0 Mamacita por tu life Chalalalalalala chalalalalalalay Mira que t\u00fa est\u00e1s rica mami yo.<\/p>\n","protected":false},"author":1,"featured_media":0,"parent":0,"menu_order":0,"comment_status":"closed","ping_status":"closed","template":"","meta":{"footnotes":""},"categories":[42],"tags":[],"class_list":["post-3952","page","type-page","status-publish","hentry","category-testi"],"yoast_head":"<!-- This site is optimized with the Yoast SEO plugin v19.6.1 - https:\/\/yoast.com\/wordpress\/plugins\/seo\/ -->\n<title>Por Tu Life Remix - Di Benedetto Productions<\/title>\n<meta name=\"robots\" content=\"index, follow, max-snippet:-1, max-image-preview:large, max-video-preview:-1\" \/>\n<link rel=\"canonical\" href=\"https:\/\/dibenedettoproductions.com\/?page_id=3952\" \/>\n<meta property=\"og:locale\" content=\"it_IT\" \/>\n<meta property=\"og:type\" content=\"article\" \/>\n<meta property=\"og:title\" content=\"Por Tu Life Remix - Di Benedetto Productions\" \/>\n<meta property=\"og:description\" content=\"SPOTIFY APPLE MUSIC DEEZER AMAZON MUSIC Ella est\u00e1 en la disco bailando suave Ella sabe que me pone grave Que tiene la llave, ella sabe Que no aguanto cuando me mira as\u00ed Cuando baja hasta al piso Y lo mueve as\u00ed \u00a0 Mamacita por tu life Chalalalalalala chalalalalalalay Mira que t\u00fa est\u00e1s rica mami yo.\" \/>\n<meta property=\"og:url\" content=\"https:\/\/dibenedettoproductions.com\/?page_id=3952\" \/>\n<meta property=\"og:site_name\" content=\"Di Benedetto Productions\" \/>\n<meta property=\"article:modified_time\" content=\"2021-08-06T07:03:09+00:00\" \/>\n<meta name=\"twitter:card\" content=\"summary_large_image\" \/>\n<meta name=\"twitter:label1\" content=\"Tempo di lettura stimato\" \/>\n\t<meta name=\"twitter:data1\" content=\"2 minuti\" \/>\n<script type=\"application\/ld+json\" class=\"yoast-schema-graph\">{\"@context\":\"https:\/\/schema.org\",\"@graph\":[{\"@type\":\"WebPage\",\"@id\":\"https:\/\/dibenedettoproductions.com\/?page_id=3952\",\"url\":\"https:\/\/dibenedettoproductions.com\/?page_id=3952\",\"name\":\"Por Tu Life Remix - Di Benedetto Productions\",\"isPartOf\":{\"@id\":\"https:\/\/dibenedettoproductions.com\/#website\"},\"datePublished\":\"2021-02-24T11:20:49+00:00\",\"dateModified\":\"2021-08-06T07:03:09+00:00\",\"breadcrumb\":{\"@id\":\"https:\/\/dibenedettoproductions.com\/?page_id=3952#breadcrumb\"},\"inLanguage\":\"it-IT\",\"potentialAction\":[{\"@type\":\"ReadAction\",\"target\":[\"https:\/\/dibenedettoproductions.com\/?page_id=3952\"]}]},{\"@type\":\"BreadcrumbList\",\"@id\":\"https:\/\/dibenedettoproductions.com\/?page_id=3952#breadcrumb\",\"itemListElement\":[{\"@type\":\"ListItem\",\"position\":1,\"name\":\"Home\",\"item\":\"https:\/\/dibenedettoproductions.com\/\"},{\"@type\":\"ListItem\",\"position\":2,\"name\":\"Por Tu Life Remix\"}]},{\"@type\":\"WebSite\",\"@id\":\"https:\/\/dibenedettoproductions.com\/#website\",\"url\":\"https:\/\/dibenedettoproductions.com\/\",\"name\":\"Di Benedetto Productions\",\"description\":\"\",\"publisher\":{\"@id\":\"https:\/\/dibenedettoproductions.com\/#organization\"},\"potentialAction\":[{\"@type\":\"SearchAction\",\"target\":{\"@type\":\"EntryPoint\",\"urlTemplate\":\"https:\/\/dibenedettoproductions.com\/?s={search_term_string}\"},\"query-input\":\"required name=search_term_string\"}],\"inLanguage\":\"it-IT\"},{\"@type\":\"Organization\",\"@id\":\"https:\/\/dibenedettoproductions.com\/#organization\",\"name\":\"DI BENEDETTO PRODUCTIONS\",\"url\":\"https:\/\/dibenedettoproductions.com\/\",\"sameAs\":[],\"logo\":{\"@type\":\"ImageObject\",\"inLanguage\":\"it-IT\",\"@id\":\"https:\/\/dibenedettoproductions.com\/#\/schema\/logo\/image\/\",\"url\":\"https:\/\/dibenedettoproductions.com\/wp-content\/uploads\/2021\/09\/logo_di_benedetto_productions.jpg\",\"contentUrl\":\"https:\/\/dibenedettoproductions.com\/wp-content\/uploads\/2021\/09\/logo_di_benedetto_productions.jpg\",\"width\":225,\"height\":225,\"caption\":\"DI BENEDETTO PRODUCTIONS\"},\"image\":{\"@id\":\"https:\/\/dibenedettoproductions.com\/#\/schema\/logo\/image\/\"}}]}<\/script>\n<!-- \/ Yoast SEO plugin. -->","yoast_head_json":{"title":"Por Tu Life Remix - Di Benedetto Productions","robots":{"index":"index","follow":"follow","max-snippet":"max-snippet:-1","max-image-preview":"max-image-preview:large","max-video-preview":"max-video-preview:-1"},"canonical":"https:\/\/dibenedettoproductions.com\/?page_id=3952","og_locale":"it_IT","og_type":"article","og_title":"Por Tu Life Remix - Di Benedetto Productions","og_description":"SPOTIFY APPLE MUSIC DEEZER AMAZON MUSIC Ella est\u00e1 en la disco bailando suave Ella sabe que me pone grave Que tiene la llave, ella sabe Que no aguanto cuando me mira as\u00ed Cuando baja hasta al piso Y lo mueve as\u00ed \u00a0 Mamacita por tu life Chalalalalalala chalalalalalalay Mira que t\u00fa est\u00e1s rica mami yo.","og_url":"https:\/\/dibenedettoproductions.com\/?page_id=3952","og_site_name":"Di Benedetto Productions","article_modified_time":"2021-08-06T07:03:09+00:00","twitter_card":"summary_large_image","twitter_misc":{"Tempo di lettura stimato":"2 minuti"},"schema":{"@context":"https:\/\/schema.org","@graph":[{"@type":"WebPage","@id":"https:\/\/dibenedettoproductions.com\/?page_id=3952","url":"https:\/\/dibenedettoproductions.com\/?page_id=3952","name":"Por Tu Life Remix - Di Benedetto Productions","isPartOf":{"@id":"https:\/\/dibenedettoproductions.com\/#website"},"datePublished":"2021-02-24T11:20:49+00:00","dateModified":"2021-08-06T07:03:09+00:00","breadcrumb":{"@id":"https:\/\/dibenedettoproductions.com\/?page_id=3952#breadcrumb"},"inLanguage":"it-IT","potentialAction":[{"@type":"ReadAction","target":["https:\/\/dibenedettoproductions.com\/?page_id=3952"]}]},{"@type":"BreadcrumbList","@id":"https:\/\/dibenedettoproductions.com\/?page_id=3952#breadcrumb","itemListElement":[{"@type":"ListItem","position":1,"name":"Home","item":"https:\/\/dibenedettoproductions.com\/"},{"@type":"ListItem","position":2,"name":"Por Tu Life Remix"}]},{"@type":"WebSite","@id":"https:\/\/dibenedettoproductions.com\/#website","url":"https:\/\/dibenedettoproductions.com\/","name":"Di Benedetto Productions","description":"","publisher":{"@id":"https:\/\/dibenedettoproductions.com\/#organization"},"potentialAction":[{"@type":"SearchAction","target":{"@type":"EntryPoint","urlTemplate":"https:\/\/dibenedettoproductions.com\/?s={search_term_string}"},"query-input":"required name=search_term_string"}],"inLanguage":"it-IT"},{"@type":"Organization","@id":"https:\/\/dibenedettoproductions.com\/#organization","name":"DI BENEDETTO PRODUCTIONS","url":"https:\/\/dibenedettoproductions.com\/","sameAs":[],"logo":{"@type":"ImageObject","inLanguage":"it-IT","@id":"https:\/\/dibenedettoproductions.com\/#\/schema\/logo\/image\/","url":"https:\/\/dibenedettoproductions.com\/wp-content\/uploads\/2021\/09\/logo_di_benedetto_productions.jpg","contentUrl":"https:\/\/dibenedettoproductions.com\/wp-content\/uploads\/2021\/09\/logo_di_benedetto_productions.jpg","width":225,"height":225,"caption":"DI BENEDETTO PRODUCTIONS"},"image":{"@id":"https:\/\/dibenedettoproductions.com\/#\/schema\/logo\/image\/"}}]}},"_links":{"self":[{"href":"https:\/\/dibenedettoproductions.com\/index.php?rest_route=\/wp\/v2\/pages\/3952","targetHints":{"allow":["GET"]}}],"collection":[{"href":"https:\/\/dibenedettoproductions.com\/index.php?rest_route=\/wp\/v2\/pages"}],"about":[{"href":"https:\/\/dibenedettoproductions.com\/index.php?rest_route=\/wp\/v2\/types\/page"}],"author":[{"embeddable":true,"href":"https:\/\/dibenedettoproductions.com\/index.php?rest_route=\/wp\/v2\/users\/1"}],"replies":[{"embeddable":true,"href":"https:\/\/dibenedettoproductions.com\/index.php?rest_route=%2Fwp%2Fv2%2Fcomments&post=3952"}],"version-history":[{"count":7,"href":"https:\/\/dibenedettoproductions.com\/index.php?rest_route=\/wp\/v2\/pages\/3952\/revisions"}],"predecessor-version":[{"id":5857,"href":"https:\/\/dibenedettoproductions.com\/index.php?rest_route=\/wp\/v2\/pages\/3952\/revisions\/5857"}],"wp:attachment":[{"href":"https:\/\/dibenedettoproductions.com\/index.php?rest_route=%2Fwp%2Fv2%2Fmedia&parent=3952"}],"wp:term":[{"taxonomy":"category","embeddable":true,"href":"https:\/\/dibenedettoproductions.com\/index.php?rest_route=%2Fwp%2Fv2%2Fcategories&post=3952"},{"taxonomy":"post_tag","embeddable":true,"href":"https:\/\/dibenedettoproductions.com\/index.php?rest_route=%2Fwp%2Fv2%2Ftags&post=3952"}],"curies":[{"name":"wp","href":"https:\/\/api.w.org\/{rel}","templated":true}]}}