{"id":3854,"date":"2021-02-24T09:44:40","date_gmt":"2021-02-24T09:44:40","guid":{"rendered":"https:\/\/dibenedettoproductions.com\/?page_id=3854"},"modified":"2021-08-05T15:19:51","modified_gmt":"2021-08-05T15:19:51","slug":"mori-contigo","status":"publish","type":"page","link":"https:\/\/dibenedettoproductions.com\/?page_id=3854","title":{"rendered":"Mor\u00ed Contigo"},"content":{"rendered":"\t\t<div data-elementor-type=\"wp-page\" data-elementor-id=\"3854\" class=\"elementor elementor-3854\" data-elementor-settings=\"[]\">\n\t\t\t\t\t\t<div class=\"elementor-inner\">\n\t\t\t\t\t\t\t<div class=\"elementor-section-wrap\">\n\t\t\t\t\t\t\t<section class=\"elementor-section elementor-top-section elementor-element elementor-element-9fdd0bd elementor-section-stretched elementor-section-boxed elementor-section-height-default elementor-section-height-default\" data-id=\"9fdd0bd\" data-element_type=\"section\" data-settings=\"{&quot;stretch_section&quot;:&quot;section-stretched&quot;,&quot;background_background&quot;:&quot;classic&quot;}\">\n\t\t\t\t\t\t<div class=\"elementor-container elementor-column-gap-default\">\n\t\t\t\t\t\t\t<div class=\"elementor-row\">\n\t\t\t\t\t<div class=\"elementor-column elementor-col-25 elementor-top-column elementor-element elementor-element-0f38e39\" data-id=\"0f38e39\" data-element_type=\"column\">\n\t\t\t<div class=\"elementor-column-wrap elementor-element-populated\">\n\t\t\t\t\t\t\t<div class=\"elementor-widget-wrap\">\n\t\t\t\t\t\t<div class=\"elementor-element elementor-element-6dba25f elementor-align-center elementor-widget elementor-widget-button\" data-id=\"6dba25f\" data-element_type=\"widget\" data-widget_type=\"button.default\">\n\t\t\t\t<div class=\"elementor-widget-container\">\n\t\t\t\t\t<div class=\"elementor-button-wrapper\">\n\t\t\t<a href=\"https:\/\/open.spotify.com\/track\/1CkWdsutVyZ7WiG0saRSvO?si=Sor87I82SAuGgxjbsXgYrw%20%20\" class=\"elementor-button-link elementor-button elementor-size-sm\" role=\"button\">\n\t\t\t\t\t\t<span class=\"elementor-button-content-wrapper\">\n\t\t\t\t\t\t<span class=\"elementor-button-text\">SPOTIFY<\/span>\n\t\t<\/span>\n\t\t\t\t\t<\/a>\n\t\t<\/div>\n\t\t\t\t<\/div>\n\t\t\t\t<\/div>\n\t\t\t\t\t\t<\/div>\n\t\t\t\t\t<\/div>\n\t\t<\/div>\n\t\t\t\t<div class=\"elementor-column elementor-col-25 elementor-top-column elementor-element elementor-element-44974c4\" data-id=\"44974c4\" data-element_type=\"column\">\n\t\t\t<div class=\"elementor-column-wrap elementor-element-populated\">\n\t\t\t\t\t\t\t<div class=\"elementor-widget-wrap\">\n\t\t\t\t\t\t<div class=\"elementor-element elementor-element-0864664 elementor-align-center elementor-widget elementor-widget-button\" data-id=\"0864664\" data-element_type=\"widget\" data-widget_type=\"button.default\">\n\t\t\t\t<div class=\"elementor-widget-container\">\n\t\t\t\t\t<div class=\"elementor-button-wrapper\">\n\t\t\t<a href=\"https:\/\/music.apple.com\/us\/album\/mor%C3%AD-contigo\/1463567684?i=1463567685\" class=\"elementor-button-link elementor-button elementor-size-sm\" role=\"button\">\n\t\t\t\t\t\t<span class=\"elementor-button-content-wrapper\">\n\t\t\t\t\t\t<span class=\"elementor-button-text\">APPLE MUSIC<\/span>\n\t\t<\/span>\n\t\t\t\t\t<\/a>\n\t\t<\/div>\n\t\t\t\t<\/div>\n\t\t\t\t<\/div>\n\t\t\t\t\t\t<\/div>\n\t\t\t\t\t<\/div>\n\t\t<\/div>\n\t\t\t\t<div class=\"elementor-column elementor-col-25 elementor-top-column elementor-element elementor-element-b52ebdf\" data-id=\"b52ebdf\" data-element_type=\"column\">\n\t\t\t<div class=\"elementor-column-wrap elementor-element-populated\">\n\t\t\t\t\t\t\t<div class=\"elementor-widget-wrap\">\n\t\t\t\t\t\t<div class=\"elementor-element elementor-element-a06df63 elementor-align-center elementor-widget elementor-widget-button\" data-id=\"a06df63\" data-element_type=\"widget\" data-widget_type=\"button.default\">\n\t\t\t\t<div class=\"elementor-widget-container\">\n\t\t\t\t\t<div class=\"elementor-button-wrapper\">\n\t\t\t<a href=\"https:\/\/deezer.page.link\/5nqxgzGLkm9w1tPL7%20\" class=\"elementor-button-link elementor-button elementor-size-sm\" role=\"button\">\n\t\t\t\t\t\t<span class=\"elementor-button-content-wrapper\">\n\t\t\t\t\t\t<span class=\"elementor-button-text\">DEEZER<\/span>\n\t\t<\/span>\n\t\t\t\t\t<\/a>\n\t\t<\/div>\n\t\t\t\t<\/div>\n\t\t\t\t<\/div>\n\t\t\t\t\t\t<\/div>\n\t\t\t\t\t<\/div>\n\t\t<\/div>\n\t\t\t\t<div class=\"elementor-column elementor-col-25 elementor-top-column elementor-element elementor-element-9df26d1\" data-id=\"9df26d1\" data-element_type=\"column\">\n\t\t\t<div class=\"elementor-column-wrap elementor-element-populated\">\n\t\t\t\t\t\t\t<div class=\"elementor-widget-wrap\">\n\t\t\t\t\t\t<div class=\"elementor-element elementor-element-d63927d elementor-align-center elementor-widget elementor-widget-button\" data-id=\"d63927d\" data-element_type=\"widget\" data-widget_type=\"button.default\">\n\t\t\t\t<div class=\"elementor-widget-container\">\n\t\t\t\t\t<div class=\"elementor-button-wrapper\">\n\t\t\t<a href=\"https:\/\/music.amazon.com\/albums\/B07RSWTP2R?trackAsin=B07RSXKTGR&#038;ref=dm_sh_7c33-412b-dmcp-f4c3-4e82e&#038;musicTerritory=US&#038;marketplaceId=ATVPDKIKX0DER%20\" class=\"elementor-button-link elementor-button elementor-size-sm\" role=\"button\">\n\t\t\t\t\t\t<span class=\"elementor-button-content-wrapper\">\n\t\t\t\t\t\t<span class=\"elementor-button-text\">AMAZON MUSIC<\/span>\n\t\t<\/span>\n\t\t\t\t\t<\/a>\n\t\t<\/div>\n\t\t\t\t<\/div>\n\t\t\t\t<\/div>\n\t\t\t\t\t\t<\/div>\n\t\t\t\t\t<\/div>\n\t\t<\/div>\n\t\t\t\t\t\t\t\t<\/div>\n\t\t\t\t\t<\/div>\n\t\t<\/section>\n\t\t\t\t<section class=\"elementor-section elementor-top-section elementor-element elementor-element-6baab9c elementor-section-stretched elementor-section-boxed elementor-section-height-default elementor-section-height-default\" data-id=\"6baab9c\" data-element_type=\"section\" data-settings=\"{&quot;stretch_section&quot;:&quot;section-stretched&quot;,&quot;background_background&quot;:&quot;classic&quot;}\">\n\t\t\t\t\t\t<div class=\"elementor-container elementor-column-gap-default\">\n\t\t\t\t\t\t\t<div class=\"elementor-row\">\n\t\t\t\t\t<div class=\"elementor-column elementor-col-100 elementor-top-column elementor-element elementor-element-b3ad7b0\" data-id=\"b3ad7b0\" data-element_type=\"column\">\n\t\t\t<div class=\"elementor-column-wrap elementor-element-populated\">\n\t\t\t\t\t\t\t<div class=\"elementor-widget-wrap\">\n\t\t\t\t\t\t<div class=\"elementor-element elementor-element-943aba9 elementor-widget elementor-widget-text-editor\" data-id=\"943aba9\" data-element_type=\"widget\" data-widget_type=\"text-editor.default\">\n\t\t\t\t<div class=\"elementor-widget-container\">\n\t\t\t\t\t\t\t\t<div class=\"elementor-text-editor elementor-clearfix\">\n\t\t\t\t<div><p style=\"text-align: center;\"><span style=\"color: #ffffff;\">O oo Yulien Oviedo y Enzo<\/span><\/p><p style=\"text-align: center;\"><span style=\"color: #ffffff;\">Bailando t\u00fa me pones mal y cuando empiezas a bajar<\/span><\/p><p style=\"text-align: center;\"><span style=\"color: #ffffff;\">Me mata me mata mami tu cintura me mata oye mira<\/span><\/p><p style=\"text-align: center;\"><span style=\"color: #ffffff;\">Es que t\u00fa eres una asesina bandida profesional<\/span><\/p><p style=\"text-align: center;\"><span style=\"color: #ffffff;\">Ando con Enzo y dime si te pasamos a buscar<\/span><\/p><p style=\"text-align: center;\"><span style=\"color: #ffffff;\">Me encanta como t\u00fa te pones cuando t\u00fa me lo hace a m\u00ed<\/span><\/p><p style=\"text-align: center;\"><span style=\"color: #ffffff;\">Mor\u00ed contigo contigo Mor\u00ed<\/span><\/p><p style=\"text-align: center;\"><span style=\"color: #ffffff;\">Puti lo siento y se supone que t\u00fa no te pusieras as\u00ed<\/span><\/p><p style=\"text-align: center;\"><span style=\"color: #ffffff;\">Mor\u00ed contigo contigo Mor\u00ed<\/span><\/p><p style=\"text-align: center;\"><span style=\"color: #ffffff;\">Aprovecha ahora que ma\u00f1ana no hay chance<\/span><\/p><p style=\"text-align: center;\"><span style=\"color: #ffffff;\">Aprovecha ahora que ma\u00f1ana no hay brake<\/span><\/p><p style=\"text-align: center;\"><span style=\"color: #ffffff;\">Que todo est\u00e1 rico rico que todo est\u00e1 ok ok<\/span><\/p><p style=\"text-align: center;\"><span style=\"color: #ffffff;\">Botella por la disco con fueguito<\/span><\/p><p style=\"text-align: center;\"><span style=\"color: #ffffff;\">De la sangre nueva lo m\u00e1s mejorcito<\/span><\/p><p style=\"text-align: center;\"><span style=\"color: #ffffff;\">Si no entiendes te explic\u00f3 ahora mira c\u00f3mo baila mi negrito<\/span><\/p><p style=\"text-align: center;\"><span style=\"color: #ffffff;\">Me encanta como t\u00fa te pones cuando t\u00fa me lo hace a m\u00ed<\/span><\/p><p style=\"text-align: center;\"><span style=\"color: #ffffff;\">Mor\u00ed contigo contigo Mor\u00ed<\/span><\/p><p style=\"text-align: center;\"><span style=\"color: #ffffff;\">Puti lo siento y se supone que t\u00fa no te pusieras as\u00ed<\/span><\/p><p style=\"text-align: center;\"><span style=\"color: #ffffff;\">Mor\u00ed contigo contigo Mor\u00ed<\/span><\/p><p style=\"text-align: center;\"><span style=\"color: #ffffff;\">Mor\u00ed de la forma en que t\u00fa me miras con esa cara linda que t\u00fa tienes<\/span><\/p><p style=\"text-align: center;\"><span style=\"color: #ffffff;\">A m\u00ed me gusta cuando t\u00fa te vas a m\u00ed me gusta como t\u00fa te vienes<\/span><\/p><p style=\"text-align: center;\"><span style=\"color: #ffffff;\">Me gusta como baila esa mu\u00f1eca descara<\/span><\/p><p style=\"text-align: center;\"><span style=\"color: #ffffff;\">Ve llamando un par de amigas que esta noche voy a cerrar<\/span><\/p><p style=\"text-align: center;\"><span style=\"color: #ffffff;\">A m\u00ed me gusta como baila esa mu\u00f1eca descara<\/span><\/p><p style=\"text-align: center;\"><span style=\"color: #ffffff;\">Ve buscando un par de amigas que esta noche voy a cerrar<\/span><\/p><p style=\"text-align: center;\"><span style=\"color: #ffffff;\">Me encanta como t\u00fa te pones cuando t\u00fa me lo hace a mi Mor\u00ed contigo contigo Mor\u00ed<\/span><\/p><p style=\"text-align: center;\"><span style=\"color: #ffffff;\">Puti lo siento y se supone que t\u00fa no te pusieras as\u00ed Mor\u00ed contigo contigo Mor\u00ed<\/span><\/p><p style=\"text-align: center;\"><span style=\"color: #ffffff;\">Mira ando con pipo y con pupu aqu\u00ed no se descansa<\/span><\/p><p style=\"text-align: center;\"><span style=\"color: #ffffff;\">Y ahora coge ahora coge coge pauta prrrrr<\/span><\/p><p style=\"text-align: center;\"><span style=\"color: #ffffff;\">Ahora vamos a calentar el tema, Ahora vamos a calentar la yarda<\/span><\/p><p style=\"text-align: center;\"><span style=\"color: #ffffff;\">Al que le duela que le duela, Y al que le arda que le arda<\/span><\/p><p style=\"text-align: center;\"><span style=\"color: #ffffff;\">Me gusta como baila esa mu\u00f1eca descara<\/span><\/p><p style=\"text-align: center;\"><span style=\"color: #ffffff;\">Ve llamando un par de amigas que esta noche voy a cerrar<\/span><\/p><p style=\"text-align: center;\"><span style=\"color: #ffffff;\">A m\u00ed me gusta como baila esa mu\u00f1eca descara<\/span><\/p><p style=\"text-align: center;\"><span style=\"color: #ffffff;\">Ve buscando un par de amigas que esta noche voy a cerrar<\/span><\/p><p style=\"text-align: center;\"><span style=\"color: #ffffff;\">Di Benedetto Production Enzo Yulien Yulien Yulien Yulien Enzo<\/span><\/p><p style=\"text-align: center;\"><span style=\"color: #ffffff;\">Pegao ese es el proceso Todos los d\u00edas de aqu\u00ed pa all\u00e1 todos los d\u00edas de all\u00e1 pa ac\u00e1<\/span><\/p><p style=\"text-align: center;\"><span style=\"color: #ffffff;\">Despu\u00e9s de esta despu\u00e9s de esta t\u00fa lo cantas m\u00e1s<\/span><\/p><p style=\"text-align: center;\"><span style=\"color: #ffffff;\">Papi ya te lo digo Enzo una vez y ahora yo te lo repito<\/span><\/p><p style=\"text-align: center;\"><span style=\"color: #ffffff;\">Los grandes con los grandes y los chiquitos con los chiquitos<\/span><\/p><p style=\"text-align: center;\"><span style=\"color: #ffffff;\">Director de la revoluci\u00f3n boys mami el conejito de la playboy<\/span><\/p><p style=\"text-align: center;\"><span style=\"color: #ffffff;\">Ya t\u00fa sabes qui\u00e9n es Enzo y t\u00fa sabes qui\u00e9n yo soy<\/span><\/p><\/div>\t\t\t\t\t<\/div>\n\t\t\t\t\t\t<\/div>\n\t\t\t\t<\/div>\n\t\t\t\t\t\t<\/div>\n\t\t\t\t\t<\/div>\n\t\t<\/div>\n\t\t\t\t\t\t\t\t<\/div>\n\t\t\t\t\t<\/div>\n\t\t<\/section>\n\t\t\t\t\t\t<\/div>\n\t\t\t\t\t\t<\/div>\n\t\t\t\t\t<\/div>\n\t\t","protected":false},"excerpt":{"rendered":"<p>SPOTIFY APPLE MUSIC DEEZER AMAZON MUSIC O oo Yulien Oviedo y Enzo Bailando t\u00fa me pones mal y cuando empiezas a bajar Me mata me mata mami tu cintura me mata oye mira Es que t\u00fa eres una asesina bandida profesional Ando con Enzo y dime si te pasamos a buscar Me encanta como t\u00fa.<\/p>\n","protected":false},"author":1,"featured_media":0,"parent":0,"menu_order":0,"comment_status":"closed","ping_status":"closed","template":"","meta":{"footnotes":""},"categories":[42],"tags":[],"class_list":["post-3854","page","type-page","status-publish","hentry","category-testi"],"yoast_head":"<!-- This site is optimized with the Yoast SEO plugin v19.6.1 - https:\/\/yoast.com\/wordpress\/plugins\/seo\/ -->\n<title>Mor\u00ed Contigo - Di Benedetto Productions<\/title>\n<meta name=\"robots\" content=\"index, follow, max-snippet:-1, max-image-preview:large, max-video-preview:-1\" \/>\n<link rel=\"canonical\" href=\"https:\/\/dibenedettoproductions.com\/?page_id=3854\" \/>\n<meta property=\"og:locale\" content=\"it_IT\" \/>\n<meta property=\"og:type\" content=\"article\" \/>\n<meta property=\"og:title\" content=\"Mor\u00ed Contigo - Di Benedetto Productions\" \/>\n<meta property=\"og:description\" content=\"SPOTIFY APPLE MUSIC DEEZER AMAZON MUSIC O oo Yulien Oviedo y Enzo Bailando t\u00fa me pones mal y cuando empiezas a bajar Me mata me mata mami tu cintura me mata oye mira Es que t\u00fa eres una asesina bandida profesional Ando con Enzo y dime si te pasamos a buscar Me encanta como t\u00fa.\" \/>\n<meta property=\"og:url\" content=\"https:\/\/dibenedettoproductions.com\/?page_id=3854\" \/>\n<meta property=\"og:site_name\" content=\"Di Benedetto Productions\" \/>\n<meta property=\"article:modified_time\" content=\"2021-08-05T15:19:51+00:00\" \/>\n<meta name=\"twitter:card\" content=\"summary_large_image\" \/>\n<meta name=\"twitter:label1\" content=\"Tempo di lettura stimato\" \/>\n\t<meta name=\"twitter:data1\" content=\"2 minuti\" \/>\n<script type=\"application\/ld+json\" class=\"yoast-schema-graph\">{\"@context\":\"https:\/\/schema.org\",\"@graph\":[{\"@type\":\"WebPage\",\"@id\":\"https:\/\/dibenedettoproductions.com\/?page_id=3854\",\"url\":\"https:\/\/dibenedettoproductions.com\/?page_id=3854\",\"name\":\"Mor\u00ed Contigo - Di Benedetto Productions\",\"isPartOf\":{\"@id\":\"https:\/\/dibenedettoproductions.com\/#website\"},\"datePublished\":\"2021-02-24T09:44:40+00:00\",\"dateModified\":\"2021-08-05T15:19:51+00:00\",\"breadcrumb\":{\"@id\":\"https:\/\/dibenedettoproductions.com\/?page_id=3854#breadcrumb\"},\"inLanguage\":\"it-IT\",\"potentialAction\":[{\"@type\":\"ReadAction\",\"target\":[\"https:\/\/dibenedettoproductions.com\/?page_id=3854\"]}]},{\"@type\":\"BreadcrumbList\",\"@id\":\"https:\/\/dibenedettoproductions.com\/?page_id=3854#breadcrumb\",\"itemListElement\":[{\"@type\":\"ListItem\",\"position\":1,\"name\":\"Home\",\"item\":\"https:\/\/dibenedettoproductions.com\/\"},{\"@type\":\"ListItem\",\"position\":2,\"name\":\"Mor\u00ed Contigo\"}]},{\"@type\":\"WebSite\",\"@id\":\"https:\/\/dibenedettoproductions.com\/#website\",\"url\":\"https:\/\/dibenedettoproductions.com\/\",\"name\":\"Di Benedetto Productions\",\"description\":\"\",\"publisher\":{\"@id\":\"https:\/\/dibenedettoproductions.com\/#organization\"},\"potentialAction\":[{\"@type\":\"SearchAction\",\"target\":{\"@type\":\"EntryPoint\",\"urlTemplate\":\"https:\/\/dibenedettoproductions.com\/?s={search_term_string}\"},\"query-input\":\"required name=search_term_string\"}],\"inLanguage\":\"it-IT\"},{\"@type\":\"Organization\",\"@id\":\"https:\/\/dibenedettoproductions.com\/#organization\",\"name\":\"DI BENEDETTO PRODUCTIONS\",\"url\":\"https:\/\/dibenedettoproductions.com\/\",\"sameAs\":[],\"logo\":{\"@type\":\"ImageObject\",\"inLanguage\":\"it-IT\",\"@id\":\"https:\/\/dibenedettoproductions.com\/#\/schema\/logo\/image\/\",\"url\":\"https:\/\/dibenedettoproductions.com\/wp-content\/uploads\/2021\/09\/logo_di_benedetto_productions.jpg\",\"contentUrl\":\"https:\/\/dibenedettoproductions.com\/wp-content\/uploads\/2021\/09\/logo_di_benedetto_productions.jpg\",\"width\":225,\"height\":225,\"caption\":\"DI BENEDETTO PRODUCTIONS\"},\"image\":{\"@id\":\"https:\/\/dibenedettoproductions.com\/#\/schema\/logo\/image\/\"}}]}<\/script>\n<!-- \/ Yoast SEO plugin. -->","yoast_head_json":{"title":"Mor\u00ed Contigo - Di Benedetto Productions","robots":{"index":"index","follow":"follow","max-snippet":"max-snippet:-1","max-image-preview":"max-image-preview:large","max-video-preview":"max-video-preview:-1"},"canonical":"https:\/\/dibenedettoproductions.com\/?page_id=3854","og_locale":"it_IT","og_type":"article","og_title":"Mor\u00ed Contigo - Di Benedetto Productions","og_description":"SPOTIFY APPLE MUSIC DEEZER AMAZON MUSIC O oo Yulien Oviedo y Enzo Bailando t\u00fa me pones mal y cuando empiezas a bajar Me mata me mata mami tu cintura me mata oye mira Es que t\u00fa eres una asesina bandida profesional Ando con Enzo y dime si te pasamos a buscar Me encanta como t\u00fa.","og_url":"https:\/\/dibenedettoproductions.com\/?page_id=3854","og_site_name":"Di Benedetto Productions","article_modified_time":"2021-08-05T15:19:51+00:00","twitter_card":"summary_large_image","twitter_misc":{"Tempo di lettura stimato":"2 minuti"},"schema":{"@context":"https:\/\/schema.org","@graph":[{"@type":"WebPage","@id":"https:\/\/dibenedettoproductions.com\/?page_id=3854","url":"https:\/\/dibenedettoproductions.com\/?page_id=3854","name":"Mor\u00ed Contigo - Di Benedetto Productions","isPartOf":{"@id":"https:\/\/dibenedettoproductions.com\/#website"},"datePublished":"2021-02-24T09:44:40+00:00","dateModified":"2021-08-05T15:19:51+00:00","breadcrumb":{"@id":"https:\/\/dibenedettoproductions.com\/?page_id=3854#breadcrumb"},"inLanguage":"it-IT","potentialAction":[{"@type":"ReadAction","target":["https:\/\/dibenedettoproductions.com\/?page_id=3854"]}]},{"@type":"BreadcrumbList","@id":"https:\/\/dibenedettoproductions.com\/?page_id=3854#breadcrumb","itemListElement":[{"@type":"ListItem","position":1,"name":"Home","item":"https:\/\/dibenedettoproductions.com\/"},{"@type":"ListItem","position":2,"name":"Mor\u00ed Contigo"}]},{"@type":"WebSite","@id":"https:\/\/dibenedettoproductions.com\/#website","url":"https:\/\/dibenedettoproductions.com\/","name":"Di Benedetto Productions","description":"","publisher":{"@id":"https:\/\/dibenedettoproductions.com\/#organization"},"potentialAction":[{"@type":"SearchAction","target":{"@type":"EntryPoint","urlTemplate":"https:\/\/dibenedettoproductions.com\/?s={search_term_string}"},"query-input":"required name=search_term_string"}],"inLanguage":"it-IT"},{"@type":"Organization","@id":"https:\/\/dibenedettoproductions.com\/#organization","name":"DI BENEDETTO PRODUCTIONS","url":"https:\/\/dibenedettoproductions.com\/","sameAs":[],"logo":{"@type":"ImageObject","inLanguage":"it-IT","@id":"https:\/\/dibenedettoproductions.com\/#\/schema\/logo\/image\/","url":"https:\/\/dibenedettoproductions.com\/wp-content\/uploads\/2021\/09\/logo_di_benedetto_productions.jpg","contentUrl":"https:\/\/dibenedettoproductions.com\/wp-content\/uploads\/2021\/09\/logo_di_benedetto_productions.jpg","width":225,"height":225,"caption":"DI BENEDETTO PRODUCTIONS"},"image":{"@id":"https:\/\/dibenedettoproductions.com\/#\/schema\/logo\/image\/"}}]}},"_links":{"self":[{"href":"https:\/\/dibenedettoproductions.com\/index.php?rest_route=\/wp\/v2\/pages\/3854","targetHints":{"allow":["GET"]}}],"collection":[{"href":"https:\/\/dibenedettoproductions.com\/index.php?rest_route=\/wp\/v2\/pages"}],"about":[{"href":"https:\/\/dibenedettoproductions.com\/index.php?rest_route=\/wp\/v2\/types\/page"}],"author":[{"embeddable":true,"href":"https:\/\/dibenedettoproductions.com\/index.php?rest_route=\/wp\/v2\/users\/1"}],"replies":[{"embeddable":true,"href":"https:\/\/dibenedettoproductions.com\/index.php?rest_route=%2Fwp%2Fv2%2Fcomments&post=3854"}],"version-history":[{"count":7,"href":"https:\/\/dibenedettoproductions.com\/index.php?rest_route=\/wp\/v2\/pages\/3854\/revisions"}],"predecessor-version":[{"id":5797,"href":"https:\/\/dibenedettoproductions.com\/index.php?rest_route=\/wp\/v2\/pages\/3854\/revisions\/5797"}],"wp:attachment":[{"href":"https:\/\/dibenedettoproductions.com\/index.php?rest_route=%2Fwp%2Fv2%2Fmedia&parent=3854"}],"wp:term":[{"taxonomy":"category","embeddable":true,"href":"https:\/\/dibenedettoproductions.com\/index.php?rest_route=%2Fwp%2Fv2%2Fcategories&post=3854"},{"taxonomy":"post_tag","embeddable":true,"href":"https:\/\/dibenedettoproductions.com\/index.php?rest_route=%2Fwp%2Fv2%2Ftags&post=3854"}],"curies":[{"name":"wp","href":"https:\/\/api.w.org\/{rel}","templated":true}]}}