{"id":3820,"date":"2021-02-24T09:10:17","date_gmt":"2021-02-24T09:10:17","guid":{"rendered":"https:\/\/dibenedettoproductions.com\/?page_id=3820"},"modified":"2021-08-05T15:19:13","modified_gmt":"2021-08-05T15:19:13","slug":"me-eleva-remix","status":"publish","type":"page","link":"https:\/\/dibenedettoproductions.com\/?page_id=3820","title":{"rendered":"Me Eleva Remix"},"content":{"rendered":"\t\t<div data-elementor-type=\"wp-page\" data-elementor-id=\"3820\" class=\"elementor elementor-3820\" data-elementor-settings=\"[]\">\n\t\t\t\t\t\t<div class=\"elementor-inner\">\n\t\t\t\t\t\t\t<div class=\"elementor-section-wrap\">\n\t\t\t\t\t\t\t<section class=\"elementor-section elementor-top-section elementor-element elementor-element-7a4c07b elementor-section-stretched elementor-section-boxed elementor-section-height-default elementor-section-height-default\" data-id=\"7a4c07b\" data-element_type=\"section\" data-settings=\"{&quot;stretch_section&quot;:&quot;section-stretched&quot;,&quot;background_background&quot;:&quot;classic&quot;}\">\n\t\t\t\t\t\t<div class=\"elementor-container elementor-column-gap-default\">\n\t\t\t\t\t\t\t<div class=\"elementor-row\">\n\t\t\t\t\t<div class=\"elementor-column elementor-col-25 elementor-top-column elementor-element elementor-element-4b43abe\" data-id=\"4b43abe\" data-element_type=\"column\">\n\t\t\t<div class=\"elementor-column-wrap elementor-element-populated\">\n\t\t\t\t\t\t\t<div class=\"elementor-widget-wrap\">\n\t\t\t\t\t\t<div class=\"elementor-element elementor-element-b14a4b0 elementor-align-center elementor-widget elementor-widget-button\" data-id=\"b14a4b0\" data-element_type=\"widget\" data-widget_type=\"button.default\">\n\t\t\t\t<div class=\"elementor-widget-container\">\n\t\t\t\t\t<div class=\"elementor-button-wrapper\">\n\t\t\t<a href=\"https:\/\/open.spotify.com\/track\/5LYGCon45VcXquKWsIsSvU?si=z4Mo_CvdSV6UV-_5_-CkfA%20\" class=\"elementor-button-link elementor-button elementor-size-sm\" role=\"button\">\n\t\t\t\t\t\t<span class=\"elementor-button-content-wrapper\">\n\t\t\t\t\t\t<span class=\"elementor-button-text\">SPOTIFY<\/span>\n\t\t<\/span>\n\t\t\t\t\t<\/a>\n\t\t<\/div>\n\t\t\t\t<\/div>\n\t\t\t\t<\/div>\n\t\t\t\t\t\t<\/div>\n\t\t\t\t\t<\/div>\n\t\t<\/div>\n\t\t\t\t<div class=\"elementor-column elementor-col-25 elementor-top-column elementor-element elementor-element-11815dd\" data-id=\"11815dd\" data-element_type=\"column\">\n\t\t\t<div class=\"elementor-column-wrap elementor-element-populated\">\n\t\t\t\t\t\t\t<div class=\"elementor-widget-wrap\">\n\t\t\t\t\t\t<div class=\"elementor-element elementor-element-05383f4 elementor-align-center elementor-widget elementor-widget-button\" data-id=\"05383f4\" data-element_type=\"widget\" data-widget_type=\"button.default\">\n\t\t\t\t<div class=\"elementor-widget-container\">\n\t\t\t\t\t<div class=\"elementor-button-wrapper\">\n\t\t\t<a href=\"https:\/\/music.apple.com\/us\/album\/me-eleva-remix\/1476039617?i=1476039618%20\" class=\"elementor-button-link elementor-button elementor-size-sm\" role=\"button\">\n\t\t\t\t\t\t<span class=\"elementor-button-content-wrapper\">\n\t\t\t\t\t\t<span class=\"elementor-button-text\">APPLE MUSIC<\/span>\n\t\t<\/span>\n\t\t\t\t\t<\/a>\n\t\t<\/div>\n\t\t\t\t<\/div>\n\t\t\t\t<\/div>\n\t\t\t\t\t\t<\/div>\n\t\t\t\t\t<\/div>\n\t\t<\/div>\n\t\t\t\t<div class=\"elementor-column elementor-col-25 elementor-top-column elementor-element elementor-element-547ba68\" data-id=\"547ba68\" data-element_type=\"column\">\n\t\t\t<div class=\"elementor-column-wrap elementor-element-populated\">\n\t\t\t\t\t\t\t<div class=\"elementor-widget-wrap\">\n\t\t\t\t\t\t<div class=\"elementor-element elementor-element-8c35edb elementor-align-center elementor-widget elementor-widget-button\" data-id=\"8c35edb\" data-element_type=\"widget\" data-widget_type=\"button.default\">\n\t\t\t\t<div class=\"elementor-widget-container\">\n\t\t\t\t\t<div class=\"elementor-button-wrapper\">\n\t\t\t<a href=\"https:\/\/deezer.page.link\/5cTEnopKfDzKMkuq6%20\" class=\"elementor-button-link elementor-button elementor-size-sm\" role=\"button\">\n\t\t\t\t\t\t<span class=\"elementor-button-content-wrapper\">\n\t\t\t\t\t\t<span class=\"elementor-button-text\">DEEZER<\/span>\n\t\t<\/span>\n\t\t\t\t\t<\/a>\n\t\t<\/div>\n\t\t\t\t<\/div>\n\t\t\t\t<\/div>\n\t\t\t\t\t\t<\/div>\n\t\t\t\t\t<\/div>\n\t\t<\/div>\n\t\t\t\t<div class=\"elementor-column elementor-col-25 elementor-top-column elementor-element elementor-element-30c387d\" data-id=\"30c387d\" data-element_type=\"column\">\n\t\t\t<div class=\"elementor-column-wrap elementor-element-populated\">\n\t\t\t\t\t\t\t<div class=\"elementor-widget-wrap\">\n\t\t\t\t\t\t<div class=\"elementor-element elementor-element-41397ff elementor-align-center elementor-widget elementor-widget-button\" data-id=\"41397ff\" data-element_type=\"widget\" data-widget_type=\"button.default\">\n\t\t\t\t<div class=\"elementor-widget-container\">\n\t\t\t\t\t<div class=\"elementor-button-wrapper\">\n\t\t\t<a href=\"https:\/\/music.amazon.com\/albums\/B07W82GNWL?trackAsin=B07WC7NSQH&#038;ref=dm_sh_3995-a8ee-dmcp-9f8f-2ee5a&#038;musicTerritory=US&#038;marketplaceId=ATVPDKIKX0DER%20\" class=\"elementor-button-link elementor-button elementor-size-sm\" role=\"button\">\n\t\t\t\t\t\t<span class=\"elementor-button-content-wrapper\">\n\t\t\t\t\t\t<span class=\"elementor-button-text\">AMAZON MUSIC<\/span>\n\t\t<\/span>\n\t\t\t\t\t<\/a>\n\t\t<\/div>\n\t\t\t\t<\/div>\n\t\t\t\t<\/div>\n\t\t\t\t\t\t<\/div>\n\t\t\t\t\t<\/div>\n\t\t<\/div>\n\t\t\t\t\t\t\t\t<\/div>\n\t\t\t\t\t<\/div>\n\t\t<\/section>\n\t\t\t\t<section class=\"elementor-section elementor-top-section elementor-element elementor-element-0c4c75a elementor-section-stretched elementor-section-boxed elementor-section-height-default elementor-section-height-default\" data-id=\"0c4c75a\" data-element_type=\"section\" data-settings=\"{&quot;stretch_section&quot;:&quot;section-stretched&quot;,&quot;background_background&quot;:&quot;classic&quot;}\">\n\t\t\t\t\t\t<div class=\"elementor-container elementor-column-gap-default\">\n\t\t\t\t\t\t\t<div class=\"elementor-row\">\n\t\t\t\t\t<div class=\"elementor-column elementor-col-100 elementor-top-column elementor-element elementor-element-b7ccfa4\" data-id=\"b7ccfa4\" data-element_type=\"column\">\n\t\t\t<div class=\"elementor-column-wrap elementor-element-populated\">\n\t\t\t\t\t\t\t<div class=\"elementor-widget-wrap\">\n\t\t\t\t\t\t<div class=\"elementor-element elementor-element-84166e7 elementor-widget elementor-widget-text-editor\" data-id=\"84166e7\" data-element_type=\"widget\" data-widget_type=\"text-editor.default\">\n\t\t\t\t<div class=\"elementor-widget-container\">\n\t\t\t\t\t\t\t\t<div class=\"elementor-text-editor elementor-clearfix\">\n\t\t\t\t<div><p style=\"text-align: center;\"><span style=\"color: #ffffff;\">Ella cuando bailas me eleva<\/span><\/p><p style=\"text-align: center;\"><span style=\"color: #ffffff;\">Me descontrolo cuando toco su cintura<\/span><\/p><p style=\"text-align: center;\"><span style=\"color: #ffffff;\">Ella esta dura<\/span><\/p><p style=\"text-align: center;\"><span style=\"color: #ffffff;\">Todos los ojos encima de ella<\/span><\/p><p style=\"text-align: center;\"><span style=\"color: #ffffff;\">Mucha bestia pa esa bella<\/span><\/p><p style=\"text-align: center;\"><span style=\"color: #ffffff;\">Traime otro pa ella que esta noche es pa volar<\/span><\/p><p style=\"text-align: center;\"><span style=\"color: #ffffff;\">Este es el remix pa la discoteca<\/span><\/p><p style=\"text-align: center;\"><span style=\"color: #ffffff;\">Ella cuando bailas me eleva<\/span><\/p><p style=\"text-align: center;\"><span style=\"color: #ffffff;\">Lo que quiere es party<\/span><\/p><p style=\"text-align: center;\"><span style=\"color: #ffffff;\">Qu\u00e9 rica esa beba<\/span><\/p><p style=\"text-align: center;\"><span style=\"color: #ffffff;\">Buscando no tiene mari<\/span><\/p><p style=\"text-align: center;\"><span style=\"color: #ffffff;\">Ella lo que me pide es m\u00e1s<\/span><\/p><p style=\"text-align: center;\"><span style=\"color: #ffffff;\">No se no se mide<\/span><\/p><p style=\"text-align: center;\"><span style=\"color: #ffffff;\">Ella cogi\u00f3 mi celular<\/span><\/p><p style=\"text-align: center;\"><span style=\"color: #ffffff;\">Pa que no lo olvide<\/span><\/p><p style=\"text-align: center;\"><span style=\"color: #ffffff;\">Ella me eleva con efecto de gravedad<\/span><\/p><p style=\"text-align: center;\"><span style=\"color: #ffffff;\">Su cuerpo a mi me prende porque tiene calidad<\/span><\/p><p style=\"text-align: center;\"><span style=\"color: #ffffff;\">La nena est\u00e1 bien dura ella siempre pide m\u00e1s<\/span><\/p><p style=\"text-align: center;\"><span style=\"color: #ffffff;\">Y se escapa por la ventana y su marido en el sof\u00e1<\/span><\/p><p style=\"text-align: center;\"><span style=\"color: #ffffff;\">A ella le dice a todo el mundo que no tiene mari<\/span><\/p><p style=\"text-align: center;\"><span style=\"color: #ffffff;\">Me tiene el dedo puesto y yo no soy el dary<\/span><\/p><p style=\"text-align: center;\"><span style=\"color: #ffffff;\">Le dicen la m\u00e1s dura ella se lleva el party<\/span><\/p><p style=\"text-align: center;\"><span style=\"color: #ffffff;\">Y duro est\u00e1 mi combo porque todos son de Bari<\/span><\/p><p style=\"text-align: center;\"><span style=\"color: #ffffff;\">Dile Vittorio dile a Nico que andamos con toda la tropa<\/span><\/p><p style=\"text-align: center;\"><span style=\"color: #ffffff;\">La ni\u00f1a est\u00e1 bien buena y a veces se vuelve loca<\/span><\/p><p style=\"text-align: center;\"><span style=\"color: #ffffff;\">Bailando ella me eleva y me hace a m\u00ed sudar por gota<\/span><\/p><p style=\"text-align: center;\"><span style=\"color: #ffffff;\">Pero le gusta el gordo porque el ag\u00fcita flota<\/span><\/p><p style=\"text-align: center;\"><span style=\"color: #ffffff;\">Ella cuando bailas me eleva<\/span><\/p><p style=\"text-align: center;\"><span style=\"color: #ffffff;\">Lo que quiere es party<\/span><\/p><p style=\"text-align: center;\"><span style=\"color: #ffffff;\">Qu\u00e9 rica esa beba<\/span><\/p><p style=\"text-align: center;\"><span style=\"color: #ffffff;\">Buscando no tiene mari<\/span><\/p><p style=\"text-align: center;\"><span style=\"color: #ffffff;\">Ella lo que me pide es mas<\/span><\/p><p style=\"text-align: center;\"><span style=\"color: #ffffff;\">No se no se mide<\/span><\/p><p style=\"text-align: center;\"><span style=\"color: #ffffff;\">Ella cogi\u00f3 mi celular<\/span><\/p><p style=\"text-align: center;\"><span style=\"color: #ffffff;\">Pa que no lo olvide<\/span><\/p><p style=\"text-align: center;\"><span style=\"color: #ffffff;\">Irresistible su aroma de mama<\/span><\/p><p style=\"text-align: center;\"><span style=\"color: #ffffff;\">En el o\u00eddo ella me pide m\u00e1s m\u00e1s<\/span><\/p><p style=\"text-align: center;\"><span style=\"color: #ffffff;\">No quiero compromiso de nada<\/span><\/p><p style=\"text-align: center;\"><span style=\"color: #ffffff;\">Ella est\u00e1 dura no le hace falta nada<\/span><\/p><p style=\"text-align: center;\"><span style=\"color: #ffffff;\">Dej\u00f3 su rastro de l\u00e1piz labial<\/span><\/p><p style=\"text-align: center;\"><span style=\"color: #ffffff;\">Es una nena que no se enreda tan f\u00e1cil<\/span><\/p><p style=\"text-align: center;\"><span style=\"color: #ffffff;\">Estar con ellas para no olvidar<\/span><\/p><p style=\"text-align: center;\"><span style=\"color: #ffffff;\">Ella me enferm\u00f3 conmigo no jug\u00f3<\/span><\/p><p style=\"text-align: center;\"><span style=\"color: #ffffff;\">Sola se me dio a ella le gust\u00f3<\/span><\/p><p style=\"text-align: center;\"><span style=\"color: #ffffff;\">Ella le gust\u00f3<\/span><\/p><p style=\"text-align: center;\"><span style=\"color: #ffffff;\">Como ya se me dio<\/span><\/p><p style=\"text-align: center;\"><span style=\"color: #ffffff;\">Ella cuando baila me eleva<\/span><\/p><p style=\"text-align: center;\"><span style=\"color: #ffffff;\">Lo que quiere es party<\/span><\/p><p style=\"text-align: center;\"><span style=\"color: #ffffff;\">Qu\u00e9 rica esa beba<\/span><\/p><p style=\"text-align: center;\"><span style=\"color: #ffffff;\">Buscando no tiene mari<\/span><\/p><p style=\"text-align: center;\"><span style=\"color: #ffffff;\">Ella lo que me pide mas<\/span><\/p><p style=\"text-align: center;\"><span style=\"color: #ffffff;\">No se no se mide<\/span><\/p><p style=\"text-align: center;\"><span style=\"color: #ffffff;\">Ella cogi\u00f3 mi celular<\/span><\/p><p style=\"text-align: center;\"><span style=\"color: #ffffff;\">Pa que no lo olvide<\/span><\/p><p style=\"text-align: center;\"><span style=\"color: #ffffff;\">Tu lencer\u00eda de victoria secret<\/span><\/p><p style=\"text-align: center;\"><span style=\"color: #ffffff;\">Como yankee la bocina pique<\/span><\/p><p style=\"text-align: center;\"><span style=\"color: #ffffff;\">A esa shakira le hace falta un pique<\/span><\/p><p style=\"text-align: center;\"><span style=\"color: #ffffff;\">Ella es diabla le dicen lucifer<\/span><\/p><p style=\"text-align: center;\"><span style=\"color: #ffffff;\">Porque siempre est\u00e1 de rojo con los labios rojos<\/span><\/p><p style=\"text-align: center;\"><span style=\"color: #ffffff;\">Mami si te cojo te vas a enganchar<\/span><\/p><p style=\"text-align: center;\"><span style=\"color: #ffffff;\">Me matan tus ojos no me pidas flojo y esos labios rojos te los voy a gastar<\/span><\/p><p style=\"text-align: center;\"><span style=\"color: #ffffff;\">Ella siempre est\u00e1 vestida de fendy<\/span><\/p><p style=\"text-align: center;\"><span style=\"color: #ffffff;\">Sus espejos y todos las videos se van trendy<\/span><\/p><p style=\"text-align: center;\"><span style=\"color: #ffffff;\">Vuelve a repetir que esa noche no no entend\u00ed<\/span><\/p><p style=\"text-align: center;\"><span style=\"color: #ffffff;\">Hoy quiero saborearte como candy<\/span><\/p><p style=\"text-align: center;\"><span style=\"color: #ffffff;\">Ella me tiene cansado a\u00fan as\u00ed quiero darle otra vez<\/span><\/p><p style=\"text-align: center;\"><span style=\"color: #ffffff;\">Lo tiene rosita como el tusi<\/span><\/p><p style=\"text-align: center;\"><span style=\"color: #ffffff;\">Hoy quiero evaporarte en el jacuzzi<\/span><\/p><p style=\"text-align: center;\"><span style=\"color: #ffffff;\">Ya no soy el mismo desde que te encontr\u00e9<\/span><\/p><p style=\"text-align: center;\"><span style=\"color: #ffffff;\">Ella me enferm\u00f3<\/span><\/p><p style=\"text-align: center;\"><span style=\"color: #ffffff;\">Conmigo no jug\u00f3<\/span><\/p><p style=\"text-align: center;\"><span style=\"color: #ffffff;\">A ella le gust\u00f3<\/span><\/p><p style=\"text-align: center;\"><span style=\"color: #ffffff;\">Como se me dio<\/span><\/p><p style=\"text-align: center;\"><span style=\"color: #ffffff;\">Ella cuando bailas me eleva<\/span><\/p><p style=\"text-align: center;\"><span style=\"color: #ffffff;\">Lo que quiere es party<\/span><\/p><p style=\"text-align: center;\"><span style=\"color: #ffffff;\">Qu\u00e9 rica esa beba<\/span><\/p><p style=\"text-align: center;\"><span style=\"color: #ffffff;\">Buscando no tiene mari<\/span><\/p><p style=\"text-align: center;\"><span style=\"color: #ffffff;\">Ella lo que me pide mas<\/span><\/p><p style=\"text-align: center;\"><span style=\"color: #ffffff;\">No se no se mide<\/span><\/p><p style=\"text-align: center;\"><span style=\"color: #ffffff;\">Ella cogi\u00f3 mi celular<\/span><\/p><p style=\"text-align: center;\"><span style=\"color: #ffffff;\">Pa que no lo olvide<\/span><\/p><p style=\"text-align: center;\"><span style=\"color: #ffffff;\">\u00c9ste es el remix<\/span><\/p><p style=\"text-align: center;\"><span style=\"color: #ffffff;\">D\u00edselo Raimel<\/span><\/p><p style=\"text-align: center;\"><span style=\"color: #ffffff;\">D\u00edmelo papa yo ando con Enzo limboys nosotros somos los yk<\/span><\/p><p style=\"text-align: center;\"><span style=\"color: #ffffff;\">Dile a frankie<\/span><\/p><p style=\"text-align: center;\"><span style=\"color: #ffffff;\">Enzo la melod\u00eda secreta<\/span><\/p><p style=\"text-align: center;\"><span style=\"color: #ffffff;\">Di Benedetto production<\/span><\/p><p style=\"text-align: center;\"><span style=\"color: #ffffff;\">Abdel la esencia<\/span><\/p><p style=\"text-align: center;\"><span style=\"color: #ffffff;\">Lin boy<\/span><\/p><p style=\"text-align: center;\"><span style=\"color: #ffffff;\">Otro talla pa<\/span><\/p><p style=\"text-align: center;\"><span style=\"color: #ffffff;\">Te matamos con flow y paciencia<\/span><\/p><\/div>\t\t\t\t\t<\/div>\n\t\t\t\t\t\t<\/div>\n\t\t\t\t<\/div>\n\t\t\t\t\t\t<\/div>\n\t\t\t\t\t<\/div>\n\t\t<\/div>\n\t\t\t\t\t\t\t\t<\/div>\n\t\t\t\t\t<\/div>\n\t\t<\/section>\n\t\t\t\t\t\t<\/div>\n\t\t\t\t\t\t<\/div>\n\t\t\t\t\t<\/div>\n\t\t","protected":false},"excerpt":{"rendered":"<p>SPOTIFY APPLE MUSIC DEEZER AMAZON MUSIC Ella cuando bailas me eleva Me descontrolo cuando toco su cintura Ella esta dura Todos los ojos encima de ella Mucha bestia pa esa bella Traime otro pa ella que esta noche es pa volar Este es el remix pa la discoteca Ella cuando bailas me eleva Lo que.<\/p>\n","protected":false},"author":1,"featured_media":0,"parent":0,"menu_order":0,"comment_status":"closed","ping_status":"closed","template":"","meta":{"footnotes":""},"categories":[42],"tags":[],"class_list":["post-3820","page","type-page","status-publish","hentry","category-testi"],"yoast_head":"<!-- This site is optimized with the Yoast SEO plugin v19.6.1 - https:\/\/yoast.com\/wordpress\/plugins\/seo\/ -->\n<title>Me Eleva Remix - Di Benedetto Productions<\/title>\n<meta name=\"robots\" content=\"index, follow, max-snippet:-1, max-image-preview:large, max-video-preview:-1\" \/>\n<link rel=\"canonical\" href=\"https:\/\/dibenedettoproductions.com\/?page_id=3820\" \/>\n<meta property=\"og:locale\" content=\"it_IT\" \/>\n<meta property=\"og:type\" content=\"article\" \/>\n<meta property=\"og:title\" content=\"Me Eleva Remix - Di Benedetto Productions\" \/>\n<meta property=\"og:description\" content=\"SPOTIFY APPLE MUSIC DEEZER AMAZON MUSIC Ella cuando bailas me eleva Me descontrolo cuando toco su cintura Ella esta dura Todos los ojos encima de ella Mucha bestia pa esa bella Traime otro pa ella que esta noche es pa volar Este es el remix pa la discoteca Ella cuando bailas me eleva Lo que.\" \/>\n<meta property=\"og:url\" content=\"https:\/\/dibenedettoproductions.com\/?page_id=3820\" \/>\n<meta property=\"og:site_name\" content=\"Di Benedetto Productions\" \/>\n<meta property=\"article:modified_time\" content=\"2021-08-05T15:19:13+00:00\" \/>\n<meta name=\"twitter:card\" content=\"summary_large_image\" \/>\n<meta name=\"twitter:label1\" content=\"Tempo di lettura stimato\" \/>\n\t<meta name=\"twitter:data1\" content=\"3 minuti\" \/>\n<script type=\"application\/ld+json\" class=\"yoast-schema-graph\">{\"@context\":\"https:\/\/schema.org\",\"@graph\":[{\"@type\":\"WebPage\",\"@id\":\"https:\/\/dibenedettoproductions.com\/?page_id=3820\",\"url\":\"https:\/\/dibenedettoproductions.com\/?page_id=3820\",\"name\":\"Me Eleva Remix - Di Benedetto Productions\",\"isPartOf\":{\"@id\":\"https:\/\/dibenedettoproductions.com\/#website\"},\"datePublished\":\"2021-02-24T09:10:17+00:00\",\"dateModified\":\"2021-08-05T15:19:13+00:00\",\"breadcrumb\":{\"@id\":\"https:\/\/dibenedettoproductions.com\/?page_id=3820#breadcrumb\"},\"inLanguage\":\"it-IT\",\"potentialAction\":[{\"@type\":\"ReadAction\",\"target\":[\"https:\/\/dibenedettoproductions.com\/?page_id=3820\"]}]},{\"@type\":\"BreadcrumbList\",\"@id\":\"https:\/\/dibenedettoproductions.com\/?page_id=3820#breadcrumb\",\"itemListElement\":[{\"@type\":\"ListItem\",\"position\":1,\"name\":\"Home\",\"item\":\"https:\/\/dibenedettoproductions.com\/\"},{\"@type\":\"ListItem\",\"position\":2,\"name\":\"Me Eleva Remix\"}]},{\"@type\":\"WebSite\",\"@id\":\"https:\/\/dibenedettoproductions.com\/#website\",\"url\":\"https:\/\/dibenedettoproductions.com\/\",\"name\":\"Di Benedetto Productions\",\"description\":\"\",\"publisher\":{\"@id\":\"https:\/\/dibenedettoproductions.com\/#organization\"},\"potentialAction\":[{\"@type\":\"SearchAction\",\"target\":{\"@type\":\"EntryPoint\",\"urlTemplate\":\"https:\/\/dibenedettoproductions.com\/?s={search_term_string}\"},\"query-input\":\"required name=search_term_string\"}],\"inLanguage\":\"it-IT\"},{\"@type\":\"Organization\",\"@id\":\"https:\/\/dibenedettoproductions.com\/#organization\",\"name\":\"DI BENEDETTO PRODUCTIONS\",\"url\":\"https:\/\/dibenedettoproductions.com\/\",\"sameAs\":[],\"logo\":{\"@type\":\"ImageObject\",\"inLanguage\":\"it-IT\",\"@id\":\"https:\/\/dibenedettoproductions.com\/#\/schema\/logo\/image\/\",\"url\":\"https:\/\/dibenedettoproductions.com\/wp-content\/uploads\/2021\/09\/logo_di_benedetto_productions.jpg\",\"contentUrl\":\"https:\/\/dibenedettoproductions.com\/wp-content\/uploads\/2021\/09\/logo_di_benedetto_productions.jpg\",\"width\":225,\"height\":225,\"caption\":\"DI BENEDETTO PRODUCTIONS\"},\"image\":{\"@id\":\"https:\/\/dibenedettoproductions.com\/#\/schema\/logo\/image\/\"}}]}<\/script>\n<!-- \/ Yoast SEO plugin. -->","yoast_head_json":{"title":"Me Eleva Remix - Di Benedetto Productions","robots":{"index":"index","follow":"follow","max-snippet":"max-snippet:-1","max-image-preview":"max-image-preview:large","max-video-preview":"max-video-preview:-1"},"canonical":"https:\/\/dibenedettoproductions.com\/?page_id=3820","og_locale":"it_IT","og_type":"article","og_title":"Me Eleva Remix - Di Benedetto Productions","og_description":"SPOTIFY APPLE MUSIC DEEZER AMAZON MUSIC Ella cuando bailas me eleva Me descontrolo cuando toco su cintura Ella esta dura Todos los ojos encima de ella Mucha bestia pa esa bella Traime otro pa ella que esta noche es pa volar Este es el remix pa la discoteca Ella cuando bailas me eleva Lo que.","og_url":"https:\/\/dibenedettoproductions.com\/?page_id=3820","og_site_name":"Di Benedetto Productions","article_modified_time":"2021-08-05T15:19:13+00:00","twitter_card":"summary_large_image","twitter_misc":{"Tempo di lettura stimato":"3 minuti"},"schema":{"@context":"https:\/\/schema.org","@graph":[{"@type":"WebPage","@id":"https:\/\/dibenedettoproductions.com\/?page_id=3820","url":"https:\/\/dibenedettoproductions.com\/?page_id=3820","name":"Me Eleva Remix - Di Benedetto Productions","isPartOf":{"@id":"https:\/\/dibenedettoproductions.com\/#website"},"datePublished":"2021-02-24T09:10:17+00:00","dateModified":"2021-08-05T15:19:13+00:00","breadcrumb":{"@id":"https:\/\/dibenedettoproductions.com\/?page_id=3820#breadcrumb"},"inLanguage":"it-IT","potentialAction":[{"@type":"ReadAction","target":["https:\/\/dibenedettoproductions.com\/?page_id=3820"]}]},{"@type":"BreadcrumbList","@id":"https:\/\/dibenedettoproductions.com\/?page_id=3820#breadcrumb","itemListElement":[{"@type":"ListItem","position":1,"name":"Home","item":"https:\/\/dibenedettoproductions.com\/"},{"@type":"ListItem","position":2,"name":"Me Eleva Remix"}]},{"@type":"WebSite","@id":"https:\/\/dibenedettoproductions.com\/#website","url":"https:\/\/dibenedettoproductions.com\/","name":"Di Benedetto Productions","description":"","publisher":{"@id":"https:\/\/dibenedettoproductions.com\/#organization"},"potentialAction":[{"@type":"SearchAction","target":{"@type":"EntryPoint","urlTemplate":"https:\/\/dibenedettoproductions.com\/?s={search_term_string}"},"query-input":"required name=search_term_string"}],"inLanguage":"it-IT"},{"@type":"Organization","@id":"https:\/\/dibenedettoproductions.com\/#organization","name":"DI BENEDETTO PRODUCTIONS","url":"https:\/\/dibenedettoproductions.com\/","sameAs":[],"logo":{"@type":"ImageObject","inLanguage":"it-IT","@id":"https:\/\/dibenedettoproductions.com\/#\/schema\/logo\/image\/","url":"https:\/\/dibenedettoproductions.com\/wp-content\/uploads\/2021\/09\/logo_di_benedetto_productions.jpg","contentUrl":"https:\/\/dibenedettoproductions.com\/wp-content\/uploads\/2021\/09\/logo_di_benedetto_productions.jpg","width":225,"height":225,"caption":"DI BENEDETTO PRODUCTIONS"},"image":{"@id":"https:\/\/dibenedettoproductions.com\/#\/schema\/logo\/image\/"}}]}},"_links":{"self":[{"href":"https:\/\/dibenedettoproductions.com\/index.php?rest_route=\/wp\/v2\/pages\/3820","targetHints":{"allow":["GET"]}}],"collection":[{"href":"https:\/\/dibenedettoproductions.com\/index.php?rest_route=\/wp\/v2\/pages"}],"about":[{"href":"https:\/\/dibenedettoproductions.com\/index.php?rest_route=\/wp\/v2\/types\/page"}],"author":[{"embeddable":true,"href":"https:\/\/dibenedettoproductions.com\/index.php?rest_route=\/wp\/v2\/users\/1"}],"replies":[{"embeddable":true,"href":"https:\/\/dibenedettoproductions.com\/index.php?rest_route=%2Fwp%2Fv2%2Fcomments&post=3820"}],"version-history":[{"count":7,"href":"https:\/\/dibenedettoproductions.com\/index.php?rest_route=\/wp\/v2\/pages\/3820\/revisions"}],"predecessor-version":[{"id":5782,"href":"https:\/\/dibenedettoproductions.com\/index.php?rest_route=\/wp\/v2\/pages\/3820\/revisions\/5782"}],"wp:attachment":[{"href":"https:\/\/dibenedettoproductions.com\/index.php?rest_route=%2Fwp%2Fv2%2Fmedia&parent=3820"}],"wp:term":[{"taxonomy":"category","embeddable":true,"href":"https:\/\/dibenedettoproductions.com\/index.php?rest_route=%2Fwp%2Fv2%2Fcategories&post=3820"},{"taxonomy":"post_tag","embeddable":true,"href":"https:\/\/dibenedettoproductions.com\/index.php?rest_route=%2Fwp%2Fv2%2Ftags&post=3820"}],"curies":[{"name":"wp","href":"https:\/\/api.w.org\/{rel}","templated":true}]}}