{"id":3768,"date":"2021-02-23T11:59:29","date_gmt":"2021-02-23T11:59:29","guid":{"rendered":"https:\/\/dibenedettoproductions.com\/?page_id=3768"},"modified":"2021-08-05T15:17:53","modified_gmt":"2021-08-05T15:17:53","slug":"loca-por-el-dembow","status":"publish","type":"page","link":"https:\/\/dibenedettoproductions.com\/?page_id=3768","title":{"rendered":"Loca Por El Dembow"},"content":{"rendered":"\t\t<div data-elementor-type=\"wp-page\" data-elementor-id=\"3768\" class=\"elementor elementor-3768\" data-elementor-settings=\"[]\">\n\t\t\t\t\t\t<div class=\"elementor-inner\">\n\t\t\t\t\t\t\t<div class=\"elementor-section-wrap\">\n\t\t\t\t\t\t\t<section class=\"elementor-section elementor-top-section elementor-element elementor-element-92030ef elementor-section-stretched elementor-section-boxed elementor-section-height-default elementor-section-height-default\" data-id=\"92030ef\" data-element_type=\"section\" data-settings=\"{&quot;stretch_section&quot;:&quot;section-stretched&quot;,&quot;background_background&quot;:&quot;classic&quot;}\">\n\t\t\t\t\t\t<div class=\"elementor-container elementor-column-gap-default\">\n\t\t\t\t\t\t\t<div class=\"elementor-row\">\n\t\t\t\t\t<div class=\"elementor-column elementor-col-25 elementor-top-column elementor-element elementor-element-79862aa\" data-id=\"79862aa\" data-element_type=\"column\">\n\t\t\t<div class=\"elementor-column-wrap elementor-element-populated\">\n\t\t\t\t\t\t\t<div class=\"elementor-widget-wrap\">\n\t\t\t\t\t\t<div class=\"elementor-element elementor-element-06f737d elementor-align-center elementor-widget elementor-widget-button\" data-id=\"06f737d\" data-element_type=\"widget\" data-widget_type=\"button.default\">\n\t\t\t\t<div class=\"elementor-widget-container\">\n\t\t\t\t\t<div class=\"elementor-button-wrapper\">\n\t\t\t<a href=\"https:\/\/open.spotify.com\/track\/1egF769wrQ7rKg0FNwmyIh?si=H5o6QKfiRrCGyysPYnRMrA%20\" class=\"elementor-button-link elementor-button elementor-size-sm\" role=\"button\">\n\t\t\t\t\t\t<span class=\"elementor-button-content-wrapper\">\n\t\t\t\t\t\t<span class=\"elementor-button-text\">SPOTIFY<\/span>\n\t\t<\/span>\n\t\t\t\t\t<\/a>\n\t\t<\/div>\n\t\t\t\t<\/div>\n\t\t\t\t<\/div>\n\t\t\t\t\t\t<\/div>\n\t\t\t\t\t<\/div>\n\t\t<\/div>\n\t\t\t\t<div class=\"elementor-column elementor-col-25 elementor-top-column elementor-element elementor-element-e1746d3\" data-id=\"e1746d3\" data-element_type=\"column\">\n\t\t\t<div class=\"elementor-column-wrap elementor-element-populated\">\n\t\t\t\t\t\t\t<div class=\"elementor-widget-wrap\">\n\t\t\t\t\t\t<div class=\"elementor-element elementor-element-88204ad elementor-align-center elementor-widget elementor-widget-button\" data-id=\"88204ad\" data-element_type=\"widget\" data-widget_type=\"button.default\">\n\t\t\t\t<div class=\"elementor-widget-container\">\n\t\t\t\t\t<div class=\"elementor-button-wrapper\">\n\t\t\t<a href=\"https:\/\/music.apple.com\/us\/album\/loca-por-el-dembow\/1471050251?i=1471050252%20\" class=\"elementor-button-link elementor-button elementor-size-sm\" role=\"button\">\n\t\t\t\t\t\t<span class=\"elementor-button-content-wrapper\">\n\t\t\t\t\t\t<span class=\"elementor-button-text\">APPLE MUSIC<\/span>\n\t\t<\/span>\n\t\t\t\t\t<\/a>\n\t\t<\/div>\n\t\t\t\t<\/div>\n\t\t\t\t<\/div>\n\t\t\t\t\t\t<\/div>\n\t\t\t\t\t<\/div>\n\t\t<\/div>\n\t\t\t\t<div class=\"elementor-column elementor-col-25 elementor-top-column elementor-element elementor-element-0792acd\" data-id=\"0792acd\" data-element_type=\"column\">\n\t\t\t<div class=\"elementor-column-wrap elementor-element-populated\">\n\t\t\t\t\t\t\t<div class=\"elementor-widget-wrap\">\n\t\t\t\t\t\t<div class=\"elementor-element elementor-element-dbfa9ea elementor-align-center elementor-widget elementor-widget-button\" data-id=\"dbfa9ea\" data-element_type=\"widget\" data-widget_type=\"button.default\">\n\t\t\t\t<div class=\"elementor-widget-container\">\n\t\t\t\t\t<div class=\"elementor-button-wrapper\">\n\t\t\t<a href=\"https:\/\/deezer.page.link\/6g4btHzSgQ5SDatd7%20\" class=\"elementor-button-link elementor-button elementor-size-sm\" role=\"button\">\n\t\t\t\t\t\t<span class=\"elementor-button-content-wrapper\">\n\t\t\t\t\t\t<span class=\"elementor-button-text\">DEEZER<\/span>\n\t\t<\/span>\n\t\t\t\t\t<\/a>\n\t\t<\/div>\n\t\t\t\t<\/div>\n\t\t\t\t<\/div>\n\t\t\t\t\t\t<\/div>\n\t\t\t\t\t<\/div>\n\t\t<\/div>\n\t\t\t\t<div class=\"elementor-column elementor-col-25 elementor-top-column elementor-element elementor-element-96a3929\" data-id=\"96a3929\" data-element_type=\"column\">\n\t\t\t<div class=\"elementor-column-wrap elementor-element-populated\">\n\t\t\t\t\t\t\t<div class=\"elementor-widget-wrap\">\n\t\t\t\t\t\t<div class=\"elementor-element elementor-element-710c047 elementor-align-center elementor-widget elementor-widget-button\" data-id=\"710c047\" data-element_type=\"widget\" data-widget_type=\"button.default\">\n\t\t\t\t<div class=\"elementor-widget-container\">\n\t\t\t\t\t<div class=\"elementor-button-wrapper\">\n\t\t\t<a href=\"https:\/\/music.amazon.com\/albums\/B07TV94Y5P?ref=dm_sh_b207-f0ec-dmcp-b761-7f4d2&#038;musicTerritory=US&#038;marketplaceId=ATVPDKIKX0DER%20\" class=\"elementor-button-link elementor-button elementor-size-sm\" role=\"button\">\n\t\t\t\t\t\t<span class=\"elementor-button-content-wrapper\">\n\t\t\t\t\t\t<span class=\"elementor-button-text\">AMAZON MUSIC<\/span>\n\t\t<\/span>\n\t\t\t\t\t<\/a>\n\t\t<\/div>\n\t\t\t\t<\/div>\n\t\t\t\t<\/div>\n\t\t\t\t\t\t<\/div>\n\t\t\t\t\t<\/div>\n\t\t<\/div>\n\t\t\t\t\t\t\t\t<\/div>\n\t\t\t\t\t<\/div>\n\t\t<\/section>\n\t\t\t\t<section class=\"elementor-section elementor-top-section elementor-element elementor-element-844f840 elementor-section-stretched elementor-section-boxed elementor-section-height-default elementor-section-height-default\" data-id=\"844f840\" data-element_type=\"section\" data-settings=\"{&quot;stretch_section&quot;:&quot;section-stretched&quot;,&quot;background_background&quot;:&quot;classic&quot;}\">\n\t\t\t\t\t\t<div class=\"elementor-container elementor-column-gap-default\">\n\t\t\t\t\t\t\t<div class=\"elementor-row\">\n\t\t\t\t\t<div class=\"elementor-column elementor-col-100 elementor-top-column elementor-element elementor-element-7057de0\" data-id=\"7057de0\" data-element_type=\"column\">\n\t\t\t<div class=\"elementor-column-wrap elementor-element-populated\">\n\t\t\t\t\t\t\t<div class=\"elementor-widget-wrap\">\n\t\t\t\t\t\t<div class=\"elementor-element elementor-element-2823bfb elementor-widget elementor-widget-text-editor\" data-id=\"2823bfb\" data-element_type=\"widget\" data-widget_type=\"text-editor.default\">\n\t\t\t\t<div class=\"elementor-widget-container\">\n\t\t\t\t\t\t\t\t<div class=\"elementor-text-editor elementor-clearfix\">\n\t\t\t\t<p style=\"text-align: center;\"><span style=\"color: #ffffff;\">En la discoteca ella est\u00e1<\/span><\/p><p style=\"text-align: center;\"><span style=\"color: #ffffff;\">Loca porque suene el Dembow<\/span><\/p><p style=\"text-align: center;\"><span style=\"color: #ffffff;\">pa menearlo r\u00e1pido y lento y robarse el show<\/span><\/p><p style=\"text-align: center;\"><span style=\"color: #ffffff;\">todos est\u00e1n pendiente a ti<\/span><\/p><p style=\"text-align: center;\"><span style=\"color: #ffffff;\">como lo mueves as\u00ed<\/span><\/p><p style=\"text-align: center;\"><span style=\"color: #ffffff;\">las envidiosas que con otra ruta<\/span><\/p><p style=\"text-align: center;\"><span style=\"color: #ffffff;\">est\u00e1 bien rico conmigo te lo bailas lento<\/span><\/p><p style=\"text-align: center;\"><span style=\"color: #ffffff;\">lento<\/span><\/p><p style=\"text-align: center;\"><span style=\"color: #ffffff;\">fuego<\/span><\/p><p style=\"text-align: center;\"><span style=\"color: #ffffff;\">a m\u00ed me gusta como lo mueves as\u00ed bien sexy<\/span><\/p><p style=\"text-align: center;\"><span style=\"color: #ffffff;\">para arriba y para abajo movimiento de pelvis<\/span><\/p><p style=\"text-align: center;\"><span style=\"color: #ffffff;\">perreo intenso pa que se derrita La sueli<\/span><\/p><p style=\"text-align: center;\"><span style=\"color: #ffffff;\">est\u00e1 dura dura y eso que nunca fue al gym<\/span><\/p><p style=\"text-align: center;\"><span style=\"color: #ffffff;\">a m\u00ed me gusta esa mamasota<\/span><\/p><p style=\"text-align: center;\"><span style=\"color: #ffffff;\">en esa asignatura yo le doy 10 de nota<\/span><\/p><p style=\"text-align: center;\"><span style=\"color: #ffffff;\">me gusta como hace el choca choca<\/span><\/p><p style=\"text-align: center;\"><span style=\"color: #ffffff;\">cuando me mira para atr\u00e1s ella me provoca<\/span><\/p><p style=\"text-align: center;\"><span style=\"color: #ffffff;\">todos est\u00e1n pendiente a ti<\/span><\/p><p style=\"text-align: center;\"><span style=\"color: #ffffff;\">como lo mueves as\u00ed<\/span><\/p><p style=\"text-align: center;\"><span style=\"color: #ffffff;\">las envidiosas que con otra ruta<\/span><\/p><p style=\"text-align: center;\"><span style=\"color: #ffffff;\">est\u00e1 bien rico conmigo te lo bailas lento<\/span><\/p><p style=\"text-align: center;\"><span style=\"color: #ffffff;\">que rico t\u00fa lo bailas<\/span><\/p><p style=\"text-align: center;\"><span style=\"color: #ffffff;\">fuego<\/span><\/p><p style=\"text-align: center;\"><span style=\"color: #ffffff;\">dale rosa conmigo tu pantal\u00f3n<\/span><\/p><p style=\"text-align: center;\"><span style=\"color: #ffffff;\">verte bailando es mi tentaci\u00f3n<\/span><\/p><p style=\"text-align: center;\"><span style=\"color: #ffffff;\">agachadita como quiero yo<\/span><\/p><p style=\"text-align: center;\"><span style=\"color: #ffffff;\">dale m\u00e9tele saz\u00f3n bater\u00eda y reggaet\u00f3n<\/span><\/p><p style=\"text-align: center;\"><span style=\"color: #ffffff;\">como lo dijera Tego<\/span><\/p><p style=\"text-align: center;\"><span style=\"color: #ffffff;\">Vamos pa la rumba que esta noche no hay miedo<\/span><\/p><p style=\"text-align: center;\"><span style=\"color: #ffffff;\">contigo es fuego<\/span><\/p><p style=\"text-align: center;\"><span style=\"color: #ffffff;\">vamos pa la rumba y decimos de nuevo<\/span><\/p><p style=\"text-align: center;\"><span style=\"color: #ffffff;\">todos est\u00e1n pendiente a ti<\/span><\/p><p style=\"text-align: center;\"><span style=\"color: #ffffff;\">como lo mueves as\u00ed<\/span><\/p><p style=\"text-align: center;\"><span style=\"color: #ffffff;\">las envidiosas que con otra ruta<\/span><\/p><p style=\"text-align: center;\"><span style=\"color: #ffffff;\">est\u00e1 bien rico conmigo te lo bailas lento<\/span><\/p><p style=\"text-align: center;\"><span style=\"color: #ffffff;\">Que rico t\u00fa lo bailas que rico t\u00fa lo bailas<\/span><\/p><p style=\"text-align: center;\"><span style=\"color: #ffffff;\">Loca por el Dembow<\/span><\/p><p style=\"text-align: center;\"><span style=\"color: #ffffff;\">Que rico la creaci\u00f3n produce t\u00fa sabes nos robamos el show<\/span><\/p><p style=\"text-align: center;\"><span style=\"color: #ffffff;\">Paparazzi cubano Abdel La Esencia y ADRI\u00c1NFERN\u00c1NDEZ<\/span><\/p><p style=\"text-align: center;\"><span style=\"color: #ffffff;\">Enzo la melod\u00eda secreta<\/span><\/p><p style=\"text-align: center;\"><span style=\"color: #ffffff;\">Esto no est\u00e1 hecho para cobardes<\/span><\/p><p style=\"text-align: center;\"><span style=\"color: #ffffff;\">Di Benedetto production<\/span><\/p>\t\t\t\t\t<\/div>\n\t\t\t\t\t\t<\/div>\n\t\t\t\t<\/div>\n\t\t\t\t\t\t<\/div>\n\t\t\t\t\t<\/div>\n\t\t<\/div>\n\t\t\t\t\t\t\t\t<\/div>\n\t\t\t\t\t<\/div>\n\t\t<\/section>\n\t\t\t\t\t\t<\/div>\n\t\t\t\t\t\t<\/div>\n\t\t\t\t\t<\/div>\n\t\t","protected":false},"excerpt":{"rendered":"<p>SPOTIFY APPLE MUSIC DEEZER AMAZON MUSIC En la discoteca ella est\u00e1 Loca porque suene el Dembow pa menearlo r\u00e1pido y lento y robarse el show todos est\u00e1n pendiente a ti como lo mueves as\u00ed las envidiosas que con otra ruta est\u00e1 bien rico conmigo te lo bailas lento lento fuego a m\u00ed me gusta como.<\/p>\n","protected":false},"author":1,"featured_media":0,"parent":0,"menu_order":0,"comment_status":"closed","ping_status":"closed","template":"","meta":{"footnotes":""},"categories":[42],"tags":[],"class_list":["post-3768","page","type-page","status-publish","hentry","category-testi"],"yoast_head":"<!-- This site is optimized with the Yoast SEO plugin v19.6.1 - https:\/\/yoast.com\/wordpress\/plugins\/seo\/ -->\n<title>Loca Por El Dembow - Di Benedetto Productions<\/title>\n<meta name=\"robots\" content=\"index, follow, max-snippet:-1, max-image-preview:large, max-video-preview:-1\" \/>\n<link rel=\"canonical\" href=\"https:\/\/dibenedettoproductions.com\/?page_id=3768\" \/>\n<meta property=\"og:locale\" content=\"it_IT\" \/>\n<meta property=\"og:type\" content=\"article\" \/>\n<meta property=\"og:title\" content=\"Loca Por El Dembow - Di Benedetto Productions\" \/>\n<meta property=\"og:description\" content=\"SPOTIFY APPLE MUSIC DEEZER AMAZON MUSIC En la discoteca ella est\u00e1 Loca porque suene el Dembow pa menearlo r\u00e1pido y lento y robarse el show todos est\u00e1n pendiente a ti como lo mueves as\u00ed las envidiosas que con otra ruta est\u00e1 bien rico conmigo te lo bailas lento lento fuego a m\u00ed me gusta como.\" \/>\n<meta property=\"og:url\" content=\"https:\/\/dibenedettoproductions.com\/?page_id=3768\" \/>\n<meta property=\"og:site_name\" content=\"Di Benedetto Productions\" \/>\n<meta property=\"article:modified_time\" content=\"2021-08-05T15:17:53+00:00\" \/>\n<meta name=\"twitter:card\" content=\"summary_large_image\" \/>\n<meta name=\"twitter:label1\" content=\"Tempo di lettura stimato\" \/>\n\t<meta name=\"twitter:data1\" content=\"1 minuto\" \/>\n<script type=\"application\/ld+json\" class=\"yoast-schema-graph\">{\"@context\":\"https:\/\/schema.org\",\"@graph\":[{\"@type\":\"WebPage\",\"@id\":\"https:\/\/dibenedettoproductions.com\/?page_id=3768\",\"url\":\"https:\/\/dibenedettoproductions.com\/?page_id=3768\",\"name\":\"Loca Por El Dembow - Di Benedetto Productions\",\"isPartOf\":{\"@id\":\"https:\/\/dibenedettoproductions.com\/#website\"},\"datePublished\":\"2021-02-23T11:59:29+00:00\",\"dateModified\":\"2021-08-05T15:17:53+00:00\",\"breadcrumb\":{\"@id\":\"https:\/\/dibenedettoproductions.com\/?page_id=3768#breadcrumb\"},\"inLanguage\":\"it-IT\",\"potentialAction\":[{\"@type\":\"ReadAction\",\"target\":[\"https:\/\/dibenedettoproductions.com\/?page_id=3768\"]}]},{\"@type\":\"BreadcrumbList\",\"@id\":\"https:\/\/dibenedettoproductions.com\/?page_id=3768#breadcrumb\",\"itemListElement\":[{\"@type\":\"ListItem\",\"position\":1,\"name\":\"Home\",\"item\":\"https:\/\/dibenedettoproductions.com\/\"},{\"@type\":\"ListItem\",\"position\":2,\"name\":\"Loca Por El Dembow\"}]},{\"@type\":\"WebSite\",\"@id\":\"https:\/\/dibenedettoproductions.com\/#website\",\"url\":\"https:\/\/dibenedettoproductions.com\/\",\"name\":\"Di Benedetto Productions\",\"description\":\"\",\"publisher\":{\"@id\":\"https:\/\/dibenedettoproductions.com\/#organization\"},\"potentialAction\":[{\"@type\":\"SearchAction\",\"target\":{\"@type\":\"EntryPoint\",\"urlTemplate\":\"https:\/\/dibenedettoproductions.com\/?s={search_term_string}\"},\"query-input\":\"required name=search_term_string\"}],\"inLanguage\":\"it-IT\"},{\"@type\":\"Organization\",\"@id\":\"https:\/\/dibenedettoproductions.com\/#organization\",\"name\":\"DI BENEDETTO PRODUCTIONS\",\"url\":\"https:\/\/dibenedettoproductions.com\/\",\"sameAs\":[],\"logo\":{\"@type\":\"ImageObject\",\"inLanguage\":\"it-IT\",\"@id\":\"https:\/\/dibenedettoproductions.com\/#\/schema\/logo\/image\/\",\"url\":\"https:\/\/dibenedettoproductions.com\/wp-content\/uploads\/2021\/09\/logo_di_benedetto_productions.jpg\",\"contentUrl\":\"https:\/\/dibenedettoproductions.com\/wp-content\/uploads\/2021\/09\/logo_di_benedetto_productions.jpg\",\"width\":225,\"height\":225,\"caption\":\"DI BENEDETTO PRODUCTIONS\"},\"image\":{\"@id\":\"https:\/\/dibenedettoproductions.com\/#\/schema\/logo\/image\/\"}}]}<\/script>\n<!-- \/ Yoast SEO plugin. -->","yoast_head_json":{"title":"Loca Por El Dembow - Di Benedetto Productions","robots":{"index":"index","follow":"follow","max-snippet":"max-snippet:-1","max-image-preview":"max-image-preview:large","max-video-preview":"max-video-preview:-1"},"canonical":"https:\/\/dibenedettoproductions.com\/?page_id=3768","og_locale":"it_IT","og_type":"article","og_title":"Loca Por El Dembow - Di Benedetto Productions","og_description":"SPOTIFY APPLE MUSIC DEEZER AMAZON MUSIC En la discoteca ella est\u00e1 Loca porque suene el Dembow pa menearlo r\u00e1pido y lento y robarse el show todos est\u00e1n pendiente a ti como lo mueves as\u00ed las envidiosas que con otra ruta est\u00e1 bien rico conmigo te lo bailas lento lento fuego a m\u00ed me gusta como.","og_url":"https:\/\/dibenedettoproductions.com\/?page_id=3768","og_site_name":"Di Benedetto Productions","article_modified_time":"2021-08-05T15:17:53+00:00","twitter_card":"summary_large_image","twitter_misc":{"Tempo di lettura stimato":"1 minuto"},"schema":{"@context":"https:\/\/schema.org","@graph":[{"@type":"WebPage","@id":"https:\/\/dibenedettoproductions.com\/?page_id=3768","url":"https:\/\/dibenedettoproductions.com\/?page_id=3768","name":"Loca Por El Dembow - Di Benedetto Productions","isPartOf":{"@id":"https:\/\/dibenedettoproductions.com\/#website"},"datePublished":"2021-02-23T11:59:29+00:00","dateModified":"2021-08-05T15:17:53+00:00","breadcrumb":{"@id":"https:\/\/dibenedettoproductions.com\/?page_id=3768#breadcrumb"},"inLanguage":"it-IT","potentialAction":[{"@type":"ReadAction","target":["https:\/\/dibenedettoproductions.com\/?page_id=3768"]}]},{"@type":"BreadcrumbList","@id":"https:\/\/dibenedettoproductions.com\/?page_id=3768#breadcrumb","itemListElement":[{"@type":"ListItem","position":1,"name":"Home","item":"https:\/\/dibenedettoproductions.com\/"},{"@type":"ListItem","position":2,"name":"Loca Por El Dembow"}]},{"@type":"WebSite","@id":"https:\/\/dibenedettoproductions.com\/#website","url":"https:\/\/dibenedettoproductions.com\/","name":"Di Benedetto Productions","description":"","publisher":{"@id":"https:\/\/dibenedettoproductions.com\/#organization"},"potentialAction":[{"@type":"SearchAction","target":{"@type":"EntryPoint","urlTemplate":"https:\/\/dibenedettoproductions.com\/?s={search_term_string}"},"query-input":"required name=search_term_string"}],"inLanguage":"it-IT"},{"@type":"Organization","@id":"https:\/\/dibenedettoproductions.com\/#organization","name":"DI BENEDETTO PRODUCTIONS","url":"https:\/\/dibenedettoproductions.com\/","sameAs":[],"logo":{"@type":"ImageObject","inLanguage":"it-IT","@id":"https:\/\/dibenedettoproductions.com\/#\/schema\/logo\/image\/","url":"https:\/\/dibenedettoproductions.com\/wp-content\/uploads\/2021\/09\/logo_di_benedetto_productions.jpg","contentUrl":"https:\/\/dibenedettoproductions.com\/wp-content\/uploads\/2021\/09\/logo_di_benedetto_productions.jpg","width":225,"height":225,"caption":"DI BENEDETTO PRODUCTIONS"},"image":{"@id":"https:\/\/dibenedettoproductions.com\/#\/schema\/logo\/image\/"}}]}},"_links":{"self":[{"href":"https:\/\/dibenedettoproductions.com\/index.php?rest_route=\/wp\/v2\/pages\/3768","targetHints":{"allow":["GET"]}}],"collection":[{"href":"https:\/\/dibenedettoproductions.com\/index.php?rest_route=\/wp\/v2\/pages"}],"about":[{"href":"https:\/\/dibenedettoproductions.com\/index.php?rest_route=\/wp\/v2\/types\/page"}],"author":[{"embeddable":true,"href":"https:\/\/dibenedettoproductions.com\/index.php?rest_route=\/wp\/v2\/users\/1"}],"replies":[{"embeddable":true,"href":"https:\/\/dibenedettoproductions.com\/index.php?rest_route=%2Fwp%2Fv2%2Fcomments&post=3768"}],"version-history":[{"count":10,"href":"https:\/\/dibenedettoproductions.com\/index.php?rest_route=\/wp\/v2\/pages\/3768\/revisions"}],"predecessor-version":[{"id":5755,"href":"https:\/\/dibenedettoproductions.com\/index.php?rest_route=\/wp\/v2\/pages\/3768\/revisions\/5755"}],"wp:attachment":[{"href":"https:\/\/dibenedettoproductions.com\/index.php?rest_route=%2Fwp%2Fv2%2Fmedia&parent=3768"}],"wp:term":[{"taxonomy":"category","embeddable":true,"href":"https:\/\/dibenedettoproductions.com\/index.php?rest_route=%2Fwp%2Fv2%2Fcategories&post=3768"},{"taxonomy":"post_tag","embeddable":true,"href":"https:\/\/dibenedettoproductions.com\/index.php?rest_route=%2Fwp%2Fv2%2Ftags&post=3768"}],"curies":[{"name":"wp","href":"https:\/\/api.w.org\/{rel}","templated":true}]}}